{"id":9974,"date":"2019-01-02T11:13:54","date_gmt":"2019-01-02T10:13:54","guid":{"rendered":"http:\/\/ksiegarnia-akademicka.pl\/?post_type=product&#038;p=9974"},"modified":"2019-01-02T11:13:54","modified_gmt":"2019-01-02T10:13:54","slug":"jakosc-i-bezpieczenstwo-produktow-w-zrownowazonym-rozwoju","status":"publish","type":"product","link":"https:\/\/ksiegarnia-akademicka.pl\/index.php\/product\/jakosc-i-bezpieczenstwo-produktow-w-zrownowazonym-rozwoju\/","title":{"rendered":"Jako\u015b\u0107 i bezpiecze\u0144stwo produkt\u00f3w w zr\u00f3wnowa\u017conym rozwoju"},"content":{"rendered":"<p>Jerzy \u017buchowski (red.)<br \/>\nWydawnictwo UTH<br \/>\nRadom 2008<br \/>\nMateria\u0142y konferencyjne<\/p>\n<p>Wybrane artyku\u0142y z monografii:<br \/>\nTytu\u0142 orygina\u0142u: Flawonoidy &#8211; naturalne przeciwutleniacze w \u017cywno\u015bci. Stabilno\u015b\u0107 termiczna<br \/>\nAutorzy: Katarzyna Wybieralska.<br \/>\n\u0179r\u00f3d\u0142o: W: Jako\u015b\u0107 i bezpiecze\u0144stwo produkt\u00f3w w zr\u00f3wnowa\u017conym rozwoju \/ red. J. \u017buchowski<br \/>\nAdres wydawniczy: Radom : Wydawnictwo Politechniki Radomskiej, 2008<br \/>\nOpis fizyczny: S. 163-166 : tab. -Bibliogr.<br \/>\nISBN: 978-83-7351-330-3<br \/>\nCharakt. formalna: FP<br \/>\nJ\u0119zyk publikacji: PL<\/p>\n<p>2\/10<\/p>\n<p>Tytu\u0142 orygina\u0142u: Komputerowe prognozowanie smaku wybranych alkaloid\u00f3w<br \/>\nAutorzy: Agnieszka Skolik.<br \/>\n\u0179r\u00f3d\u0142o: W: Jako\u015b\u0107 i bezpiecze\u0144stwo produkt\u00f3w w zr\u00f3wnowa\u017conym rozwoju \/ Red. J. \u017buchowski<br \/>\nAdres wydawniczy: Radom : Wydawnictwo Politechniki Radomskiej, 2008<br \/>\nOpis fizyczny: s. 253-256 : rys., tab. -Bibliogr.<br \/>\nISBN: 978-83-7351-330-3<br \/>\nCharakt. formalna: FP<br \/>\nJ\u0119zyk publikacji: PL<\/p>\n<p>3\/10<\/p>\n<p>Tytu\u0142 orygina\u0142u: Ocena konsumencka opakowa\u0144 gotowych na p\u00f3\u0142k\u0119 (SRP &#8211; Shelf Ready Packaging)<br \/>\nAutorzy: Andrzej Korzeniowski, Ma\u0142gorzata Szyszka.<br \/>\n\u0179r\u00f3d\u0142o: W: Jako\u015b\u0107 i bezpiecze\u0144stwo produkt\u00f3w w zr\u00f3wnowa\u017conym rozwoju \/ Red. J. \u017buchowski<br \/>\nAdres wydawniczy: Radom : Wydawnictwo Politechniki Radomskiej, 2008<br \/>\nOpis fizyczny: s. 353-357 : rys., tab. -Bibliogr.<br \/>\nISBN: 978-83-7351-330-3<br \/>\nCharakt. formalna: FP<br \/>\nJ\u0119zyk publikacji: PL<\/p>\n<p>4\/10<\/p>\n<p>Tytu\u0142 orygina\u0142u: Ocena wewn\u0119trzna stanu bezpiecze\u0144stwa \u017cywno\u015bci w nowoczesnych obiektach handlu detalicznego w \u015bwietle opinii pracownik\u00f3w.<br \/>\nAutorzy: Alicja Maleszka, Anna Pracel.<br \/>\n\u0179r\u00f3d\u0142o: W: Jako\u015b\u0107 i bezpiecze\u0144stwo produkt\u00f3w w zr\u00f3wnowa\u017conym rozwoju. \/ red. J. \u017buchowski<br \/>\nAdres wydawniczy: Radom : Wydawnictwo Politechniki Radomskiej, 2008<br \/>\nOpis fizyczny: S. 32-39 : rys. &#8211; Bibliogr.<br \/>\nISBN: 978-83-7351-330-3<br \/>\nCharakt. formalna: FP<br \/>\nJ\u0119zyk publikacji: PL<\/p>\n<p>5\/10<\/p>\n<p>Tytu\u0142 orygina\u0142u: Przeciwutleniaj\u0105ce w\u0142a\u015bciwo\u015bci wybranych kie\u0142k\u00f3w ro\u015blinnych<br \/>\nAutorzy: Anna Gliszczy\u0144ska-\u015awig\u0142o, \u0141ucja Kruk, Bo\u017cena Tyrakowska.<br \/>\n\u0179r\u00f3d\u0142o: W: Jako\u015b\u0107 i bezpiecze\u0144stwo produkt\u00f3w w zr\u00f3wnowa\u017conym rozwoju \/ Red. J. \u017buchowski<br \/>\nAdres wydawniczy: Radom : Wydawnictwo Politechniki Radomskiej, 2008<br \/>\nOpis fizyczny: s. 166-170 : rys., tab. -Bibliogr.<br \/>\nISBN: 978-83-7351-330-3<br \/>\nCharakt. formalna: FP<br \/>\nJ\u0119zyk publikacji: PL<\/p>\n<p>6\/10<\/p>\n<p>Tytu\u0142 orygina\u0142u: \u015awiadomo\u015b\u0107 pracownik\u00f3w w zakresie bezpiecze\u0144stwa \u017cywno\u015bci w nowoczesnych obiektach handlowych (handel hurtowy)<br \/>\nAutorzy: Alicja Maleszka, Anna Pracel.<br \/>\n\u0179r\u00f3d\u0142o: W: Jako\u015b\u0107 i bezpiecze\u0144stwo produkt\u00f3w w zr\u00f3wnowa\u017conym rozwoju \/ Red. J. \u017buchowski<br \/>\nAdres wydawniczy: Radom : Wydawnictwo Politechniki Radomskiej, 2008<br \/>\nOpis fizyczny: s. 23-31 : rys., tab. -Bibliogr.<br \/>\nISBN: 978-83-7351-330-3<br \/>\nCharakt. formalna: FP<br \/>\nJ\u0119zyk publikacji: PL<\/p>\n<p>7\/10<\/p>\n<p>Tytu\u0142 orygina\u0142u: Wp\u0142yw odciek\u00f3w ze sk\u0142adowisk fosfogipsu na jako\u015b\u0107 \u015brodowiska glebowego<br \/>\nAutorzy: Natalia Czaja-Jagielska, Micha\u0142 Walenciak, Florian Domka.<br \/>\n\u0179r\u00f3d\u0142o: W: Jako\u015b\u0107 i bezpiecze\u0144stwo produkt\u00f3w w zr\u00f3wnowa\u017conym rozwoju \/ Red. J. \u017buchowski<br \/>\nAdres wydawniczy: Radom : Wydawnictwo Politechniki Radomskiej, 2008<br \/>\nOpis fizyczny: s. 413-417 : rys., tab. -Bibliogr.<br \/>\nISBN: 978-83-7351-330-3<br \/>\nCharakt. formalna: FP<br \/>\nJ\u0119zyk publikacji: PL<\/p>\n<p>8\/10<\/p>\n<p>Tytu\u0142 orygina\u0142u: Wp\u0142yw zawarto\u015bci zwi\u0105zk\u00f3w powierzchniowo-czynnych w proszkach do prania na ich cen\u0119 rynkow\u0105<br \/>\nTytu\u0142 angielski: The influence of active surface compounds in washing powders on their market price.<br \/>\nAutorzy: Ryszard Cierpiszewski, Tomasz Kalak.<br \/>\n\u0179r\u00f3d\u0142o: W: Jako\u015b\u0107 i bezpiecze\u0144stwo produkt\u00f3w w zr\u00f3wnowa\u017conym rozwoju \/ red. J. \u017buchowski<br \/>\nAdres wydawniczy: Radom : Wydawnictwo Politechniki Radomskiej, 2008<br \/>\nOpis fizyczny: S. 330-334 : rys., tab. &#8211; Bibliogr.<br \/>\nISBN: 978-83-7351-330-3<br \/>\nCharakt. formalna: FP<br \/>\nJ\u0119zyk publikacji: PL<\/p>\n<p>9\/10<\/p>\n<p>Tytu\u0142 orygina\u0142u: Wybrane w\u0142a\u015bciwo\u015bci fizyko-mechaniczne oraz barierowe folii z udzia\u0142em minera\u0142\u00f3w<br \/>\nAutorzy: Andrzej Korzeniowski, Natalia Czaja-Jagielska.<br \/>\n\u0179r\u00f3d\u0142o: W: Jako\u015b\u0107 i bezpiecze\u0144stwo produkt\u00f3w w zr\u00f3wnowa\u017conym rozwoju \/ Red. J. \u017buchowski<br \/>\nAdres wydawniczy: Radom : Wydawnictwo Politechniki Radomskiej, 2008<br \/>\nOpis fizyczny: s. 371-376 : rys., tab. -Bibliogr.<br \/>\nISBN: 978-83-7351-330-3<br \/>\nCharakt. formalna: FP<br \/>\nJ\u0119zyk publikacji: PL<\/p>\n<p>10\/10<\/p>\n<p>Tytu\u0142 orygina\u0142u: Zastosowanie nanocz\u0105stek magnetycznych modyfikowanych surfaktantami w procesach oczyszczania wodnych roztwor\u00f3w barwnik\u00f3w<br \/>\nAutorzy: Kinga Borowicz, Ryszard Zieli\u0144ski.<br \/>\n\u0179r\u00f3d\u0142o: W: Jako\u015b\u0107 i bezpiecze\u0144stwo produkt\u00f3w w zr\u00f3wnowa\u017conym rozwoju \/ Red. J. \u017buchowski<br \/>\nAdres wydawniczy: Radom : Wydawnictwo Politechniki Radomskiej, 2008<br \/>\nOpis fizyczny: s. 386-392 : rys., tab. -Bibliogr.<br \/>\nISBN: 978-83-7351-330-3<br \/>\nCharakt. formalna: FP<br \/>\nJ\u0119zyk publikacji: PL<\/p>\n","protected":false},"excerpt":{"rendered":"<p>Jerzy \u017buchowski (red.) Wydawnictwo UTH Radom 2008 Materia\u0142y konferencyjne Wybrane [&hellip;]<\/p>\n","protected":false},"featured_media":9647,"template":"","meta":[],"product_brand":[],"product_cat":[30,7512],"product_tag":[323,100],"class_list":{"0":"post-9974","1":"product","2":"type-product","3":"status-publish","4":"has-post-thumbnail","6":"product_cat-zarzadzanie","7":"product_cat-zarzadzanie-jakoscia","8":"product_tag-konferencje-naukowe","9":"product_tag-zarzadzanie-jakoscia","11":"first","12":"instock","13":"shipping-taxable","14":"purchasable","15":"product-type-simple"},"_links":{"self":[{"href":"https:\/\/ksiegarnia-akademicka.pl\/index.php\/wp-json\/wp\/v2\/product\/9974","targetHints":{"allow":["GET"]}}],"collection":[{"href":"https:\/\/ksiegarnia-akademicka.pl\/index.php\/wp-json\/wp\/v2\/product"}],"about":[{"href":"https:\/\/ksiegarnia-akademicka.pl\/index.php\/wp-json\/wp\/v2\/types\/product"}],"wp:featuredmedia":[{"embeddable":true,"href":"https:\/\/ksiegarnia-akademicka.pl\/index.php\/wp-json\/wp\/v2\/media\/9647"}],"wp:attachment":[{"href":"https:\/\/ksiegarnia-akademicka.pl\/index.php\/wp-json\/wp\/v2\/media?parent=9974"}],"wp:term":[{"taxonomy":"product_brand","embeddable":true,"href":"https:\/\/ksiegarnia-akademicka.pl\/index.php\/wp-json\/wp\/v2\/product_brand?post=9974"},{"taxonomy":"product_cat","embeddable":true,"href":"https:\/\/ksiegarnia-akademicka.pl\/index.php\/wp-json\/wp\/v2\/product_cat?post=9974"},{"taxonomy":"product_tag","embeddable":true,"href":"https:\/\/ksiegarnia-akademicka.pl\/index.php\/wp-json\/wp\/v2\/product_tag?post=9974"}],"curies":[{"name":"wp","href":"https:\/\/api.w.org\/{rel}","templated":true}]}}