{"id":982,"date":"2018-05-22T12:42:36","date_gmt":"2018-05-22T10:42:36","guid":{"rendered":"http:\/\/ksiegarnia-akademicka.pl\/index.php\/product\/historia-administracji-i-mysli-administracyjnej\/"},"modified":"2018-07-12T09:58:01","modified_gmt":"2018-07-12T07:58:01","slug":"historia-administracji-i-mysli-administracyjnej","status":"publish","type":"product","link":"https:\/\/ksiegarnia-akademicka.pl\/index.php\/product\/historia-administracji-i-mysli-administracyjnej\/","title":{"rendered":"Historia administracji i my\u015bli administracyjnej"},"content":{"rendered":"<p>Malec Jerzy, Malec Dorota Wydawnictwo Uniwersytetu Jagiello\u0144skiego 2003 wyd. 2 uzupe\u0142nione <\/br><\/br><\/p>\n<p><span style=\"font-size: small\">Podr\u0119cznik adresowany jest w g\u0142&oacute;wnej mierze do student&oacute;w prawa oraz licencjackich i magisterskich studi&oacute;w administracyjnych. Przydatny mo\u017ce by\u0107 tak\u017ce dla praktyk&oacute;w, pozwala bowiem lepiej zrozumie\u0107 istniej\u0105ce wsp&oacute;\u0142cze\u015bnie instytucje administracyjne, przestrzegaj\u0105c jednocze\u015bnie przed b\u0142\u0119dami pope\u0142nianymi w przesz\u0142o\u015bci.<br \/>Stanowi on jedno z pierwszych w polskiej literaturze opracowa\u0144 ujmuj\u0105cych ca\u0142o\u015bciowo szeroko rozumian\u0105 problematyk\u0119 administracji polskiej i europejskiej czas&oacute;w nowo\u017cytnych i najnowszych.<br \/>Autorzy umiej\u0119tnie \u0142\u0105cz\u0105 rozwa\u017cania o zasadach i teoretycznych problemach administracji w r&oacute;\u017cnych epokach, z ukazaniem konkretnych rozwi\u0105za\u0144 praktycznych, funkcjonuj\u0105cych w poszczeg&oacute;lnych pa\u0144stwach. Du\u017co miejsca po\u015bwi\u0119cono niezwykle istotnym dla przedmiotu zagadnieniom nauki administracji i s\u0105downictwa administracyjnego, gdzie w spos&oacute;b pe\u0142ny i kompetentny ukazano t\u0119 nie\u0142atw\u0105 i z\u0142o\u017con\u0105 problematyk\u0119. Na podkre\u015blenie zas\u0142uguje obj\u0119cie wyk\u0142adem historycznej oceny administracji polskiej lat 1944-1990.<br \/>Ca\u0142o\u015b\u0107 materii zaprezentowana zosta\u0142a w spos&oacute;b syntetyczny, a zarazem jasny, zwi\u0119z\u0142y i rzeczowy. Praca oparta jest na wynikach bada\u0144 w\u0142asnych autor&oacute;w oraz na rzetelnej analizie najnowszego pi\u015bmiennictwa po\u015bwi\u0119conego dziejom administracji.<br \/><\/span><\/p>\n<p><\/br><\/br>pozycja dost\u0119pna<\/p>\n","protected":false},"excerpt":{"rendered":"<p>Malec Jerzy, Malec Dorota Wydawnictwo Uniwersytetu Jagiello\u0144skiego 2003 wyd. 2 [&hellip;]<\/p>\n","protected":false},"featured_media":7742,"template":"","meta":[],"product_brand":[],"product_cat":[7492,18],"product_tag":[2837,2838,2835,2836,2834],"class_list":{"0":"post-982","1":"product","2":"type-product","3":"status-publish","4":"has-post-thumbnail","6":"product_cat-administracyjne","7":"product_cat-prawo","8":"product_tag-administracja-drugiej-rzeczypospolitej","9":"product_tag-administracja-w-polsce-w-latach-1944","10":"product_tag-narodziny-nowozytnej-administracji","11":"product_tag-nauka-administracji-a-rewolucja-francuska","12":"product_tag-zasady-organizacji-nowozytnej-administracji","14":"first","15":"instock","16":"sale","17":"shipping-taxable","18":"purchasable","19":"product-type-simple"},"_links":{"self":[{"href":"https:\/\/ksiegarnia-akademicka.pl\/index.php\/wp-json\/wp\/v2\/product\/982","targetHints":{"allow":["GET"]}}],"collection":[{"href":"https:\/\/ksiegarnia-akademicka.pl\/index.php\/wp-json\/wp\/v2\/product"}],"about":[{"href":"https:\/\/ksiegarnia-akademicka.pl\/index.php\/wp-json\/wp\/v2\/types\/product"}],"wp:featuredmedia":[{"embeddable":true,"href":"https:\/\/ksiegarnia-akademicka.pl\/index.php\/wp-json\/wp\/v2\/media\/7742"}],"wp:attachment":[{"href":"https:\/\/ksiegarnia-akademicka.pl\/index.php\/wp-json\/wp\/v2\/media?parent=982"}],"wp:term":[{"taxonomy":"product_brand","embeddable":true,"href":"https:\/\/ksiegarnia-akademicka.pl\/index.php\/wp-json\/wp\/v2\/product_brand?post=982"},{"taxonomy":"product_cat","embeddable":true,"href":"https:\/\/ksiegarnia-akademicka.pl\/index.php\/wp-json\/wp\/v2\/product_cat?post=982"},{"taxonomy":"product_tag","embeddable":true,"href":"https:\/\/ksiegarnia-akademicka.pl\/index.php\/wp-json\/wp\/v2\/product_tag?post=982"}],"curies":[{"name":"wp","href":"https:\/\/api.w.org\/{rel}","templated":true}]}}

Historia administracji i myśli administracyjnej

<p>Malec Jerzy, Malec Dorota Wydawnictwo Uniwersytetu Jagiellońskiego 2003 wyd. 2 uzupełnione </br></br></p>
<p><span style="font-size: small">Podręcznik adresowany jest w gł&oacute;wnej mierze do student&oacute;w prawa oraz licencjackich i magisterskich studi&oacute;w administracyjnych. Przydatny może być także dla praktyk&oacute;w, pozwala bowiem lepiej zrozumieć istniejące wsp&oacute;łcześnie instytucje administracyjne, przestrzegając jednocześnie przed błędami popełnianymi w przeszłości.<br />Stanowi on jedno z pierwszych w polskiej literaturze opracowań ujmujących całościowo szeroko rozumianą problematykę administracji polskiej i europejskiej czas&oacute;w nowożytnych i najnowszych.<br />Autorzy umiejętnie łączą rozważania o zasadach i teoretycznych problemach administracji w r&oacute;żnych epokach, z ukazaniem konkretnych rozwiązań praktycznych, funkcjonujących w poszczeg&oacute;lnych państwach. Dużo miejsca poświęcono niezwykle istotnym dla przedmiotu zagadnieniom nauki administracji i sądownictwa administracyjnego, gdzie w spos&oacute;b pełny i kompetentny ukazano tę niełatwą i złożoną problematykę. Na podkreślenie zasługuje objęcie wykładem historycznej oceny administracji polskiej lat 1944-1990.<br />Całość materii zaprezentowana została w spos&oacute;b syntetyczny, a zarazem jasny, zwięzły i rzeczowy. Praca oparta jest na wynikach badań własnych autor&oacute;w oraz na rzetelnej analizie najnowszego piśmiennictwa poświęconego dziejom administracji.<br /></span></p>
<p></br></br>pozycja dostępna</p>

<p>Malec Jerzy, Malec Dorota Wydawnictwo Uniwersytetu Jagiellońskiego 2003 wyd. 2 [&hellip;]</p>
