{"id":9713,"date":"2018-12-15T11:03:42","date_gmt":"2018-12-15T10:03:42","guid":{"rendered":"http:\/\/ksiegarnia-akademicka.pl\/?post_type=product&#038;p=9713"},"modified":"2018-12-15T11:03:42","modified_gmt":"2018-12-15T10:03:42","slug":"lobbing-a-wyzwania-regionalne-w-unii-europejskiej","status":"publish","type":"product","link":"https:\/\/ksiegarnia-akademicka.pl\/index.php\/product\/lobbing-a-wyzwania-regionalne-w-unii-europejskiej\/","title":{"rendered":"Lobbing a wyzwania regionalne w Unii Europejskiej"},"content":{"rendered":"<p>Autor:<br \/>\nSylwia Morozowska<br \/>\nWydawca: Wydawnictwo Uniwersytetu Gda\u0144skiego<br \/>\nOprawa: Mi\u0119kka<br \/>\nFormat: 16.5&#215;24.0cm<br \/>\nLiczba stron: 202<br \/>\nRok wydania: 2014<\/p>\n<p>Problematyka grup interesu i ich wp\u0142ywu na polityczny proces decyzyjny na poziomie pa\u0144stwa doczeka\u0142a si\u0119 obszernej literatury przedmiotu. Rozpatruje si\u0119 w niej relacje mi\u0119dzy tymi grupami a partiami politycznymi. R\u00f3wnie wa\u017cnym problemem badawczym staj\u0105 si\u0119 konsekwencje wp\u0142ywu tych grup i ich oddzia\u0142ywa\u0144 na o\u015brodki w\u0142adzy w Unii Europejskiej, w tym na proces stanowienia prawa europejskiego. W tej sytuacji wyzwanie stanowi rozpoznanie obecno\u015bci region\u00f3w w procesie integracji europejskiej, w tym mechanizmu lobbingu publicznych grup interesu (regionalnych).<\/p>\n","protected":false},"excerpt":{"rendered":"<p>Autor: Sylwia Morozowska Wydawca: Wydawnictwo Uniwersytetu Gda\u0144skiego Oprawa: Mi\u0119kka Format: [&hellip;]<\/p>\n","protected":false},"featured_media":9714,"template":"","meta":[],"product_brand":[],"product_cat":[7505,27,7497,18,25],"product_tag":[5009,250],"class_list":{"0":"post-9713","1":"product","2":"type-product","3":"status-publish","4":"has-post-thumbnail","6":"product_cat-etyka","7":"product_cat-nauki-spoleczne","8":"product_cat-ogolne-zagadnienia-prawa","9":"product_cat-prawo","10":"product_cat-unia-europejska","11":"product_tag-lobbing","12":"product_tag-unia-europejska","14":"first","15":"instock","16":"sale","17":"shipping-taxable","18":"purchasable","19":"product-type-simple"},"_links":{"self":[{"href":"https:\/\/ksiegarnia-akademicka.pl\/index.php\/wp-json\/wp\/v2\/product\/9713","targetHints":{"allow":["GET"]}}],"collection":[{"href":"https:\/\/ksiegarnia-akademicka.pl\/index.php\/wp-json\/wp\/v2\/product"}],"about":[{"href":"https:\/\/ksiegarnia-akademicka.pl\/index.php\/wp-json\/wp\/v2\/types\/product"}],"wp:featuredmedia":[{"embeddable":true,"href":"https:\/\/ksiegarnia-akademicka.pl\/index.php\/wp-json\/wp\/v2\/media\/9714"}],"wp:attachment":[{"href":"https:\/\/ksiegarnia-akademicka.pl\/index.php\/wp-json\/wp\/v2\/media?parent=9713"}],"wp:term":[{"taxonomy":"product_brand","embeddable":true,"href":"https:\/\/ksiegarnia-akademicka.pl\/index.php\/wp-json\/wp\/v2\/product_brand?post=9713"},{"taxonomy":"product_cat","embeddable":true,"href":"https:\/\/ksiegarnia-akademicka.pl\/index.php\/wp-json\/wp\/v2\/product_cat?post=9713"},{"taxonomy":"product_tag","embeddable":true,"href":"https:\/\/ksiegarnia-akademicka.pl\/index.php\/wp-json\/wp\/v2\/product_tag?post=9713"}],"curies":[{"name":"wp","href":"https:\/\/api.w.org\/{rel}","templated":true}]}}