{"id":9627,"date":"2018-12-14T13:41:25","date_gmt":"2018-12-14T12:41:25","guid":{"rendered":"http:\/\/ksiegarnia-akademicka.pl\/?post_type=product&#038;p=9627"},"modified":"2024-12-04T13:57:17","modified_gmt":"2024-12-04T12:57:17","slug":"czwarta-rewolucja-przemyslowa-tytul-oryginalny-the-fourth-industrial-revolution","status":"publish","type":"product","link":"https:\/\/ksiegarnia-akademicka.pl\/index.php\/product\/czwarta-rewolucja-przemyslowa-tytul-oryginalny-the-fourth-industrial-revolution\/","title":{"rendered":"Czwarta rewolucja przemys\u0142owa Tytu\u0142 oryginalny: The Fourth Industrial Revolution"},"content":{"rendered":"<p>Autor:<br \/>\nKlaus Schwab<br \/>\nT\u0142umacze: Kami\u0144ska Anna Dorota<br \/>\nWydawca: Studio Emka<br \/>\nOprawa: Twarda z obwolut\u0105<br \/>\nFormat: 13.5&#215;21.0cm<br \/>\nLiczba stron: 216<br \/>\nRok wydania: 2018<\/p>\n<p>Klaus Schwab, \u015bwiatowej s\u0142awy ekonomista, za\u0142o\u017cyciel i prezes \u015awiatowego Forum Ekonomicznego, uwa\u017ca, \u017ce chocia\u017c czwarta rewolucja przemys\u0142owa pod wzgl\u0119dem skali, zakresu i z\u0142o\u017cono\u015bci jest odmienna od wszystkiego, z czym dot\u0105d mieli\u015bmy do czynienia, to ci\u0105gle jeszcze mamy szans\u0119 wp\u0142ywa\u0107 na jej przebieg.<\/p>\n<p>Ta rewolucja, zdaniem Autora, w spos\u00f3b zasadniczy zmieni nasz spos\u00f3b \u017cycia i pracy. Charakterystyczne dla niej nowe technologie, \u0142\u0105cz\u0105ce \u015bwiat fizyczny, cyfrowy i biologiczny, wp\u0142yn\u0105 na wszystkie dyscypliny nauki i gospodarki, na bran\u017ce przemys\u0142owe i na rz\u0105dy, rzuc\u0105 wr\u0119cz wyzwanie samemu pojmowaniu cz\u0142owiecze\u0144stwa.<\/p>\n<p>Sztuczna inteligencja \u2013 w postaci superkomputer\u00f3w, dron\u00f3w i wirtualnych asystent\u00f3w a\u017c po druk 3D, sekwencjonowanie DNA, inteligentne termostaty, przeno\u015bne czujniki czy mniejsze od ziarnka piasku mikroczipy \u2013 ju\u017c nas otacza. To jednak dopiero pocz\u0105tek coraz pe\u0142niejszego wykorzystania cho\u0107by nanomateria\u0142\u00f3w czy drukarek 3D. A ju\u017c my\u015blimy o 4D i &#8222;inteligentnych fabrykach&#8221;, w kt\u00f3rych systemy produkcji s\u0105 koordynowane wirtualnie na skal\u0119 \u015bwiatow\u0105, czy o wszczepialnych mobilnych telefonach, wykonanych z biosyntetycznych materia\u0142\u00f3w.<\/p>\n<p>Charakteryzuj\u0105c kluczowe technologie nap\u0119dzaj\u0105ce t\u0119 rewolucj\u0119, Schwab wskazuje na najwa\u017cniejsze konsekwencje, tak\u017ce negatywne, jakie wynika\u0107 z tego mog\u0105 dla rz\u0105d\u00f3w, \u015bwiata biznesu, spo\u0142ecze\u0144stwa obywatelskiego oraz zwyk\u0142ych ludzi. Przekonany, \u017ce stoimy wobec niepor\u00f3wnywalnego z niczym w historii do\u015bwiadczenia, przedstawia \u015bmia\u0142e propozycje, jak za tymi zmianami nad\u0105\u017ca\u0107 i jak z nich w\u0142a\u015bciwie korzysta\u0107, by zapewni\u0107 sobie i nast\u0119pnym pokoleniom lepsz\u0105 przysz\u0142o\u015b\u0107 \u2013 tak\u0105, w kt\u00f3rej wynalazcy nie b\u0119d\u0105 przekraczali granic etycznych, technologie b\u0119d\u0105 raczej wspiera\u0142y ludzi, zamiast ich zast\u0119powa\u0107, a post\u0119p b\u0119dzie s\u0142u\u017cy\u0142 spo\u0142ecze\u0144stwu, a nie je niszczy\u0142. Aby to sta\u0142o si\u0119 mo\u017cliwe, wszyscy musz\u0105 tego chcie\u0107, przekonuje Klaus Schwab w swojej ksi\u0105\u017cce.<\/p>\n<p>Intelektualna no\u015bno\u015b\u0107 &#8222;Czwartej rewolucji przemys\u0142owej&#8221;, jej klarowny j\u0119zyk, logiczna i przejrzysta kompozycja czyni\u0105 lektur\u0119 ksi\u0105\u017cki satysfakcjonuj\u0105c\u0105 dla wszystkich adresat\u00f3w \u2013 zar\u00f3wno dla ekonomist\u00f3w, technokrat\u00f3w, mened\u017cer\u00f3w przemys\u0142u, przedstawicieli biznesu, jak i dla nieprofesjonalnych czytelnik\u00f3w, kt\u00f3rych ambicj\u0105 jest pe\u0142niejsze rozumienie wsp\u00f3\u0142czesnego \u015bwiata i \u015bwiadoma w nim obecno\u015b\u0107.<\/p>\n<p>O autorze:<\/p>\n<p>Profesor Klaus Schwab urodzi\u0142 si\u0119 w 1938 r. w Ravensburgu (Niemcy). Jest za\u0142o\u017cycielem i prezesem \u015awiatowego Forum Ekonomicznego, mi\u0119dzynarodowej organizacji na rzecz wsp\u00f3\u0142pracy publiczno-prywatnej, kt\u00f3ra jest znana przede wszystkim ze swych dorocznych spotka\u0144 odbywaj\u0105cych si\u0119 w Davos. Forum, utworzone w 1971 r. jako fundacja non-profit, z siedzib\u0105 w Genewie, anga\u017cuje najwybitniejszych przyw\u00f3dc\u00f3w politycznych, biznesowych i spo\u0142ecznych w kszta\u0142towanie globalnej, regionalnej i przemys\u0142owej agendy. Jest niezale\u017cn\u0105, bezstronn\u0105 i niepowi\u0105zan\u0105 z \u017cadnymi czynnikami organizacj\u0105. Zatrudnia ponad 600 os\u00f3b w centrali w Genewie oraz biurach w Nowym Jorku, Pekinie i Tokio.<\/p>\n<p>W roku 1998 profesor Schwab i jego \u017cona Hilde utworzyli fundacj\u0119 swojego imienia na rzecz spo\u0142ecznej przedsi\u0119biorczo\u015bci. Jej celem jest wyszukiwanie, rozpoznawanie i upowszechnianie inicjatyw z zakresu przedsi\u0119biorczo\u015bci spo\u0142ecznej, kt\u00f3re wydatnie przyczyniaj\u0105 si\u0119 do poprawy jako\u015bci \u017cycia i kt\u00f3re mo\u017cna wykorzysta\u0107 na skal\u0119 globaln\u0105. Fundacja wspiera ponad 350 tego typu przedsi\u0119biorc\u00f3w spo\u0142ecznych z ca\u0142ego \u015bwiata.<\/p>\n<p>Profesor Klaus Schwab otrzyma\u0142 stopie\u0144 doktora (summa cum laude) nauk ekonomicznych uniwersytetu we Fryburgu i nauk in\u017cynierskich Szwajcarskiego Federalnego Instytutu Technologii. Uzyska\u0142 te\u017c magisterium z administracji publicznej Kennedy School of Government uniwersytetu harvardzkiego. Zosta\u0142 uhonorowany licznymi mi\u0119dzynarodowymi i krajowymi odznaczeniami.<\/p>\n","protected":false},"excerpt":{"rendered":"<p>Autor: Klaus Schwab T\u0142umacze: Kami\u0144ska Anna Dorota Wydawca: Studio Emka [&hellip;]<\/p>\n","protected":false},"featured_media":9628,"template":"","meta":[],"product_brand":[],"product_cat":[17,7498],"product_tag":[337,1095],"class_list":{"0":"post-9627","1":"product","2":"type-product","3":"status-publish","4":"has-post-thumbnail","6":"product_cat-ekonomia","7":"product_cat-teoria-ekonomii","8":"product_tag-ekonomia","9":"product_tag-spoleczenstwo","11":"first","12":"instock","13":"sale","14":"shipping-taxable","15":"purchasable","16":"product-type-simple"},"_links":{"self":[{"href":"https:\/\/ksiegarnia-akademicka.pl\/index.php\/wp-json\/wp\/v2\/product\/9627","targetHints":{"allow":["GET"]}}],"collection":[{"href":"https:\/\/ksiegarnia-akademicka.pl\/index.php\/wp-json\/wp\/v2\/product"}],"about":[{"href":"https:\/\/ksiegarnia-akademicka.pl\/index.php\/wp-json\/wp\/v2\/types\/product"}],"wp:featuredmedia":[{"embeddable":true,"href":"https:\/\/ksiegarnia-akademicka.pl\/index.php\/wp-json\/wp\/v2\/media\/9628"}],"wp:attachment":[{"href":"https:\/\/ksiegarnia-akademicka.pl\/index.php\/wp-json\/wp\/v2\/media?parent=9627"}],"wp:term":[{"taxonomy":"product_brand","embeddable":true,"href":"https:\/\/ksiegarnia-akademicka.pl\/index.php\/wp-json\/wp\/v2\/product_brand?post=9627"},{"taxonomy":"product_cat","embeddable":true,"href":"https:\/\/ksiegarnia-akademicka.pl\/index.php\/wp-json\/wp\/v2\/product_cat?post=9627"},{"taxonomy":"product_tag","embeddable":true,"href":"https:\/\/ksiegarnia-akademicka.pl\/index.php\/wp-json\/wp\/v2\/product_tag?post=9627"}],"curies":[{"name":"wp","href":"https:\/\/api.w.org\/{rel}","templated":true}]}}