{"id":9603,"date":"2018-12-13T16:09:54","date_gmt":"2018-12-13T15:09:54","guid":{"rendered":"http:\/\/ksiegarnia-akademicka.pl\/?post_type=product&#038;p=9603"},"modified":"2018-12-13T16:09:54","modified_gmt":"2018-12-13T15:09:54","slug":"anatomia-funkcjonalna-stawow-tom-3-kregoslup-i-glowa","status":"publish","type":"product","link":"https:\/\/ksiegarnia-akademicka.pl\/index.php\/product\/anatomia-funkcjonalna-stawow-tom-3-kregoslup-i-glowa\/","title":{"rendered":"Anatomia funkcjonalna staw\u00f3w Tom 3 Kr\u0119gos\u0142up i g\u0142owa"},"content":{"rendered":"<p>Autor:<br \/>\nA.I. Kapandji<br \/>\nRedakcja: Gnat Rafa\u0142<br \/>\nWydawca: Edra Urban &amp; Partner<br \/>\nOprawa: Mi\u0119kka<br \/>\nFormat: 22.0&#215;28.0cm<br \/>\nLiczba stron: 324<br \/>\nRok wydania: 2014<br \/>\nJ\u0119zyk wydania: polski<\/p>\n<p>Jest to pierwsze polskie wydanie znakomitego podr\u0119cznika opisuj\u0105cego anatomi\u0119 funkcjonaln\u0105 kr\u0119gos\u0142upa, obr\u0119czy miednicy i g\u0142owy.<br \/>\nNajwi\u0119ksz\u0105 warto\u015bci\u0105 tej pozycji s\u0105 z pewno\u015bci\u0105 doskona\u0142e ilustracje przygotowane przez samego autora, u\u0142atwiaj\u0105ce zrozumienie poszczeg\u00f3lnych zagadnie\u0144 z zakresu biomechaniki.<\/p>\n<p>Ksi\u0105\u017cka jest znakomitym \u017ar\u00f3d\u0142em wiedzy na temat budowy i funkcjonowania narz\u0105du ruchu cz\u0142owieka.<\/p>\n<p>Ta ponadczasowa pozycja od 35 lat nieprzerwanie s\u0142u\u017cy specjalistom w r\u00f3\u017cnych dziedzinach medycyny, a tak\u017ce fizjoterapeutom, trenerom oraz studentom.<\/p>\n<p>Doskona\u0142e ilustracje u\u0142atwiaj\u0105ce zrozumienie poszczeg\u00f3lnych zagadnie\u0144 z zakresu biomechaniki.<br \/>\nRozdzia\u0142 przedstawiaj\u0105cy biomechanik\u0119 bazowych problem\u00f3w z kr\u0119gos\u0142upem.<\/p>\n","protected":false},"excerpt":{"rendered":"<p>Autor: A.I. Kapandji Redakcja: Gnat Rafa\u0142 Wydawca: Edra Urban &amp; [&hellip;]<\/p>\n","protected":false},"featured_media":9604,"template":"","meta":[],"product_brand":[],"product_cat":[7493,44],"product_tag":[6700,4853],"class_list":{"0":"post-9603","1":"product","2":"type-product","3":"status-publish","4":"has-post-thumbnail","6":"product_cat-medycyna","7":"product_cat-nauki-medyczne","8":"product_tag-anatomia-funkcjonalna","9":"product_tag-ortopedia","11":"first","12":"instock","13":"sale","14":"shipping-taxable","15":"purchasable","16":"product-type-simple"},"_links":{"self":[{"href":"https:\/\/ksiegarnia-akademicka.pl\/index.php\/wp-json\/wp\/v2\/product\/9603","targetHints":{"allow":["GET"]}}],"collection":[{"href":"https:\/\/ksiegarnia-akademicka.pl\/index.php\/wp-json\/wp\/v2\/product"}],"about":[{"href":"https:\/\/ksiegarnia-akademicka.pl\/index.php\/wp-json\/wp\/v2\/types\/product"}],"wp:featuredmedia":[{"embeddable":true,"href":"https:\/\/ksiegarnia-akademicka.pl\/index.php\/wp-json\/wp\/v2\/media\/9604"}],"wp:attachment":[{"href":"https:\/\/ksiegarnia-akademicka.pl\/index.php\/wp-json\/wp\/v2\/media?parent=9603"}],"wp:term":[{"taxonomy":"product_brand","embeddable":true,"href":"https:\/\/ksiegarnia-akademicka.pl\/index.php\/wp-json\/wp\/v2\/product_brand?post=9603"},{"taxonomy":"product_cat","embeddable":true,"href":"https:\/\/ksiegarnia-akademicka.pl\/index.php\/wp-json\/wp\/v2\/product_cat?post=9603"},{"taxonomy":"product_tag","embeddable":true,"href":"https:\/\/ksiegarnia-akademicka.pl\/index.php\/wp-json\/wp\/v2\/product_tag?post=9603"}],"curies":[{"name":"wp","href":"https:\/\/api.w.org\/{rel}","templated":true}]}}