{"id":9564,"date":"2018-12-12T16:04:25","date_gmt":"2018-12-12T15:04:25","guid":{"rendered":"http:\/\/ksiegarnia-akademicka.pl\/?post_type=product&#038;p=9564"},"modified":"2024-12-04T13:58:54","modified_gmt":"2024-12-04T12:58:54","slug":"prawo-podatkowe-z-kazusami-i-pytaniami","status":"publish","type":"product","link":"https:\/\/ksiegarnia-akademicka.pl\/index.php\/product\/prawo-podatkowe-z-kazusami-i-pytaniami\/","title":{"rendered":"Prawo podatkowe z kazusami i pytaniami"},"content":{"rendered":"<p>Nale\u017cy do serii:<br \/>\nSERIA AKADEMICKA<br \/>\nRedakcja: Borszowski Pawe\u0142<br \/>\nWydawca: Wolters Kluwer<br \/>\nOprawa: Mi\u0119kka<br \/>\nFormat: 17.0&#215;24.0cm<br \/>\nLiczba stron: 432<br \/>\nWydanie: 1<br \/>\nRok wydania: 2018<\/p>\n<p>Podr\u0119cznik jest prac\u0105 zbiorow\u0105 pracownik\u00f3w i doktorant\u00f3w Katedry Prawa Finansowego Wydzia\u0142u Prawa, Administracji i Ekonomii Uniwersytetu Wroc\u0142awskiego.<br \/>\nW ksi\u0105\u017cce w spos\u00f3b przejrzysty przedstawiono z\u0142o\u017cone zagadnienia dotycz\u0105ce prawa podatkowego:<br \/>\n\u2013 od podstawowych poj\u0119\u0107: poj\u0119cie podatku, \u017ar\u00f3d\u0142a zobowi\u0105za\u0144 podatkowych, wyk\u0142adnia i stosowanie prawa podatkowego;<br \/>\n\u2013 do bardziej szczeg\u00f3\u0142owych: zobowi\u0105zania podatkowe, kontrola podatkowa, poszczeg\u00f3lne rodzaje podatk\u00f3w i op\u0142aty samorz\u0105dowe.<br \/>\nAutorzy, w celu u\u0142atwienia korzystania z podr\u0119cznika, wprowadzili liczne formy graficzne, pomocne w opanowaniu skomplikowanych zagadnie\u0144 zar\u00f3wno og\u00f3lnego, jak i szczeg\u00f3\u0142owego prawa podatkowego.<br \/>\nOpracowanie wzbogacono o pytania kontrolne, kt\u00f3re pozwalaj\u0105 opanowa\u0107 materia\u0142, oraz kazusy prezentuj\u0105ce problemy praktyki stosowania prawa podatkowego.<br \/>\nPodr\u0119cznik jest przeznaczony przede wszystkim dla student\u00f3w oraz os\u00f3b zamierzaj\u0105cych pozna\u0107 i opanowa\u0107 prawo podatkowe. B\u0119dzie pomocnym narz\u0119dziem do nauki prawa podatkowego dla student\u00f3w prawa, administracji i ekonomii, niezale\u017cnie od tego, czy s\u0105 to studenci studi\u00f3w pierwszego, czy drugiego stopnia.<\/p>\n","protected":false},"excerpt":{"rendered":"<p>Nale\u017cy do serii: SERIA AKADEMICKA Redakcja: Borszowski Pawe\u0142 Wydawca: Wolters [&hellip;]<\/p>\n","protected":false},"featured_media":9565,"template":"","meta":[],"product_brand":[],"product_cat":[22],"product_tag":[1055,330],"class_list":{"0":"post-9564","1":"product","2":"type-product","3":"status-publish","4":"has-post-thumbnail","6":"product_cat-podatki-i-prawo-podatkowe","7":"product_tag-prawo-podatkowe","8":"product_tag-seria-akademicka","10":"first","11":"instock","12":"sale","13":"shipping-taxable","14":"purchasable","15":"product-type-simple"},"_links":{"self":[{"href":"https:\/\/ksiegarnia-akademicka.pl\/index.php\/wp-json\/wp\/v2\/product\/9564","targetHints":{"allow":["GET"]}}],"collection":[{"href":"https:\/\/ksiegarnia-akademicka.pl\/index.php\/wp-json\/wp\/v2\/product"}],"about":[{"href":"https:\/\/ksiegarnia-akademicka.pl\/index.php\/wp-json\/wp\/v2\/types\/product"}],"wp:featuredmedia":[{"embeddable":true,"href":"https:\/\/ksiegarnia-akademicka.pl\/index.php\/wp-json\/wp\/v2\/media\/9565"}],"wp:attachment":[{"href":"https:\/\/ksiegarnia-akademicka.pl\/index.php\/wp-json\/wp\/v2\/media?parent=9564"}],"wp:term":[{"taxonomy":"product_brand","embeddable":true,"href":"https:\/\/ksiegarnia-akademicka.pl\/index.php\/wp-json\/wp\/v2\/product_brand?post=9564"},{"taxonomy":"product_cat","embeddable":true,"href":"https:\/\/ksiegarnia-akademicka.pl\/index.php\/wp-json\/wp\/v2\/product_cat?post=9564"},{"taxonomy":"product_tag","embeddable":true,"href":"https:\/\/ksiegarnia-akademicka.pl\/index.php\/wp-json\/wp\/v2\/product_tag?post=9564"}],"curies":[{"name":"wp","href":"https:\/\/api.w.org\/{rel}","templated":true}]}}