{"id":9266,"date":"2018-12-08T09:49:29","date_gmt":"2018-12-08T08:49:29","guid":{"rendered":"http:\/\/ksiegarnia-akademicka.pl\/?post_type=product&#038;p=9266"},"modified":"2018-12-08T09:49:29","modified_gmt":"2018-12-08T08:49:29","slug":"projektowanie-systemow-podwyzkowych","status":"publish","type":"product","link":"https:\/\/ksiegarnia-akademicka.pl\/index.php\/product\/projektowanie-systemow-podwyzkowych\/","title":{"rendered":"Projektowanie system\u00f3w podwy\u017ckowych"},"content":{"rendered":"<p>Autor:<br \/>\nRobert Manikowski<br \/>\nWydawca: Wolters Kluwer<br \/>\nOprawa: Mi\u0119kka<br \/>\nFormat: 17.0&#215;24.0cm<br \/>\nLiczba stron: 140<br \/>\nWydanie: 1<br \/>\nRok wydania: 2018<\/p>\n<p>Podwy\u017cki wynagrodze\u0144 wydaj\u0105 si\u0119 oczywistym elementem motywuj\u0105cym pracownik\u00f3w, a ich planowanie i przeprowadzanie \u2013 procesem \u0142atwym z technicznego punktu widzenia. Autor ksi\u0105\u017cki przekonuje jednak, \u017ce nawet najlepszy system motywacyjny nie przyniesie rezultatu, je\u015bli nie zostanie w nim zastosowany odpowiedni mechanizm podwy\u017ckowy. Ma to szczeg\u00f3lne znaczenie w czasach tzw. rynku pracownika, gdy pracodawcy poszukuj\u0105 rozwi\u0105za\u0144 pomocnych w utrzymywaniu warto\u015bciowych pracownik\u00f3w w firmie.<br \/>\nJest to pierwsza polskoj\u0119zyczna pozycja w ca\u0142o\u015bci po\u015bwi\u0119cona tematyce podwy\u017cek wynagrodze\u0144:<br \/>\n&#8211; opiera si\u0119 na do\u015bwiadczeniach praktyka zajmuj\u0105cego si\u0119 od wielu lat projektowaniem system\u00f3w premiowych i podwy\u017ckowych,<br \/>\n&#8211; zawiera wiele cennych uwag i wskaz\u00f3wek pozwalaj\u0105cych lepiej zrozumie\u0107 teoretyczne i praktyczne aspekty wdra\u017cania mechanizm\u00f3w podwy\u017ckowych,<br \/>\n&#8211; obejmuje liczne przyk\u0142ady z r\u00f3\u017cnych firm i organizacji, kt\u00f3re z powodzeniem przeprowadzaj\u0105 procesy zwi\u0119kszania wynagrodze\u0144.<\/p>\n","protected":false},"excerpt":{"rendered":"<p>Autor: Robert Manikowski Wydawca: Wolters Kluwer Oprawa: Mi\u0119kka Format: 17.0&#215;24.0cm [&hellip;]<\/p>\n","protected":false},"featured_media":9267,"template":"","meta":[],"product_brand":[],"product_cat":[31,30,7515,7513],"product_tag":[735,7586,541],"class_list":{"0":"post-9266","1":"product","2":"type-product","3":"status-publish","4":"has-post-thumbnail","6":"product_cat-przedsiebiorstwo","7":"product_cat-zarzadzanie","8":"product_cat-zarzadzanie-przedsiebiorstwem","9":"product_cat-zarzadzanie-zasobami-ludzkimi","10":"product_tag-kadry","11":"product_tag-seria-hr","12":"product_tag-zarzadzanie","14":"first","15":"instock","16":"sale","17":"shipping-taxable","18":"purchasable","19":"product-type-simple"},"_links":{"self":[{"href":"https:\/\/ksiegarnia-akademicka.pl\/index.php\/wp-json\/wp\/v2\/product\/9266","targetHints":{"allow":["GET"]}}],"collection":[{"href":"https:\/\/ksiegarnia-akademicka.pl\/index.php\/wp-json\/wp\/v2\/product"}],"about":[{"href":"https:\/\/ksiegarnia-akademicka.pl\/index.php\/wp-json\/wp\/v2\/types\/product"}],"wp:featuredmedia":[{"embeddable":true,"href":"https:\/\/ksiegarnia-akademicka.pl\/index.php\/wp-json\/wp\/v2\/media\/9267"}],"wp:attachment":[{"href":"https:\/\/ksiegarnia-akademicka.pl\/index.php\/wp-json\/wp\/v2\/media?parent=9266"}],"wp:term":[{"taxonomy":"product_brand","embeddable":true,"href":"https:\/\/ksiegarnia-akademicka.pl\/index.php\/wp-json\/wp\/v2\/product_brand?post=9266"},{"taxonomy":"product_cat","embeddable":true,"href":"https:\/\/ksiegarnia-akademicka.pl\/index.php\/wp-json\/wp\/v2\/product_cat?post=9266"},{"taxonomy":"product_tag","embeddable":true,"href":"https:\/\/ksiegarnia-akademicka.pl\/index.php\/wp-json\/wp\/v2\/product_tag?post=9266"}],"curies":[{"name":"wp","href":"https:\/\/api.w.org\/{rel}","templated":true}]}}