{"id":9190,"date":"2018-12-06T16:31:46","date_gmt":"2018-12-06T15:31:46","guid":{"rendered":"http:\/\/ksiegarnia-akademicka.pl\/?post_type=product&#038;p=9190"},"modified":"2018-12-06T16:31:46","modified_gmt":"2018-12-06T15:31:46","slug":"fizjologia-czlowieka-podrecznik-dla-studentow-licencjatow-medycznych","status":"publish","type":"product","link":"https:\/\/ksiegarnia-akademicka.pl\/index.php\/product\/fizjologia-czlowieka-podrecznik-dla-studentow-licencjatow-medycznych\/","title":{"rendered":"Fizjologia cz\u0142owieka Podr\u0119cznik dla student\u00f3w licencjat\u00f3w medycznych"},"content":{"rendered":"<p>Redakcja: Borodulin-Nadzieja Ludmi\u0142a<br \/>\nWydawca: G\u00f3rnicki<br \/>\nOprawa: Mi\u0119kka<br \/>\nFormat: 17.5&#215;23.5cm<br \/>\nLiczba stron: 122<br \/>\nRok wydania: 2012<\/p>\n<p>Pobudliwo\u015b\u0107 i powstawanie pobudzenia &#8211; dr n. med. Ewa Salomon<br \/>\nUk\u0142ad nerwowy \u2013 dr n. med. Joanna Thannhauser<br \/>\nNarz\u0105dy zmys\u0142u &#8211; dr n. med. Beata Ponikowska, dr n. med. Ewa Salomon<br \/>\nFizjologiczna rola mi\u0119\u015bni \u2013 dr med. Agnieszka Bulda\u0144czyk<br \/>\nAutonomiczny uk\u0142ad nerwowy \u2013 dr n. przyr. El\u017cbieta Jankowska<br \/>\nRegulacja hormonalna \u2013 dr n. med. Eleonora Urban<br \/>\nW\u0142a\u015bciwo\u015bci i funkcje krwi \u2013 dr n. przyr. Ireneusz Ca\u0142kosi\u0144ski<br \/>\nW\u0142a\u015bciwo\u015bci fizjologiczne mi\u0119\u015bnia sercowego \u2013 dr n. med. Anna Janocha<br \/>\nUk\u0142ad kr\u0105\u017cenia \u2013 dr n. med. Marcin Sta\u0144da<br \/>\nUk\u0142ad oddechowy \u2013 dr n. med. Tomasz Pietraszkiewicz<br \/>\nFizjologiczna funkcja nerki \u2013 dr n. med. Ewa Salomon<br \/>\nFizjologia wysi\u0142ku fizycznego \u2013 dr n. med. Robert Skalik, dr Jakub M\u0119drek<br \/>\nTermoregulacja \u2013 dr n. med. Urszula Wasilewska,<br \/>\nFizjologia rozrodu \u2013 dr n. med. Urszula Wasilewska, dr Wojciech Wo\u017aniak<br \/>\nFizjologia sk\u00f3ry \u2013 dr n. przyr. El\u017cbieta Jankowska<\/p>\n","protected":false},"excerpt":{"rendered":"<p>Redakcja: Borodulin-Nadzieja Ludmi\u0142a Wydawca: G\u00f3rnicki Oprawa: Mi\u0119kka Format: 17.5&#215;23.5cm Liczba [&hellip;]<\/p>\n","protected":false},"featured_media":9191,"template":"","meta":[],"product_brand":[],"product_cat":[7493,7625],"product_tag":[1655,1498,3994],"class_list":{"0":"post-9190","1":"product","2":"type-product","3":"status-publish","4":"has-post-thumbnail","6":"product_cat-medycyna","7":"product_cat-nauki-o-zdrowiu","8":"product_tag-fizjologia","9":"product_tag-fizjoterapia","10":"product_tag-medycyna","12":"first","13":"instock","14":"sale","15":"shipping-taxable","16":"purchasable","17":"product-type-simple"},"_links":{"self":[{"href":"https:\/\/ksiegarnia-akademicka.pl\/index.php\/wp-json\/wp\/v2\/product\/9190","targetHints":{"allow":["GET"]}}],"collection":[{"href":"https:\/\/ksiegarnia-akademicka.pl\/index.php\/wp-json\/wp\/v2\/product"}],"about":[{"href":"https:\/\/ksiegarnia-akademicka.pl\/index.php\/wp-json\/wp\/v2\/types\/product"}],"wp:featuredmedia":[{"embeddable":true,"href":"https:\/\/ksiegarnia-akademicka.pl\/index.php\/wp-json\/wp\/v2\/media\/9191"}],"wp:attachment":[{"href":"https:\/\/ksiegarnia-akademicka.pl\/index.php\/wp-json\/wp\/v2\/media?parent=9190"}],"wp:term":[{"taxonomy":"product_brand","embeddable":true,"href":"https:\/\/ksiegarnia-akademicka.pl\/index.php\/wp-json\/wp\/v2\/product_brand?post=9190"},{"taxonomy":"product_cat","embeddable":true,"href":"https:\/\/ksiegarnia-akademicka.pl\/index.php\/wp-json\/wp\/v2\/product_cat?post=9190"},{"taxonomy":"product_tag","embeddable":true,"href":"https:\/\/ksiegarnia-akademicka.pl\/index.php\/wp-json\/wp\/v2\/product_tag?post=9190"}],"curies":[{"name":"wp","href":"https:\/\/api.w.org\/{rel}","templated":true}]}}