{"id":8763,"date":"2018-10-30T10:46:09","date_gmt":"2018-10-30T09:46:09","guid":{"rendered":"http:\/\/ksiegarnia-akademicka.pl\/?post_type=product&#038;p=8763"},"modified":"2020-01-24T15:52:46","modified_gmt":"2020-01-24T14:52:46","slug":"pielegniarstwo-neurologiczne-podrecznik-dla-studiow-medycznych","status":"publish","type":"product","link":"https:\/\/ksiegarnia-akademicka.pl\/index.php\/product\/pielegniarstwo-neurologiczne-podrecznik-dla-studiow-medycznych\/","title":{"rendered":"Piel\u0119gniarstwo neurologiczne Podr\u0119cznik dla studi\u00f3w medycznych"},"content":{"rendered":"<p>Redakcja: Jaracz Krystyna, Kozubski Wojciech<br \/>\nWydawca: PZWL<br \/>\nOprawa: Mi\u0119kka<br \/>\nFormat: 16.5&#215;24.0cm<br \/>\nLiczba stron: 446<br \/>\nWydanie: 1<br \/>\nRok wydania: 2017<br \/>\nJ\u0119zyk wydania: polski<\/p>\n<p>Jest to pierwszy, nowoczesny podr\u0119cznik, kt\u00f3ry uwzgl\u0119dnia aktualn\u0105 wiedz\u0119 w dziedzinie neurologii i piel\u0119gniarstwa neurologicznego. Obejmuje zakres wiedzy zgodny z obowi\u0105zuj\u0105cym programem nauczania tego przedmiotu na uczelniach polskich i w krajach Unii Europejskiej.<br \/>\nPublikacja sk\u0142ada si\u0119 z trzech cz\u0119\u015bci. Cz\u0119\u015b\u0107 pierwsza zawiera wiadomo\u015bci z anatomii i fizjologii uk\u0142adu nerwowego, stanowi\u0105ce podstaw\u0119 do zrozumienia zaburze\u0144 czynno\u015bci uk\u0142adu nerwowego, a cze\u015b\u0107 druga &#8211; metody i procedury badania uk\u0142adu nerwowego, w tym tzw. badania dodatkowe. W cz\u0119\u015bci trzeciej om\u00f3wiono szczeg\u00f3\u0142owe zagadnienia dotycz\u0105ce piel\u0119gnowania pacjenta z najcz\u0119stszymi chorobami i zespo\u0142ami neurologicznymi. Na ko\u0144cu podr\u0119cznika zamieszczono wz\u00f3r dokumentacji procesu piel\u0119gnowania chorego neurologicznego oraz formularze klinimetrycznych narz\u0119dzi oceny pacjenta, wykorzystywane w specjalistycznej opiece piel\u0119gniarskiej.<br \/>\nPublikacja jest adresowana do student\u00f3w piel\u0119gniarstwa, ale mo\u017ce by\u0107 r\u00f3wnie\u017c przydatna dla piel\u0119gniarek pracuj\u0105cych na oddzia\u0142ach neurologicznych oraz przygotowuj\u0105cych si\u0119 do specjalizacji w zakresie piel\u0119gniarstwa neurologicznego.<\/p>\n","protected":false},"excerpt":{"rendered":"<p>Redakcja: Jaracz Krystyna, Kozubski Wojciech Wydawca: PZWL Oprawa: Mi\u0119kka Format: [&hellip;]<\/p>\n","protected":false},"featured_media":8764,"template":"","meta":[],"product_brand":[],"product_cat":[7493,7965],"product_tag":[4645,7383,269],"class_list":{"0":"post-8763","1":"product","2":"type-product","3":"status-publish","4":"has-post-thumbnail","6":"product_cat-medycyna","7":"product_cat-pielegniarstwo","8":"product_tag-pielegniarstwo","9":"product_tag-pielegniarstwo-neurologiczne","10":"product_tag-podrecznik-akademicki","12":"first","13":"instock","14":"sale","15":"shipping-taxable","16":"purchasable","17":"product-type-simple"},"_links":{"self":[{"href":"https:\/\/ksiegarnia-akademicka.pl\/index.php\/wp-json\/wp\/v2\/product\/8763","targetHints":{"allow":["GET"]}}],"collection":[{"href":"https:\/\/ksiegarnia-akademicka.pl\/index.php\/wp-json\/wp\/v2\/product"}],"about":[{"href":"https:\/\/ksiegarnia-akademicka.pl\/index.php\/wp-json\/wp\/v2\/types\/product"}],"wp:featuredmedia":[{"embeddable":true,"href":"https:\/\/ksiegarnia-akademicka.pl\/index.php\/wp-json\/wp\/v2\/media\/8764"}],"wp:attachment":[{"href":"https:\/\/ksiegarnia-akademicka.pl\/index.php\/wp-json\/wp\/v2\/media?parent=8763"}],"wp:term":[{"taxonomy":"product_brand","embeddable":true,"href":"https:\/\/ksiegarnia-akademicka.pl\/index.php\/wp-json\/wp\/v2\/product_brand?post=8763"},{"taxonomy":"product_cat","embeddable":true,"href":"https:\/\/ksiegarnia-akademicka.pl\/index.php\/wp-json\/wp\/v2\/product_cat?post=8763"},{"taxonomy":"product_tag","embeddable":true,"href":"https:\/\/ksiegarnia-akademicka.pl\/index.php\/wp-json\/wp\/v2\/product_tag?post=8763"}],"curies":[{"name":"wp","href":"https:\/\/api.w.org\/{rel}","templated":true}]}}