{"id":8443,"date":"2018-09-05T11:33:36","date_gmt":"2018-09-05T09:33:36","guid":{"rendered":"http:\/\/ksiegarnia-akademicka.pl\/?post_type=product&#038;p=8443"},"modified":"2024-12-04T13:47:03","modified_gmt":"2024-12-04T12:47:03","slug":"przeksztalcenia-spolek-praktyczne-aspekty-podatkowe-i-rachunkowe","status":"publish","type":"product","link":"https:\/\/ksiegarnia-akademicka.pl\/index.php\/product\/przeksztalcenia-spolek-praktyczne-aspekty-podatkowe-i-rachunkowe\/","title":{"rendered":"Przekszta\u0142cenia sp\u00f3\u0142ek Praktyczne aspekty podatkowe i rachunkowe"},"content":{"rendered":"<p>Grzegorz Zi\u00f3\u0142kowski<br \/>\nEmilia Bartkowiak<br \/>\nWydawca: Infor<br \/>\nOprawa: Kartonowa Foliowana<br \/>\nFormat: 16.5&#215;23.5cm<br \/>\nLiczba stron: 142<br \/>\nRok wydania: 2018<\/p>\n<p>Publikacja omawia najwa\u017cniejsze kwestie zwi\u0105zane z przekszta\u0142ceniami sp\u00f3\u0142ek, jakie uregulowano w Kodeksie sp\u00f3\u0142ek handlowych, w tym przekszta\u0142cenie sp\u00f3\u0142ki cywilnej w sp\u00f3\u0142k\u0119 prawa handlowego oraz przekszta\u0142cenie przedsi\u0119biorcy prowadz\u0105cego jednoosobow\u0105 dzia\u0142alno\u015b\u0107 gospodarcz\u0105 w jednoosobow\u0105 sp\u00f3\u0142k\u0119 kapita\u0142ow\u0105.<br \/>\nZagadnienia prawne, podatkowe i rachunkowe zosta\u0142y zaprezentowane z uwzgl\u0119dnieniem odr\u0119bno\u015bci przekszta\u0142cenia:<br \/>\n?\tsp\u00f3\u0142ki osobowej w sp\u00f3\u0142k\u0119 kapita\u0142ow\u0105;<br \/>\n?\tsp\u00f3\u0142ki kapita\u0142owej w sp\u00f3\u0142k\u0119 osobow\u0105;<br \/>\n?\tsp\u00f3\u0142ki kapita\u0142owej w inn\u0105 sp\u00f3\u0142k\u0119 kapita\u0142ow\u0105;<br \/>\n?\tsp\u00f3\u0142ki osobowej w inn\u0105 sp\u00f3\u0142k\u0119 osobow\u0105;<br \/>\n?\tsp\u00f3\u0142ki cywilnej w sp\u00f3\u0142k\u0119 prawa handlowego;<br \/>\n?\tprzedsi\u0119biorcy w sp\u00f3\u0142k\u0119 kapita\u0142ow\u0105.<br \/>\nPrzekszta\u0142canie sp\u00f3\u0142ek jest szans\u0105 dla firm na ich rozw\u00f3j oraz zmian\u0119 pozycji na rynku i podniesienie konkurencyjno\u015bci. Z tego wzgl\u0119du instytucja przekszta\u0142cenia, zapewniaj\u0105ca zachowanie to\u017csamo\u015bci podmiotowej w ramach kontynuacji dzia\u0142alno\u015bci \u2013 przy jednoczesnej zmianie formy prawnej \u2013 jest dla sp\u00f3\u0142ek niezwykle atrakcyjna i coraz powszechniejsza.<br \/>\nW przypadku przekszta\u0142cania sp\u00f3\u0142ek nale\u017cy pami\u0119ta\u0107, aby uwzgl\u0119dni\u0107 regulacje z r\u00f3\u017cnych dziedzin prawa. Publikacja w praktyczny spos\u00f3b pokazuje, jak w trakcie przekszta\u0142cenia post\u0119powa\u0107 zgodnie z przepisami Kodeksu sp\u00f3\u0142ek handlowych, ustawy o rachunkowo\u015bci oraz przepisami podatkowymi.<\/p>\n","protected":false},"excerpt":{"rendered":"<p>Grzegorz Zi\u00f3\u0142kowski Emilia Bartkowiak Wydawca: Infor Oprawa: Kartonowa Foliowana Format: [&hellip;]<\/p>\n","protected":false},"featured_media":8444,"template":"","meta":[],"product_brand":[],"product_cat":[7495,18],"product_tag":[428,710,7648],"class_list":{"0":"post-8443","1":"product","2":"type-product","3":"status-publish","4":"has-post-thumbnail","6":"product_cat-gospodarcze-i-handlowe","7":"product_cat-prawo","8":"product_tag-prawo-gospodarcze","9":"product_tag-prawo-spolek","10":"product_tag-przeksztalcenia-spolek","12":"first","13":"instock","14":"sale","15":"shipping-taxable","16":"purchasable","17":"product-type-simple"},"_links":{"self":[{"href":"https:\/\/ksiegarnia-akademicka.pl\/index.php\/wp-json\/wp\/v2\/product\/8443","targetHints":{"allow":["GET"]}}],"collection":[{"href":"https:\/\/ksiegarnia-akademicka.pl\/index.php\/wp-json\/wp\/v2\/product"}],"about":[{"href":"https:\/\/ksiegarnia-akademicka.pl\/index.php\/wp-json\/wp\/v2\/types\/product"}],"wp:featuredmedia":[{"embeddable":true,"href":"https:\/\/ksiegarnia-akademicka.pl\/index.php\/wp-json\/wp\/v2\/media\/8444"}],"wp:attachment":[{"href":"https:\/\/ksiegarnia-akademicka.pl\/index.php\/wp-json\/wp\/v2\/media?parent=8443"}],"wp:term":[{"taxonomy":"product_brand","embeddable":true,"href":"https:\/\/ksiegarnia-akademicka.pl\/index.php\/wp-json\/wp\/v2\/product_brand?post=8443"},{"taxonomy":"product_cat","embeddable":true,"href":"https:\/\/ksiegarnia-akademicka.pl\/index.php\/wp-json\/wp\/v2\/product_cat?post=8443"},{"taxonomy":"product_tag","embeddable":true,"href":"https:\/\/ksiegarnia-akademicka.pl\/index.php\/wp-json\/wp\/v2\/product_tag?post=8443"}],"curies":[{"name":"wp","href":"https:\/\/api.w.org\/{rel}","templated":true}]}}

Przekształcenia spółek Praktyczne aspekty podatkowe i rachunkowe

<p>Grzegorz Ziółkowski<br />
Emilia Bartkowiak<br />
Wydawca: Infor<br />
Oprawa: Kartonowa Foliowana<br />
Format: 16.5&#215;23.5cm<br />
Liczba stron: 142<br />
Rok wydania: 2018</p>
<p>Publikacja omawia najważniejsze kwestie związane z przekształceniami spółek, jakie uregulowano w Kodeksie spółek handlowych, w tym przekształcenie spółki cywilnej w spółkę prawa handlowego oraz przekształcenie przedsiębiorcy prowadzącego jednoosobową działalność gospodarczą w jednoosobową spółkę kapitałową.<br />
Zagadnienia prawne, podatkowe i rachunkowe zostały zaprezentowane z uwzględnieniem odrębności przekształcenia:<br />
?	spółki osobowej w spółkę kapitałową;<br />
?	spółki kapitałowej w spółkę osobową;<br />
?	spółki kapitałowej w inną spółkę kapitałową;<br />
?	spółki osobowej w inną spółkę osobową;<br />
?	spółki cywilnej w spółkę prawa handlowego;<br />
?	przedsiębiorcy w spółkę kapitałową.<br />
Przekształcanie spółek jest szansą dla firm na ich rozwój oraz zmianę pozycji na rynku i podniesienie konkurencyjności. Z tego względu instytucja przekształcenia, zapewniająca zachowanie tożsamości podmiotowej w ramach kontynuacji działalności – przy jednoczesnej zmianie formy prawnej – jest dla spółek niezwykle atrakcyjna i coraz powszechniejsza.<br />
W przypadku przekształcania spółek należy pamiętać, aby uwzględnić regulacje z różnych dziedzin prawa. Publikacja w praktyczny sposób pokazuje, jak w trakcie przekształcenia postępować zgodnie z przepisami Kodeksu spółek handlowych, ustawy o rachunkowości oraz przepisami podatkowymi.</p>

<p>Grzegorz Ziółkowski Emilia Bartkowiak Wydawca: Infor Oprawa: Kartonowa Foliowana Format: [&hellip;]</p>
