{"id":8304,"date":"2018-07-26T09:56:53","date_gmt":"2018-07-26T07:56:53","guid":{"rendered":"http:\/\/ksiegarnia-akademicka.pl\/?post_type=product&#038;p=8304"},"modified":"2024-04-08T11:08:37","modified_gmt":"2024-04-08T09:08:37","slug":"deutsch-fur-profis-jezyk-niemiecki-zawodowy-transport-spedycja-logistyka-szkola-ponadgimnazjalna","status":"publish","type":"product","link":"https:\/\/ksiegarnia-akademicka.pl\/index.php\/product\/deutsch-fur-profis-jezyk-niemiecki-zawodowy-transport-spedycja-logistyka-szkola-ponadgimnazjalna\/","title":{"rendered":"Deutsch fur Profis J\u0119zyk niemiecki zawodowy Transport spedycja logistyka. Szko\u0142a ponadgimnazjalna"},"content":{"rendered":"<p>Autor:<br \/>\nJ\u00f3zef Jarosz<br \/>\nAlicja Jarosz<br \/>\nWydawca: LektorKlett<br \/>\nOprawa: Mi\u0119kka<br \/>\nFormat: 21.0&#215;30.0cm<br \/>\nLiczba stron: 120<br \/>\nRok wydania: 2017<\/p>\n<p>Seria &#8222;Deutsch f\u00fcr Profis&#8221; to seria zeszyt\u00f3w zawodowych dostosowana do potrzeb polskiej szko\u0142y ponadgimnazjalnej typu zawodowego (technika, zasadnicze szko\u0142y zawodowe) do wykorzystania na zaj\u0119ciach z j\u0119zyka niemieckiego ukierunkowanego zawodowo.<\/p>\n<p>Poziom j\u0119zykowy jest odpowiedni dla IV etapu edukacyjnego,<br \/>\nw technikach i zasadniczych szko\u0142ach zawodowych,<br \/>\nZakresy tematyczne dobrano tak, aby mo\u017cliwe by\u0142o osi\u0105gni\u0119cie efekt\u00f3w kszta\u0142cenia dla j\u0119zyka obcego zawodowego,<br \/>\nTematyka \u015bci\u015ble zwi\u0105zana z bran\u017c\u0105,<br \/>\nZorientowanie na potrzeby przysz\u0142ych fachowc\u00f3w,<br \/>\nR\u00f3wnomierne rozwijanie wszystkich sprawno\u015bci j\u0119zykowych z naciskiem na komunikacj\u0119,<\/p>\n","protected":false},"excerpt":{"rendered":"<p>Autor: J\u00f3zef Jarosz Alicja Jarosz Wydawca: LektorKlett Oprawa: Mi\u0119kka Format: [&hellip;]<\/p>\n","protected":false},"featured_media":8305,"template":"","meta":[],"product_brand":[],"product_cat":[37],"product_tag":[3619,6804,6141],"class_list":{"0":"post-8304","1":"product","2":"type-product","3":"status-publish","4":"has-post-thumbnail","6":"product_cat-jezyki-obce","7":"product_tag-jezyk-niemiecki","8":"product_tag-jezyk-zawodowy","9":"product_tag-szkola-ponadgimnazjalna","11":"first","12":"outofstock","13":"shipping-taxable","14":"purchasable","15":"product-type-simple"},"_links":{"self":[{"href":"https:\/\/ksiegarnia-akademicka.pl\/index.php\/wp-json\/wp\/v2\/product\/8304","targetHints":{"allow":["GET"]}}],"collection":[{"href":"https:\/\/ksiegarnia-akademicka.pl\/index.php\/wp-json\/wp\/v2\/product"}],"about":[{"href":"https:\/\/ksiegarnia-akademicka.pl\/index.php\/wp-json\/wp\/v2\/types\/product"}],"wp:featuredmedia":[{"embeddable":true,"href":"https:\/\/ksiegarnia-akademicka.pl\/index.php\/wp-json\/wp\/v2\/media\/8305"}],"wp:attachment":[{"href":"https:\/\/ksiegarnia-akademicka.pl\/index.php\/wp-json\/wp\/v2\/media?parent=8304"}],"wp:term":[{"taxonomy":"product_brand","embeddable":true,"href":"https:\/\/ksiegarnia-akademicka.pl\/index.php\/wp-json\/wp\/v2\/product_brand?post=8304"},{"taxonomy":"product_cat","embeddable":true,"href":"https:\/\/ksiegarnia-akademicka.pl\/index.php\/wp-json\/wp\/v2\/product_cat?post=8304"},{"taxonomy":"product_tag","embeddable":true,"href":"https:\/\/ksiegarnia-akademicka.pl\/index.php\/wp-json\/wp\/v2\/product_tag?post=8304"}],"curies":[{"name":"wp","href":"https:\/\/api.w.org\/{rel}","templated":true}]}}

Deutsch fur Profis Język niemiecki zawodowy Transport spedycja logistyka. Szkoła ponadgimnazjalna

<p>Autor:<br />
Józef Jarosz<br />
Alicja Jarosz<br />
Wydawca: LektorKlett<br />
Oprawa: Miękka<br />
Format: 21.0&#215;30.0cm<br />
Liczba stron: 120<br />
Rok wydania: 2017</p>
<p>Seria &#8222;Deutsch für Profis&#8221; to seria zeszytów zawodowych dostosowana do potrzeb polskiej szkoły ponadgimnazjalnej typu zawodowego (technika, zasadnicze szkoły zawodowe) do wykorzystania na zajęciach z języka niemieckiego ukierunkowanego zawodowo.</p>
<p>Poziom językowy jest odpowiedni dla IV etapu edukacyjnego,<br />
w technikach i zasadniczych szkołach zawodowych,<br />
Zakresy tematyczne dobrano tak, aby możliwe było osiągnięcie efektów kształcenia dla języka obcego zawodowego,<br />
Tematyka ściśle związana z branżą,<br />
Zorientowanie na potrzeby przyszłych fachowców,<br />
Równomierne rozwijanie wszystkich sprawności językowych z naciskiem na komunikację,</p>

<p>Autor: Józef Jarosz Alicja Jarosz Wydawca: LektorKlett Oprawa: Miękka Format: [&hellip;]</p>
