{"id":8205,"date":"2018-07-23T13:28:05","date_gmt":"2018-07-23T11:28:05","guid":{"rendered":"http:\/\/ksiegarnia-akademicka.pl\/?post_type=product&#038;p=8205"},"modified":"2018-07-23T13:28:06","modified_gmt":"2018-07-23T11:28:06","slug":"oblicza-demokracji-partie-i-systemy-partyjne-w-ujeciu-petera-maira","status":"publish","type":"product","link":"https:\/\/ksiegarnia-akademicka.pl\/index.php\/product\/oblicza-demokracji-partie-i-systemy-partyjne-w-ujeciu-petera-maira\/","title":{"rendered":"Oblicza demokracji Partie i systemy partyjne w uj\u0119ciu Petera Maira"},"content":{"rendered":"<p>Redakcja: Gagatek Wojciech, Walecka Katarzyna<br \/>\nWydawca: O\u015brodek My\u015bli Politycznej<br \/>\nOprawa: Mi\u0119kka<br \/>\nFormat: 12.5&#215;19.5cm<br \/>\nLiczba stron: 424<br \/>\nRok wydania: 2017<\/p>\n<p>\u201eDwoma nadrz\u0119dnymi tematami w badaniach i artyku\u0142ach Petera by\u0142y: po pierwsze, zmiana systemu partyjnego [\u2026], a \u2013 po drugie \u2013 z czasem w coraz wi\u0119kszym stopniu to, co zidentyfikowa\u0142 jako cech\u0119 towarzysz\u0105c\u0105 wsp\u00f3\u0142czesnej demokracji, czyli jej \u201ewydr\u0105\u017cenie\u201d, wynikaj\u0105ce z wzajemnego oddalania si\u0119 od siebie partii i<br \/>\nobywateli. [\u2026] Poza zwyczajnym pragnieniem zrozumienia mechanizm\u00f3w dzia\u0142ania polityki, Peterem kierowa\u0142a g\u0142\u0119boka troska o przysz\u0142o\u015b\u0107 demokracji w Europie.<br \/>\nDla niego demokracja we wsp\u00f3\u0142czesnym \u015bwiecie oznacza\u0142a rz\u0105dy partii (party government). Tak wi\u0119c przesuni\u0119cie kompetencji decyzyjnych do agencji, takich jak banki centralne, kt\u00f3re s\u0105 odizolowane od kontroli partyjnej; rosn\u0105ce uzale\u017cnienie partii politycznych od pa\u0144stwa (i co za tym idzie rosn\u0105ca niezale\u017cno\u015b\u0107 partii politycznych od swoich cz\u0142onk\u00f3w), jego \u015brodk\u00f3w finansowych oraz innych zasob\u00f3w; sta\u0142a erozja cz\u0142onkostwa partyjnego; uprzywilejowywanie koncepcji \u201edobrych rz\u0105d\u00f3w\u201d (good governance) nad \u201erz\u0105dem partyjnym\u201d (party<br \/>\ngovernment) \u2013 wszystkie trendy, kt\u00f3re widzieli\u015bmy w projekcie organizacji partyjnych, ale kt\u00f3re sta\u0142y si\u0119 jeszcze bardziej widoczne w nast\u0119pnych dw\u00f3ch dekadach, by\u0142y dla niego szczeg\u00f3lnie niepokoj\u0105ce\u201d.<br \/>\nRichard S. Katz, Peter Mair: osobisty wyraz uznania<\/p>\n","protected":false},"excerpt":{"rendered":"<p>Redakcja: Gagatek Wojciech, Walecka Katarzyna Wydawca: O\u015brodek My\u015bli Politycznej Oprawa: [&hellip;]<\/p>\n","protected":false},"featured_media":8206,"template":"","meta":[],"product_brand":[],"product_cat":[27,7507,7510,7508],"product_tag":[886,3240,1245],"class_list":{"0":"post-8205","1":"product","2":"type-product","3":"status-publish","4":"has-post-thumbnail","6":"product_cat-nauki-spoleczne","7":"product_cat-politologia","8":"product_cat-polityka-spoleczna","9":"product_cat-socjologia","10":"product_tag-demokracja","11":"product_tag-panstwo","12":"product_tag-partie-polityczne","14":"first","15":"instock","16":"sale","17":"shipping-taxable","18":"purchasable","19":"product-type-simple"},"_links":{"self":[{"href":"https:\/\/ksiegarnia-akademicka.pl\/index.php\/wp-json\/wp\/v2\/product\/8205","targetHints":{"allow":["GET"]}}],"collection":[{"href":"https:\/\/ksiegarnia-akademicka.pl\/index.php\/wp-json\/wp\/v2\/product"}],"about":[{"href":"https:\/\/ksiegarnia-akademicka.pl\/index.php\/wp-json\/wp\/v2\/types\/product"}],"wp:featuredmedia":[{"embeddable":true,"href":"https:\/\/ksiegarnia-akademicka.pl\/index.php\/wp-json\/wp\/v2\/media\/8206"}],"wp:attachment":[{"href":"https:\/\/ksiegarnia-akademicka.pl\/index.php\/wp-json\/wp\/v2\/media?parent=8205"}],"wp:term":[{"taxonomy":"product_brand","embeddable":true,"href":"https:\/\/ksiegarnia-akademicka.pl\/index.php\/wp-json\/wp\/v2\/product_brand?post=8205"},{"taxonomy":"product_cat","embeddable":true,"href":"https:\/\/ksiegarnia-akademicka.pl\/index.php\/wp-json\/wp\/v2\/product_cat?post=8205"},{"taxonomy":"product_tag","embeddable":true,"href":"https:\/\/ksiegarnia-akademicka.pl\/index.php\/wp-json\/wp\/v2\/product_tag?post=8205"}],"curies":[{"name":"wp","href":"https:\/\/api.w.org\/{rel}","templated":true}]}}

Oblicza demokracji Partie i systemy partyjne w ujęciu Petera Maira

<p>Redakcja: Gagatek Wojciech, Walecka Katarzyna<br />
Wydawca: Ośrodek Myśli Politycznej<br />
Oprawa: Miękka<br />
Format: 12.5&#215;19.5cm<br />
Liczba stron: 424<br />
Rok wydania: 2017</p>
<p>„Dwoma nadrzędnymi tematami w badaniach i artykułach Petera były: po pierwsze, zmiana systemu partyjnego […], a – po drugie – z czasem w coraz większym stopniu to, co zidentyfikował jako cechę towarzyszącą współczesnej demokracji, czyli jej „wydrążenie”, wynikające z wzajemnego oddalania się od siebie partii i<br />
obywateli. […] Poza zwyczajnym pragnieniem zrozumienia mechanizmów działania polityki, Peterem kierowała głęboka troska o przyszłość demokracji w Europie.<br />
Dla niego demokracja we współczesnym świecie oznaczała rządy partii (party government). Tak więc przesunięcie kompetencji decyzyjnych do agencji, takich jak banki centralne, które są odizolowane od kontroli partyjnej; rosnące uzależnienie partii politycznych od państwa (i co za tym idzie rosnąca niezależność partii politycznych od swoich członków), jego środków finansowych oraz innych zasobów; stała erozja członkostwa partyjnego; uprzywilejowywanie koncepcji „dobrych rządów” (good governance) nad „rządem partyjnym” (party<br />
government) – wszystkie trendy, które widzieliśmy w projekcie organizacji partyjnych, ale które stały się jeszcze bardziej widoczne w następnych dwóch dekadach, były dla niego szczególnie niepokojące”.<br />
Richard S. Katz, Peter Mair: osobisty wyraz uznania</p>

<p>Redakcja: Gagatek Wojciech, Walecka Katarzyna Wydawca: Ośrodek Myśli Politycznej Oprawa: [&hellip;]</p>
