{"id":8035,"date":"2018-07-18T10:07:59","date_gmt":"2018-07-18T08:07:59","guid":{"rendered":"http:\/\/ksiegarnia-akademicka.pl\/?post_type=product&#038;p=8035"},"modified":"2018-12-15T09:44:40","modified_gmt":"2018-12-15T08:44:40","slug":"spoleczny-potencjal-odrodzenia-miast-poprzemyslowych","status":"publish","type":"product","link":"https:\/\/ksiegarnia-akademicka.pl\/index.php\/product\/spoleczny-potencjal-odrodzenia-miast-poprzemyslowych\/","title":{"rendered":"Spo\u0142eczny potencja\u0142 odrodzenia miast poprzemys\u0142owych"},"content":{"rendered":"<p>Autor:<br \/>\nPawe\u0142 Starosta<br \/>\nWydawca: Wydawnictwo Uniwersytetu \u0141\u00f3dzkiego<br \/>\nOprawa: Mi\u0119kka<br \/>\nFormat: 17.0&#215;24.0cm<br \/>\nLiczba stron: 368<br \/>\nWydanie: 1<br \/>\nRok wydania: 2018<\/p>\n<p>Ksi\u0105\u017cka dotyczy oceny znaczenia potencja\u0142u spo\u0142ecznego w r\u00f3\u017cnicowaniu poziomu rozwoju miast poprzemys\u0142owych funkcjonuj\u0105cych w odmiennych uwarunkowaniach kulturowych, ale pe\u0142ni\u0105cych w przesz\u0142o\u015bci podobne funkcje. Wzi\u0119to pod uwag\u0119 pi\u0119\u0107 o\u015brodk\u00f3w: \u0141\u00f3d\u017a (Polska), lwanowo (Rosja), Miskolc (W\u0119gry), Poniewie\u017c (Litwa), Adapazari (Turcja). Przedstawione analizy oparto na wypracowanej przez autora koncepcji \u201espo\u0142ecznego potencja\u0142u rozwoju zbiorowo\u015bci terytorialnych\u201d uwzgl\u0119dniaj\u0105cej takie elementy, jak: podmiotowo\u015b\u0107, kapita\u0142 ludzki, sieciowy komponent kapita\u0142u spo\u0142ecznego, komponent normatywny, zaufanie spo\u0142eczne oraz formy mobilizacji i przyw\u00f3dztwa lokalnego. Poziom rozwoju badanych miast scharakteryzowano zar\u00f3wno w kategoriach subiektywnej oceny jako\u015bci \u017cycia prywatnego oraz satysfakcji z funkcjonowania okre\u015blonych sfer instytucjonalnych miasta, jak i w kategoriach zbiorczych wska\u017anik\u00f3w standardu \u017cycia w mie\u015bcie na podstawie uog\u00f3lnionych danych statystycznych.<br \/>\nPublikacja skierowana jest do \u015brodowisk akademickich (kierunki: socjologia, ekonomia, zarz\u0105dzanie) zainteresowanych tematyk\u0105 przeobra\u017ce\u0144 spo\u0142eczno\u015bci lokalnych, w tym zw\u0142aszcza miast poprzemys\u0142owych dotkni\u0119tych niekorzystnymi zmianami zachodz\u0105cymi pod wp\u0142ywem globalizacji. Kr\u0105g odbiorc\u00f3w mo\u017ce by\u0107 poszerzony o rozmaite ruchy spo\u0142eczne skoncentrowane na problematyce miejskiej.<\/p>\n","protected":false},"excerpt":{"rendered":"<p>Autor: Pawe\u0142 Starosta Wydawca: Wydawnictwo Uniwersytetu \u0141\u00f3dzkiego Oprawa: Mi\u0119kka Format: [&hellip;]<\/p>\n","protected":false},"featured_media":8036,"template":"","meta":[],"product_brand":[],"product_cat":[7492,27,18,7494,7508],"product_tag":[7104,6687],"class_list":{"0":"post-8035","1":"product","2":"type-product","3":"status-publish","4":"has-post-thumbnail","6":"product_cat-administracyjne","7":"product_cat-nauki-spoleczne","8":"product_cat-prawo","9":"product_cat-samorzad-terytorialny","10":"product_cat-socjologia","11":"product_tag-administracja-samorzad-terytorialny","12":"product_tag-ekonomika-miasta","14":"first","15":"instock","16":"sale","17":"shipping-taxable","18":"purchasable","19":"product-type-simple"},"_links":{"self":[{"href":"https:\/\/ksiegarnia-akademicka.pl\/index.php\/wp-json\/wp\/v2\/product\/8035","targetHints":{"allow":["GET"]}}],"collection":[{"href":"https:\/\/ksiegarnia-akademicka.pl\/index.php\/wp-json\/wp\/v2\/product"}],"about":[{"href":"https:\/\/ksiegarnia-akademicka.pl\/index.php\/wp-json\/wp\/v2\/types\/product"}],"wp:featuredmedia":[{"embeddable":true,"href":"https:\/\/ksiegarnia-akademicka.pl\/index.php\/wp-json\/wp\/v2\/media\/8036"}],"wp:attachment":[{"href":"https:\/\/ksiegarnia-akademicka.pl\/index.php\/wp-json\/wp\/v2\/media?parent=8035"}],"wp:term":[{"taxonomy":"product_brand","embeddable":true,"href":"https:\/\/ksiegarnia-akademicka.pl\/index.php\/wp-json\/wp\/v2\/product_brand?post=8035"},{"taxonomy":"product_cat","embeddable":true,"href":"https:\/\/ksiegarnia-akademicka.pl\/index.php\/wp-json\/wp\/v2\/product_cat?post=8035"},{"taxonomy":"product_tag","embeddable":true,"href":"https:\/\/ksiegarnia-akademicka.pl\/index.php\/wp-json\/wp\/v2\/product_tag?post=8035"}],"curies":[{"name":"wp","href":"https:\/\/api.w.org\/{rel}","templated":true}]}}

Społeczny potencjał odrodzenia miast poprzemysłowych

<p>Autor:<br />
Paweł Starosta<br />
Wydawca: Wydawnictwo Uniwersytetu Łódzkiego<br />
Oprawa: Miękka<br />
Format: 17.0&#215;24.0cm<br />
Liczba stron: 368<br />
Wydanie: 1<br />
Rok wydania: 2018</p>
<p>Książka dotyczy oceny znaczenia potencjału społecznego w różnicowaniu poziomu rozwoju miast poprzemysłowych funkcjonujących w odmiennych uwarunkowaniach kulturowych, ale pełniących w przeszłości podobne funkcje. Wzięto pod uwagę pięć ośrodków: Łódź (Polska), lwanowo (Rosja), Miskolc (Węgry), Poniewież (Litwa), Adapazari (Turcja). Przedstawione analizy oparto na wypracowanej przez autora koncepcji „społecznego potencjału rozwoju zbiorowości terytorialnych” uwzględniającej takie elementy, jak: podmiotowość, kapitał ludzki, sieciowy komponent kapitału społecznego, komponent normatywny, zaufanie społeczne oraz formy mobilizacji i przywództwa lokalnego. Poziom rozwoju badanych miast scharakteryzowano zarówno w kategoriach subiektywnej oceny jakości życia prywatnego oraz satysfakcji z funkcjonowania określonych sfer instytucjonalnych miasta, jak i w kategoriach zbiorczych wskaźników standardu życia w mieście na podstawie uogólnionych danych statystycznych.<br />
Publikacja skierowana jest do środowisk akademickich (kierunki: socjologia, ekonomia, zarządzanie) zainteresowanych tematyką przeobrażeń społeczności lokalnych, w tym zwłaszcza miast poprzemysłowych dotkniętych niekorzystnymi zmianami zachodzącymi pod wpływem globalizacji. Krąg odbiorców może być poszerzony o rozmaite ruchy społeczne skoncentrowane na problematyce miejskiej.</p>

<p>Autor: Paweł Starosta Wydawca: Wydawnictwo Uniwersytetu Łódzkiego Oprawa: Miękka Format: [&hellip;]</p>
