{"id":781,"date":"2018-05-22T12:42:09","date_gmt":"2018-05-22T10:42:09","guid":{"rendered":"http:\/\/ksiegarnia-akademicka.pl\/index.php\/product\/prawo-dyplomatyczne-i-konsularne\/"},"modified":"2023-12-01T08:39:53","modified_gmt":"2023-12-01T07:39:53","slug":"prawo-dyplomatyczne-i-konsularne","status":"publish","type":"product","link":"https:\/\/ksiegarnia-akademicka.pl\/index.php\/product\/prawo-dyplomatyczne-i-konsularne\/","title":{"rendered":"Prawo dyplomatyczne i konsularne"},"content":{"rendered":"<p>Autor:<br \/>\nJulian Sutor<br \/>\nWydawca: Wolters Kluwer<br \/>\nOprawa: Mi\u0119kka<br \/>\nFormat: 17.0&#215;24.0cm<br \/>\nLiczba stron: 652<br \/>\nWydanie: 13<br \/>\nRok wydania: 2023<br \/>\nJ\u0119zyk wydania: polski<\/p>\n<p>Prezentowana publikacja to kompendium wiedzy na temat wszystkich najwa\u017cniejszych aspekt\u00f3w prawnych i organizacyjnych s\u0142u\u017cby dyplomatyczno-konsularnej. Podr\u0119cznik nie ogranicza si\u0119 tylko do problematyki prawa dyplomatycznego i konsularnego, lecz tak\u017ce omawia status prawny pozosta\u0142ych dzia\u0142\u00f3w wsp\u00f3\u0142czesnej dyplomacji i s\u0142u\u017cby konsularnej, czyli m.in. takie zagadnienia jak: misje specjalne (dyplomacja ad hoc), dyplomacja na forum organizacji mi\u0119dzynarodowych, w tym Unii Europejskiej, konsulowie honorowi, specyficzne podmioty prawa legacji, paradyplomacja.<\/p>\n<p>W 13. wydaniu podr\u0119cznika szczeg\u00f3ln\u0105 uwag\u0119 zwr\u00f3cono na zmiany wprowadzone przez ustaw\u0119 z 25.06.2015 r. \u2013 Prawo konsularne oraz om\u00f3wiono kwestie tworzenia w przedstawicielstwach dyplomatycznych pa\u0144stw tzw. wydzia\u0142\u00f3w lub stanowisk konsularnych, a tak\u017ce stale<br \/>\npowi\u0119kszaj\u0105cej si\u0119 liczby konsulat\u00f3w honorowych.<\/p>\n<p>W celu u\u0142atwienia nauki wprowadzono pogrubienia podkre\u015blaj\u0105ce wa\u017cne partie materia\u0142u, piktogramy u\u0142atwiaj\u0105ce odnalezienie istotnych fragment\u00f3w nie tylko tu\u017c przed egzaminem oraz numery boczne umo\u017cliwiaj\u0105ce szybkie odnalezienie w tek\u015bcie ksi\u0105\u017cki poj\u0119\u0107 z indeksu.<\/p>\n","protected":false},"excerpt":{"rendered":"<p>Autor: Julian Sutor Wydawca: Wolters Kluwer Oprawa: Mi\u0119kka Format: 17.0&#215;24.0cm [&hellip;]<\/p>\n","protected":false},"featured_media":17132,"template":"","meta":[],"product_brand":[],"product_cat":[18,7719],"product_tag":[2011,2010,1027],"class_list":{"0":"post-781","1":"product","2":"type-product","3":"status-publish","4":"has-post-thumbnail","6":"product_cat-prawo","7":"product_cat-prawo-miedzynarodowe","8":"product_tag-konsularne","9":"product_tag-prawo-dyplomatyczne","10":"product_tag-prawo-miedzynarodowe","12":"first","13":"instock","14":"sale","15":"shipping-taxable","16":"purchasable","17":"product-type-simple"},"_links":{"self":[{"href":"https:\/\/ksiegarnia-akademicka.pl\/index.php\/wp-json\/wp\/v2\/product\/781","targetHints":{"allow":["GET"]}}],"collection":[{"href":"https:\/\/ksiegarnia-akademicka.pl\/index.php\/wp-json\/wp\/v2\/product"}],"about":[{"href":"https:\/\/ksiegarnia-akademicka.pl\/index.php\/wp-json\/wp\/v2\/types\/product"}],"wp:featuredmedia":[{"embeddable":true,"href":"https:\/\/ksiegarnia-akademicka.pl\/index.php\/wp-json\/wp\/v2\/media\/17132"}],"wp:attachment":[{"href":"https:\/\/ksiegarnia-akademicka.pl\/index.php\/wp-json\/wp\/v2\/media?parent=781"}],"wp:term":[{"taxonomy":"product_brand","embeddable":true,"href":"https:\/\/ksiegarnia-akademicka.pl\/index.php\/wp-json\/wp\/v2\/product_brand?post=781"},{"taxonomy":"product_cat","embeddable":true,"href":"https:\/\/ksiegarnia-akademicka.pl\/index.php\/wp-json\/wp\/v2\/product_cat?post=781"},{"taxonomy":"product_tag","embeddable":true,"href":"https:\/\/ksiegarnia-akademicka.pl\/index.php\/wp-json\/wp\/v2\/product_tag?post=781"}],"curies":[{"name":"wp","href":"https:\/\/api.w.org\/{rel}","templated":true}]}}