{"id":7683,"date":"2018-07-11T13:28:32","date_gmt":"2018-07-11T11:28:32","guid":{"rendered":"http:\/\/ksiegarnia-akademicka.pl\/?post_type=product&#038;p=7683"},"modified":"2018-07-11T13:28:33","modified_gmt":"2018-07-11T11:28:33","slug":"praca-dyplomowa-i-doktorska","status":"publish","type":"product","link":"https:\/\/ksiegarnia-akademicka.pl\/index.php\/product\/praca-dyplomowa-i-doktorska\/","title":{"rendered":"Praca dyplomowa i doktorska"},"content":{"rendered":"<p>Gianfranco Gambarelli<br \/>\nZbigniew \u0141ucki<br \/>\nWydawca: CeDeWu<br \/>\nOprawa: Mi\u0119kka<br \/>\nFormat: 14.5&#215;21.0cm<br \/>\nLiczba stron: 180<br \/>\nWydanie: 2<br \/>\nRok wydania: 2017<\/p>\n<p>Poradnik ma pom\u00f3c osobom, kt\u00f3re w wi\u0119kszym lub mniejszym stopniu s\u0105 zaniepokojone (a mo\u017ce i wystraszone?) czekaj\u0105cym je zadaniem, a przy okazji tak\u017ce i nauczycielom akademickim, kt\u00f3rzy &#8211; wyr\u0119czeni przez t\u0119 ksi\u0105\u017ck\u0119 &#8211; b\u0119d\u0105 mieli wi\u0119cej czasu na prac\u0119 naukow\u0105. Autorzy opisali &#8211; w przyst\u0119pny spos\u00f3b i zarazem w zabawnej formie &#8211; nast\u0119puj\u0105ce zagadnienia:<br \/>\n\u2022 jak zdoby\u0107 promotora i jak zachowywa\u0107 si\u0119 w stosunku do niego,<br \/>\n\u2022 jak rozstrzygn\u0105\u0107 dziesi\u0105tki kwestii zwi\u0105zanych z pisaniem i redagowaniem pracy,<br \/>\n\u2022 jakie b\u0142\u0119dy j\u0119zykowe studenci pope\u0142niaj\u0105 najcz\u0119\u015bciej,<br \/>\n\u2022 jak zorganizowa\u0107 zbieranie i przetwarzanie materia\u0142\u00f3w,<br \/>\n\u2022 jak przygotowa\u0107 si\u0119 do obrony pracy i jak zachowa\u0107 si\u0119 w trakcie obrony,<br \/>\n\u2022 jak opublikowa\u0107 obronion\u0105 prac\u0119?<\/p>\n<p>Ksi\u0105\u017cka napisana jest z polotem, kt\u00f3ry jak mo\u017cna s\u0105dzi\u0107, mo\u017ce odbi\u0107 si\u0119 pozytywnie w pisaniu prac przez student\u00f3w, kt\u00f3rzy si\u0119 z ni\u0105 zapoznaj\u0105. \u015awietny, komunikatywny j\u0119zyk, a zarazem precyzyjny, co jest cech\u0105 wyr\u00f3\u017cniaj\u0105c\u0105 recenzowan\u0105 prac\u0119, na tle innych tego rodzaju poradnik\u00f3w, jakie ukaza\u0142y si\u0119 w Polsce&#8230;<br \/>\nW\u0142adys\u0142aw Misiak, profesor UW<\/p>\n<p>Ksi\u0105\u017cka zosta\u0142a napisana jakby na zam\u00f3wienie kr\u0119gu student\u00f3w finalizuj\u0105cych swoje studia. Autorzy wyra\u017anie s\u0105 biegli w materii, o kt\u00f3rej traktuj\u0105. Daje si\u0119 odczu\u0107, i\u017c znaj\u0105 od podszewki rzeczywisto\u015b\u0107 akademick\u0105, i\u017c nie z jednego &#8211; akademickiego &#8211; pieca jedli. Wida\u0107 zarazem, \u017ce lubi\u0105 i rozumiej\u0105 m\u0142odych ludzi, ich niepokoje, \u017ar\u00f3d\u0142a stresu, frustracji&#8230; Wiedz\u0105 jak im pom\u00f3c.<br \/>\nAndrzej Dura, profesor AGH<\/p>\n","protected":false},"excerpt":{"rendered":"<p>Gianfranco Gambarelli Zbigniew \u0141ucki Wydawca: CeDeWu Oprawa: Mi\u0119kka Format: 14.5&#215;21.0cm [&hellip;]<\/p>\n","protected":false},"featured_media":7684,"template":"","meta":[],"product_brand":[],"product_cat":[28],"product_tag":[46,6004],"class_list":{"0":"post-7683","1":"product","2":"type-product","3":"status-publish","4":"has-post-thumbnail","6":"product_cat-pedagogika","7":"product_tag-dydaktyka","8":"product_tag-metodologia-pracy-naukowej","10":"first","11":"instock","12":"sale","13":"shipping-taxable","14":"purchasable","15":"product-type-simple"},"_links":{"self":[{"href":"https:\/\/ksiegarnia-akademicka.pl\/index.php\/wp-json\/wp\/v2\/product\/7683","targetHints":{"allow":["GET"]}}],"collection":[{"href":"https:\/\/ksiegarnia-akademicka.pl\/index.php\/wp-json\/wp\/v2\/product"}],"about":[{"href":"https:\/\/ksiegarnia-akademicka.pl\/index.php\/wp-json\/wp\/v2\/types\/product"}],"wp:featuredmedia":[{"embeddable":true,"href":"https:\/\/ksiegarnia-akademicka.pl\/index.php\/wp-json\/wp\/v2\/media\/7684"}],"wp:attachment":[{"href":"https:\/\/ksiegarnia-akademicka.pl\/index.php\/wp-json\/wp\/v2\/media?parent=7683"}],"wp:term":[{"taxonomy":"product_brand","embeddable":true,"href":"https:\/\/ksiegarnia-akademicka.pl\/index.php\/wp-json\/wp\/v2\/product_brand?post=7683"},{"taxonomy":"product_cat","embeddable":true,"href":"https:\/\/ksiegarnia-akademicka.pl\/index.php\/wp-json\/wp\/v2\/product_cat?post=7683"},{"taxonomy":"product_tag","embeddable":true,"href":"https:\/\/ksiegarnia-akademicka.pl\/index.php\/wp-json\/wp\/v2\/product_tag?post=7683"}],"curies":[{"name":"wp","href":"https:\/\/api.w.org\/{rel}","templated":true}]}}