{"id":7681,"date":"2018-07-11T13:16:35","date_gmt":"2018-07-11T11:16:35","guid":{"rendered":"http:\/\/ksiegarnia-akademicka.pl\/?post_type=product&#038;p=7681"},"modified":"2018-07-11T13:16:35","modified_gmt":"2018-07-11T11:16:35","slug":"miedzy-prawem-i-sprawiedliwoscia-adam-strzembosz","status":"publish","type":"product","link":"https:\/\/ksiegarnia-akademicka.pl\/index.php\/product\/miedzy-prawem-i-sprawiedliwoscia-adam-strzembosz\/","title":{"rendered":"Mi\u0119dzy prawem i sprawiedliwo\u015bci\u0105 Adam Strzembosz"},"content":{"rendered":"<p>Adam Strzembosz<br \/>\nWydawca: Wi\u0119\u017a<br \/>\nOprawa: Twarda<br \/>\nFormat: 15.3&#215;23.0cm<br \/>\nLiczba stron: 344<br \/>\nWydanie: 1<br \/>\nRok wydania: 2017<\/p>\n<p>\u201eMi\u0119dzy prawem i sprawiedliwo\u015bci\u0105\u201d, wywiad rzeka z prof. Adamem Strzemboszem, to pozycja obowi\u0105zkowa dla ka\u017cdego, kto chce zrozumie\u0107 g\u0142\u0119boki sp\u00f3r polityczno-prawny, kt\u00f3ry podzieli\u0142 dzi\u015b Polsk\u0119 na p\u00f3\u0142. <\/p>\n<p>Nie bez powodu prof. Strzembosz, pierwszy prezes S\u0105du Najwy\u017cszego w latach 1990-1998, w ostatnich miesi\u0105cach sta\u0142 si\u0119 najwa\u017cniejszym autorytetem protestuj\u0105cych w obronie niezawis\u0142o\u015bci s\u0105d\u00f3w i tr\u00f3jpodzia\u0142u w\u0142adzy.<\/p>\n<p>Biografia Profesora w naturalny spos\u00f3b wprowadza do rozmowy tematy dotycz\u0105ce systemu PRL i przemian ustrojowych, m.in. tworzenie polskiego s\u0105downictwa dla nieletnich, postawy s\u0119dzi\u00f3w wobec \u201eSolidarno\u015bci\u201d i stanu wojennego, obrady Okr\u0105g\u0142ego Sto\u0142u czy wreszcie powstawanie \u0142adu instytucjonalnego III Rzeczpospolitej. S\u0105 one dla rozm\u00f3wc\u00f3w punktem wyj\u015bcia do refleksji nad warto\u015bciami takimi jak sprawiedliwo\u015b\u0107 spo\u0142eczna, granice w\u0142adzy s\u0119dziowskiej czy stosunki mi\u0119dzy w\u0142adz\u0105 \u015bwieck\u0105 a duchown\u0105.<\/p>\n<p>Smaku dodaj\u0105 ksi\u0105\u017cce anegdoty z udzia\u0142em najwa\u017cniejszych aktor\u00f3w historii politycznej ko\u0144ca XX wieku: Wojciecha Jaruzelskiego, Jacka Kuronia, Adama Michnika czy obu braci Kaczy\u0144skich.<\/p>\n","protected":false},"excerpt":{"rendered":"<p>Adam Strzembosz Wydawca: Wi\u0119\u017a Oprawa: Twarda Format: 15.3&#215;23.0cm Liczba stron: [&hellip;]<\/p>\n","protected":false},"featured_media":7682,"template":"","meta":[],"product_brand":[],"product_cat":[7491,7497,18],"product_tag":[4664,495,7370],"class_list":{"0":"post-7681","1":"product","2":"type-product","3":"status-publish","4":"has-post-thumbnail","6":"product_cat-cywilne","7":"product_cat-ogolne-zagadnienia-prawa","8":"product_cat-prawo","9":"product_tag-historia-prawa","10":"product_tag-polityka","11":"product_tag-sad-najwyzszy","13":"first","14":"instock","15":"sale","16":"shipping-taxable","17":"purchasable","18":"product-type-simple"},"_links":{"self":[{"href":"https:\/\/ksiegarnia-akademicka.pl\/index.php\/wp-json\/wp\/v2\/product\/7681","targetHints":{"allow":["GET"]}}],"collection":[{"href":"https:\/\/ksiegarnia-akademicka.pl\/index.php\/wp-json\/wp\/v2\/product"}],"about":[{"href":"https:\/\/ksiegarnia-akademicka.pl\/index.php\/wp-json\/wp\/v2\/types\/product"}],"wp:featuredmedia":[{"embeddable":true,"href":"https:\/\/ksiegarnia-akademicka.pl\/index.php\/wp-json\/wp\/v2\/media\/7682"}],"wp:attachment":[{"href":"https:\/\/ksiegarnia-akademicka.pl\/index.php\/wp-json\/wp\/v2\/media?parent=7681"}],"wp:term":[{"taxonomy":"product_brand","embeddable":true,"href":"https:\/\/ksiegarnia-akademicka.pl\/index.php\/wp-json\/wp\/v2\/product_brand?post=7681"},{"taxonomy":"product_cat","embeddable":true,"href":"https:\/\/ksiegarnia-akademicka.pl\/index.php\/wp-json\/wp\/v2\/product_cat?post=7681"},{"taxonomy":"product_tag","embeddable":true,"href":"https:\/\/ksiegarnia-akademicka.pl\/index.php\/wp-json\/wp\/v2\/product_tag?post=7681"}],"curies":[{"name":"wp","href":"https:\/\/api.w.org\/{rel}","templated":true}]}}

Między prawem i sprawiedliwością Adam Strzembosz

<p>Adam Strzembosz<br />
Wydawca: Więź<br />
Oprawa: Twarda<br />
Format: 15.3&#215;23.0cm<br />
Liczba stron: 344<br />
Wydanie: 1<br />
Rok wydania: 2017</p>
<p>„Między prawem i sprawiedliwością”, wywiad rzeka z prof. Adamem Strzemboszem, to pozycja obowiązkowa dla każdego, kto chce zrozumieć głęboki spór polityczno-prawny, który podzielił dziś Polskę na pół. </p>
<p>Nie bez powodu prof. Strzembosz, pierwszy prezes Sądu Najwyższego w latach 1990-1998, w ostatnich miesiącach stał się najważniejszym autorytetem protestujących w obronie niezawisłości sądów i trójpodziału władzy.</p>
<p>Biografia Profesora w naturalny sposób wprowadza do rozmowy tematy dotyczące systemu PRL i przemian ustrojowych, m.in. tworzenie polskiego sądownictwa dla nieletnich, postawy sędziów wobec „Solidarności” i stanu wojennego, obrady Okrągłego Stołu czy wreszcie powstawanie ładu instytucjonalnego III Rzeczpospolitej. Są one dla rozmówców punktem wyjścia do refleksji nad wartościami takimi jak sprawiedliwość społeczna, granice władzy sędziowskiej czy stosunki między władzą świecką a duchowną.</p>
<p>Smaku dodają książce anegdoty z udziałem najważniejszych aktorów historii politycznej końca XX wieku: Wojciecha Jaruzelskiego, Jacka Kuronia, Adama Michnika czy obu braci Kaczyńskich.</p>

<p>Adam Strzembosz Wydawca: Więź Oprawa: Twarda Format: 15.3&#215;23.0cm Liczba stron: [&hellip;]</p>
