{"id":7314,"date":"2018-05-22T12:59:04","date_gmt":"2018-05-22T10:59:04","guid":{"rendered":"http:\/\/ksiegarnia-akademicka.pl\/index.php\/product\/podatki-2018\/"},"modified":"2024-12-04T13:51:19","modified_gmt":"2024-12-04T12:51:19","slug":"podatki-2018","status":"publish","type":"product","link":"https:\/\/ksiegarnia-akademicka.pl\/index.php\/product\/podatki-2018\/","title":{"rendered":"Podatki 2023"},"content":{"rendered":"<p>Redakcja: Wioletta \u017belazowska<br \/>\nWydawca: C.H. Beck<br \/>\nOprawa: Zintegrowana<br \/>\nFormat: 21.0&#215;29.5cm<br \/>\nLiczba stron: 1132<br \/>\nWydanie: 1<br \/>\nRok wydania: 2023<br \/>\nJ\u0119zyk wydania: polski<\/p>\n<p>Kompleksowy zbi\u00f3r podatkowych akt\u00f3w prawnych z aktualnym stanem prawnym.<br \/>\nStan prawny: 4 stycznia 2023 r. z aktualizacj\u0105 online do 30 czerwca 2023 r.<\/p>\n<p>Format A4 zapewniaj\u0105cy wygod\u0119 korzystania w codziennej pracy.<\/p>\n<p>W publikacji zamieszczono nast\u0119puj\u0105ce ustawy podatkowe:<\/p>\n<p>Ordynacj\u0119 podatkow\u0105,<br \/>\nustaw\u0119 o zasadach ewidencji i identyfikacji podatnik\u00f3w i p\u0142atnik\u00f3w,<br \/>\nustaw\u0119 o podatku dochodowym od os\u00f3b prawnych,<br \/>\nustaw\u0119 o podatku dochodowym od os\u00f3b fizycznych,<br \/>\nustaw\u0119 o zrycza\u0142towanym podatku dochodowym od niekt\u00f3rych przychod\u00f3w osi\u0105ganych przez osoby fizyczne,<br \/>\nustaw\u0119 o podatku od towar\u00f3w i us\u0142ug,<br \/>\nustaw\u0119 o podatku akcyzowym,<br \/>\nustaw\u0119 o podatku od spadk\u00f3w i darowizn,<br \/>\nustaw\u0119 o podatku od czynno\u015bci cywilnoprawnych,<br \/>\nustaw\u0119 o op\u0142acie skarbowej,<br \/>\nustaw\u0119 o podatkach lokalnych,<br \/>\nustaw\u0119 o podatku tona\u017cowym,<br \/>\nustaw\u0119 o doradztwie podatkowym,<br \/>\nustaw\u0119 o rachunkowo\u015bci,<br \/>\nustaw\u0119 o Krajowej Administracji Skarbowej,<br \/>\nPrzepisy wprowadzaj\u0105ce ustaw\u0119 o Krajowej Administracji Skarbowej,<br \/>\noraz rozporz\u0105dzenia wykonawcze.<br \/>\nPublikacja adresowana do doradc\u00f3w podatkowych, prawnik\u00f3w, pracownik\u00f3w administracji, ksi\u0119gowych, przedsi\u0119biorc\u00f3w, student\u00f3w i wszystkich, dla kt\u00f3rych znajomo\u015b\u0107 obowi\u0105zuj\u0105cych przepis\u00f3w prawa podatkowego stanowi warunek prawid\u0142owego wykonania zawodu.<\/p>\n","protected":false},"excerpt":{"rendered":"<p>Redakcja: Wioletta \u017belazowska Wydawca: C.H. Beck Oprawa: Zintegrowana Format: 21.0&#215;29.5cm [&hellip;]<\/p>\n","protected":false},"featured_media":16230,"template":"","meta":[],"product_brand":[],"product_cat":[22],"product_tag":[355,1055,1496,7798],"class_list":{"0":"post-7314","1":"product","2":"type-product","3":"status-publish","4":"has-post-thumbnail","6":"product_cat-podatki-i-prawo-podatkowe","7":"product_tag-podatki","8":"product_tag-prawo-podatkowe","9":"product_tag-rachunkowosc","10":"product_tag-seria-podatkowe-teksty-ustaw-becka","12":"first","13":"instock","14":"sale","15":"shipping-taxable","16":"purchasable","17":"product-type-simple"},"_links":{"self":[{"href":"https:\/\/ksiegarnia-akademicka.pl\/index.php\/wp-json\/wp\/v2\/product\/7314","targetHints":{"allow":["GET"]}}],"collection":[{"href":"https:\/\/ksiegarnia-akademicka.pl\/index.php\/wp-json\/wp\/v2\/product"}],"about":[{"href":"https:\/\/ksiegarnia-akademicka.pl\/index.php\/wp-json\/wp\/v2\/types\/product"}],"wp:featuredmedia":[{"embeddable":true,"href":"https:\/\/ksiegarnia-akademicka.pl\/index.php\/wp-json\/wp\/v2\/media\/16230"}],"wp:attachment":[{"href":"https:\/\/ksiegarnia-akademicka.pl\/index.php\/wp-json\/wp\/v2\/media?parent=7314"}],"wp:term":[{"taxonomy":"product_brand","embeddable":true,"href":"https:\/\/ksiegarnia-akademicka.pl\/index.php\/wp-json\/wp\/v2\/product_brand?post=7314"},{"taxonomy":"product_cat","embeddable":true,"href":"https:\/\/ksiegarnia-akademicka.pl\/index.php\/wp-json\/wp\/v2\/product_cat?post=7314"},{"taxonomy":"product_tag","embeddable":true,"href":"https:\/\/ksiegarnia-akademicka.pl\/index.php\/wp-json\/wp\/v2\/product_tag?post=7314"}],"curies":[{"name":"wp","href":"https:\/\/api.w.org\/{rel}","templated":true}]}}

<p>Redakcja: Wioletta Żelazowska<br />
Wydawca: C.H. Beck<br />
Oprawa: Zintegrowana<br />
Format: 21.0&#215;29.5cm<br />
Liczba stron: 1132<br />
Wydanie: 1<br />
Rok wydania: 2023<br />
Język wydania: polski</p>
<p>Kompleksowy zbiór podatkowych aktów prawnych z aktualnym stanem prawnym.<br />
Stan prawny: 4 stycznia 2023 r. z aktualizacją online do 30 czerwca 2023 r.</p>
<p>Format A4 zapewniający wygodę korzystania w codziennej pracy.</p>
<p>W publikacji zamieszczono następujące ustawy podatkowe:</p>
<p>Ordynację podatkową,<br />
ustawę o zasadach ewidencji i identyfikacji podatników i płatników,<br />
ustawę o podatku dochodowym od osób prawnych,<br />
ustawę o podatku dochodowym od osób fizycznych,<br />
ustawę o zryczałtowanym podatku dochodowym od niektórych przychodów osiąganych przez osoby fizyczne,<br />
ustawę o podatku od towarów i usług,<br />
ustawę o podatku akcyzowym,<br />
ustawę o podatku od spadków i darowizn,<br />
ustawę o podatku od czynności cywilnoprawnych,<br />
ustawę o opłacie skarbowej,<br />
ustawę o podatkach lokalnych,<br />
ustawę o podatku tonażowym,<br />
ustawę o doradztwie podatkowym,<br />
ustawę o rachunkowości,<br />
ustawę o Krajowej Administracji Skarbowej,<br />
Przepisy wprowadzające ustawę o Krajowej Administracji Skarbowej,<br />
oraz rozporządzenia wykonawcze.<br />
Publikacja adresowana do doradców podatkowych, prawników, pracowników administracji, księgowych, przedsiębiorców, studentów i wszystkich, dla których znajomość obowiązujących przepisów prawa podatkowego stanowi warunek prawidłowego wykonania zawodu.</p>

<p>Redakcja: Wioletta Żelazowska Wydawca: C.H. Beck Oprawa: Zintegrowana Format: 21.0&#215;29.5cm [&hellip;]</p>
