{"id":7226,"date":"2018-05-22T12:58:47","date_gmt":"2018-05-22T10:58:47","guid":{"rendered":"http:\/\/ksiegarnia-akademicka.pl\/index.php\/product\/atlas-anatomii-czlowieka-sobotta-tom-1-3\/"},"modified":"2025-10-03T15:39:49","modified_gmt":"2025-10-03T13:39:49","slug":"atlas-anatomii-czlowieka-sobotta-tom-1-3","status":"publish","type":"product","link":"https:\/\/ksiegarnia-akademicka.pl\/index.php\/product\/atlas-anatomii-czlowieka-sobotta-tom-1-3\/","title":{"rendered":"Atlas anatomii cz\u0142owieka Sobotta Tom 1-3 \u0141aci\u0144skie mianownictwo"},"content":{"rendered":"<p>wyd. 24, red. F. Paulsen, J. Waschke, red. wyd. polskiego K.S. J\u0119drzejewski, M. Polguj<br \/>\nrok wydania: 2019<br \/>\nformat: 230 x 314 , opr. twarda<\/p>\n<p>\u0141aci\u0144skie mianownictwo<br \/>\nAtlas sk\u0142ada si\u0119 z trzech tom\u00f3w oraz oddzielnego zeszytu z tabelami staw\u00f3w, mi\u0119\u015bni i nerw\u00f3w.<\/p>\n<p>Jest przeznaczony przede wszystkim dla student\u00f3w kierunk\u00f3w lekarskiego, lekarsko-dentystycznego, fizjoterapii, ratownictwa medycznego, a tak\u017ce piel\u0119gniarstwa i po\u0142o\u017cnictwa. Umo\u017cliwia szybkie i rzeczowe przyswojenie wiedzy do egzamin\u00f3w, kolokwi\u00f3w i zalicze\u0144. w atlasie wiedz\u0119 anatomiczn\u0105 powi\u0105zano z wybranymi zagadnieniami klinicznymi maj\u0105cymi du\u017ce znaczenie w p\u00f3\u017aniejszej praktyce lekarskiej. Wskazane jest zatem, by towarzyszy\u0142 lekarzom wszystkich specjalno\u015bci, rehabilitantom, fizjoterapeutom, piel\u0119gniarkom i po\u0142o\u017cnym oraz kosmetologom.<\/p>\n<p>Tom 1 Og\u00f3lne poj\u0119cia anatomiczne. Narz\u0105dy ruchu<\/p>\n<p>Tom 2 Narz\u0105dy wewn\u0119trzne klatki piersiowej, jamy brzusznej i miednicy<\/p>\n<p>Tom 3 G\u0142owa, szyja i uk\u0142ad nerwowy<\/p>\n<p>Do ka\u017cdego tomu za\u0142\u0105czono kr\u00f3tki s\u0142ownik obja\u015bniaj\u0105cy miana anatomiczne. Pod rycinami zamieszczone s\u0105 kr\u00f3tkie opisy anatomiczne bardzo istotne w zaj\u0119ciach prosektoryjnych oraz przy powtarzaniu materia\u0142u. Wa\u017cne s\u0105 tak\u017ce opisy rozwoju narz\u0105d\u00f3w oraz uwagi kliniczne, wyja\u015bniaj\u0105ce przydatno\u015b\u0107 anatomii w dyscyplinach klinicznych i motywuj\u0105cych do nauki anatomii. Wiadomo\u015bci dotycz\u0105ce rozwoju wyja\u015bniaj\u0105 powstawanie wad wrodzonych w poszczeg\u00f3lnych okresach \u017cycia wewn\u0105trzmacicznego. W niekt\u00f3rych dzia\u0142ach atlasu znajduj\u0105 si\u0119 wskaz\u00f3wki dotycz\u0105ce preparowania oraz tematyczne listy przegl\u0105dowe wskazuj\u0105ce struktury i najwa\u017cniejsze informacje.<br \/>\nDo barwnych ilustracji anatomicznych do\u0142\u0105czono wiele instruktywnych obraz\u00f3w tomografii komputerowej oraz magnetycznego rezonansu j\u0105drowego, a tak\u017ce schemat\u00f3w i tabel.<\/p>\n","protected":false},"excerpt":{"rendered":"<p>wyd. 24, red. F. Paulsen, J. Waschke, red. wyd. polskiego [&hellip;]<\/p>\n","protected":false},"featured_media":11646,"template":"","meta":[],"product_brand":[],"product_cat":[7493,44],"product_tag":[6151,3994],"class_list":{"0":"post-7226","1":"product","2":"type-product","3":"status-publish","4":"has-post-thumbnail","6":"product_cat-medycyna","7":"product_cat-nauki-medyczne","8":"product_tag-atlas-anatomii","9":"product_tag-medycyna","11":"first","12":"instock","13":"sale","14":"shipping-taxable","15":"purchasable","16":"product-type-simple"},"_links":{"self":[{"href":"https:\/\/ksiegarnia-akademicka.pl\/index.php\/wp-json\/wp\/v2\/product\/7226","targetHints":{"allow":["GET"]}}],"collection":[{"href":"https:\/\/ksiegarnia-akademicka.pl\/index.php\/wp-json\/wp\/v2\/product"}],"about":[{"href":"https:\/\/ksiegarnia-akademicka.pl\/index.php\/wp-json\/wp\/v2\/types\/product"}],"wp:featuredmedia":[{"embeddable":true,"href":"https:\/\/ksiegarnia-akademicka.pl\/index.php\/wp-json\/wp\/v2\/media\/11646"}],"wp:attachment":[{"href":"https:\/\/ksiegarnia-akademicka.pl\/index.php\/wp-json\/wp\/v2\/media?parent=7226"}],"wp:term":[{"taxonomy":"product_brand","embeddable":true,"href":"https:\/\/ksiegarnia-akademicka.pl\/index.php\/wp-json\/wp\/v2\/product_brand?post=7226"},{"taxonomy":"product_cat","embeddable":true,"href":"https:\/\/ksiegarnia-akademicka.pl\/index.php\/wp-json\/wp\/v2\/product_cat?post=7226"},{"taxonomy":"product_tag","embeddable":true,"href":"https:\/\/ksiegarnia-akademicka.pl\/index.php\/wp-json\/wp\/v2\/product_tag?post=7226"}],"curies":[{"name":"wp","href":"https:\/\/api.w.org\/{rel}","templated":true}]}}

Atlas anatomii człowieka Sobotta Tom 1-3 Łacińskie mianownictwo

<p>wyd. 24, red. F. Paulsen, J. Waschke, red. wyd. polskiego K.S. Jędrzejewski, M. Polguj<br />
rok wydania: 2019<br />
format: 230 x 314 , opr. twarda</p>
<p>Łacińskie mianownictwo<br />
Atlas składa się z trzech tomów oraz oddzielnego zeszytu z tabelami stawów, mięśni i nerwów.</p>
<p>Jest przeznaczony przede wszystkim dla studentów kierunków lekarskiego, lekarsko-dentystycznego, fizjoterapii, ratownictwa medycznego, a także pielęgniarstwa i położnictwa. Umożliwia szybkie i rzeczowe przyswojenie wiedzy do egzaminów, kolokwiów i zaliczeń. w atlasie wiedzę anatomiczną powiązano z wybranymi zagadnieniami klinicznymi mającymi duże znaczenie w późniejszej praktyce lekarskiej. Wskazane jest zatem, by towarzyszył lekarzom wszystkich specjalności, rehabilitantom, fizjoterapeutom, pielęgniarkom i położnym oraz kosmetologom.</p>
<p>Tom 1 Ogólne pojęcia anatomiczne. Narządy ruchu</p>
<p>Tom 2 Narządy wewnętrzne klatki piersiowej, jamy brzusznej i miednicy</p>
<p>Tom 3 Głowa, szyja i układ nerwowy</p>
<p>Do każdego tomu załączono krótki słownik objaśniający miana anatomiczne. Pod rycinami zamieszczone są krótkie opisy anatomiczne bardzo istotne w zajęciach prosektoryjnych oraz przy powtarzaniu materiału. Ważne są także opisy rozwoju narządów oraz uwagi kliniczne, wyjaśniające przydatność anatomii w dyscyplinach klinicznych i motywujących do nauki anatomii. Wiadomości dotyczące rozwoju wyjaśniają powstawanie wad wrodzonych w poszczególnych okresach życia wewnątrzmacicznego. W niektórych działach atlasu znajdują się wskazówki dotyczące preparowania oraz tematyczne listy przeglądowe wskazujące struktury i najważniejsze informacje.<br />
Do barwnych ilustracji anatomicznych dołączono wiele instruktywnych obrazów tomografii komputerowej oraz magnetycznego rezonansu jądrowego, a także schematów i tabel.</p>
