{"id":7221,"date":"2018-05-22T12:58:46","date_gmt":"2018-05-22T10:58:46","guid":{"rendered":"http:\/\/ksiegarnia-akademicka.pl\/index.php\/product\/prawo-upadlosciowe-twoje-prawo-2\/"},"modified":"2022-10-25T15:07:12","modified_gmt":"2022-10-25T13:07:12","slug":"prawo-upadlosciowe-twoje-prawo-2","status":"publish","type":"product","link":"https:\/\/ksiegarnia-akademicka.pl\/index.php\/product\/prawo-upadlosciowe-twoje-prawo-2\/","title":{"rendered":"Prawo upad\u0142o\u015bciowe Twoje Prawo"},"content":{"rendered":"<p>Seria: Twoje Prawo<br \/>\nRok wydania: 2022<br \/>\nWydanie: 37<br \/>\nOprawa: Mi\u0119kka<br \/>\nLiczba stron: 230<br \/>\nWymiary: 122&#215;175 mm<br \/>\nWaga: 160 g<br \/>\nISBN: 978-83-8291-100-8<\/p>\n<p>Stan prawny: 1 wrze\u015bnia 2022 r.<\/p>\n<p>Publikacja obejmuje zmiany wchodz\u0105ce w \u017cycie:<\/p>\n<p>Nowy tekst jednolity z dnia 9 czerwca 2022 r. (Dz.U. z 2022 r. poz. 1520),<br \/>\n13.10.2022 r. \u2013 ustawa o zmianie ustawy \u2013 Kodeks sp\u00f3\u0142ek handlowych oraz niekt\u00f3rych innych ustaw z dnia 9 lutego 2022 r. (Dz.U. z 2022 r. poz. 807).<br \/>\nKsi\u0105\u017cka zawiera:<\/p>\n<p>Tekst ustawy Prawo upad\u0142o\u015bciowe,<br \/>\nIndeks rzeczowy.<\/p>\n","protected":false},"excerpt":{"rendered":"<p>Seria: Twoje Prawo Rok wydania: 2022 Wydanie: 37 Oprawa: Mi\u0119kka [&hellip;]<\/p>\n","protected":false},"featured_media":15626,"template":"","meta":[],"product_brand":[],"product_cat":[7495,18],"product_tag":[709,2192,2240],"class_list":{"0":"post-7221","1":"product","2":"type-product","3":"status-publish","4":"has-post-thumbnail","6":"product_cat-gospodarcze-i-handlowe","7":"product_cat-prawo","8":"product_tag-prawo-gospodarcze-i-handlowe","9":"product_tag-prawo-upadlosciowe","10":"product_tag-seria-twoje-prawo","12":"first","13":"instock","14":"sale","15":"shipping-taxable","16":"purchasable","17":"product-type-simple"},"_links":{"self":[{"href":"https:\/\/ksiegarnia-akademicka.pl\/index.php\/wp-json\/wp\/v2\/product\/7221","targetHints":{"allow":["GET"]}}],"collection":[{"href":"https:\/\/ksiegarnia-akademicka.pl\/index.php\/wp-json\/wp\/v2\/product"}],"about":[{"href":"https:\/\/ksiegarnia-akademicka.pl\/index.php\/wp-json\/wp\/v2\/types\/product"}],"wp:featuredmedia":[{"embeddable":true,"href":"https:\/\/ksiegarnia-akademicka.pl\/index.php\/wp-json\/wp\/v2\/media\/15626"}],"wp:attachment":[{"href":"https:\/\/ksiegarnia-akademicka.pl\/index.php\/wp-json\/wp\/v2\/media?parent=7221"}],"wp:term":[{"taxonomy":"product_brand","embeddable":true,"href":"https:\/\/ksiegarnia-akademicka.pl\/index.php\/wp-json\/wp\/v2\/product_brand?post=7221"},{"taxonomy":"product_cat","embeddable":true,"href":"https:\/\/ksiegarnia-akademicka.pl\/index.php\/wp-json\/wp\/v2\/product_cat?post=7221"},{"taxonomy":"product_tag","embeddable":true,"href":"https:\/\/ksiegarnia-akademicka.pl\/index.php\/wp-json\/wp\/v2\/product_tag?post=7221"}],"curies":[{"name":"wp","href":"https:\/\/api.w.org\/{rel}","templated":true}]}}