{"id":7203,"date":"2018-05-22T12:58:42","date_gmt":"2018-05-22T10:58:42","guid":{"rendered":"http:\/\/ksiegarnia-akademicka.pl\/index.php\/product\/uwarunkowania-i-wieloplaszczyznowosc-badan-nad-resocjalizacja-podstawy-teoretyczne-i-metodologiczne\/"},"modified":"2018-05-22T12:58:42","modified_gmt":"2018-05-22T10:58:42","slug":"uwarunkowania-i-wieloplaszczyznowosc-badan-nad-resocjalizacja-podstawy-teoretyczne-i-metodologiczne","status":"publish","type":"product","link":"https:\/\/ksiegarnia-akademicka.pl\/index.php\/product\/uwarunkowania-i-wieloplaszczyznowosc-badan-nad-resocjalizacja-podstawy-teoretyczne-i-metodologiczne\/","title":{"rendered":"Uwarunkowania i wielop\u0142aszczyznowo\u015b\u0107 bada\u0144 nad resocjalizacj\u0105 Podstawy teoretyczne i metodologiczne"},"content":{"rendered":"","protected":false},"excerpt":{"rendered":"","protected":false},"featured_media":0,"template":"","meta":[],"product_brand":[],"product_cat":[16],"product_tag":[4441,4330],"class_list":{"0":"post-7203","1":"product","2":"type-product","3":"status-publish","5":"product_cat-ksiegarnia-akademicka-radom","6":"product_tag-patologie","7":"product_tag-resocjalizacja","9":"first","10":"instock","11":"shipping-taxable","12":"purchasable","13":"product-type-simple"},"_links":{"self":[{"href":"https:\/\/ksiegarnia-akademicka.pl\/index.php\/wp-json\/wp\/v2\/product\/7203","targetHints":{"allow":["GET"]}}],"collection":[{"href":"https:\/\/ksiegarnia-akademicka.pl\/index.php\/wp-json\/wp\/v2\/product"}],"about":[{"href":"https:\/\/ksiegarnia-akademicka.pl\/index.php\/wp-json\/wp\/v2\/types\/product"}],"wp:attachment":[{"href":"https:\/\/ksiegarnia-akademicka.pl\/index.php\/wp-json\/wp\/v2\/media?parent=7203"}],"wp:term":[{"taxonomy":"product_brand","embeddable":true,"href":"https:\/\/ksiegarnia-akademicka.pl\/index.php\/wp-json\/wp\/v2\/product_brand?post=7203"},{"taxonomy":"product_cat","embeddable":true,"href":"https:\/\/ksiegarnia-akademicka.pl\/index.php\/wp-json\/wp\/v2\/product_cat?post=7203"},{"taxonomy":"product_tag","embeddable":true,"href":"https:\/\/ksiegarnia-akademicka.pl\/index.php\/wp-json\/wp\/v2\/product_tag?post=7203"}],"curies":[{"name":"wp","href":"https:\/\/api.w.org\/{rel}","templated":true}]}}

Uwarunkowania i wielopłaszczyznowość badań nad resocjalizacją Podstawy teoretyczne i metodologiczne
