{"id":7190,"date":"2018-05-22T12:58:40","date_gmt":"2018-05-22T10:58:40","guid":{"rendered":"http:\/\/ksiegarnia-akademicka.pl\/index.php\/product\/podejscie-procesowe-w-organizacjach-zarzadzanych-przez-jakosc\/"},"modified":"2018-05-22T12:58:40","modified_gmt":"2018-05-22T10:58:40","slug":"podejscie-procesowe-w-organizacjach-zarzadzanych-przez-jakosc","status":"publish","type":"product","link":"https:\/\/ksiegarnia-akademicka.pl\/index.php\/product\/podejscie-procesowe-w-organizacjach-zarzadzanych-przez-jakosc\/","title":{"rendered":"Podej\u015bcie procesowe w organizacjach zarz\u0105dzanych przez jako\u015b\u0107"},"content":{"rendered":"","protected":false},"excerpt":{"rendered":"","protected":false},"featured_media":0,"template":"","meta":[],"product_brand":[],"product_cat":[16],"product_tag":[247,1902,100],"class_list":{"0":"post-7190","1":"product","2":"type-product","3":"status-publish","5":"product_cat-ksiegarnia-akademicka-radom","6":"product_tag-jakosc","7":"product_tag-organizacja-i-zarzadzanie","8":"product_tag-zarzadzanie-jakoscia","10":"first","11":"instock","12":"shipping-taxable","13":"purchasable","14":"product-type-simple"},"_links":{"self":[{"href":"https:\/\/ksiegarnia-akademicka.pl\/index.php\/wp-json\/wp\/v2\/product\/7190","targetHints":{"allow":["GET"]}}],"collection":[{"href":"https:\/\/ksiegarnia-akademicka.pl\/index.php\/wp-json\/wp\/v2\/product"}],"about":[{"href":"https:\/\/ksiegarnia-akademicka.pl\/index.php\/wp-json\/wp\/v2\/types\/product"}],"wp:attachment":[{"href":"https:\/\/ksiegarnia-akademicka.pl\/index.php\/wp-json\/wp\/v2\/media?parent=7190"}],"wp:term":[{"taxonomy":"product_brand","embeddable":true,"href":"https:\/\/ksiegarnia-akademicka.pl\/index.php\/wp-json\/wp\/v2\/product_brand?post=7190"},{"taxonomy":"product_cat","embeddable":true,"href":"https:\/\/ksiegarnia-akademicka.pl\/index.php\/wp-json\/wp\/v2\/product_cat?post=7190"},{"taxonomy":"product_tag","embeddable":true,"href":"https:\/\/ksiegarnia-akademicka.pl\/index.php\/wp-json\/wp\/v2\/product_tag?post=7190"}],"curies":[{"name":"wp","href":"https:\/\/api.w.org\/{rel}","templated":true}]}}