{"id":7134,"date":"2018-05-22T12:58:29","date_gmt":"2018-05-22T10:58:29","guid":{"rendered":"http:\/\/ksiegarnia-akademicka.pl\/index.php\/product\/prawo-karne-materialne-kazusy-dla-aplikantow\/"},"modified":"2018-12-12T09:31:03","modified_gmt":"2018-12-12T08:31:03","slug":"prawo-karne-materialne-kazusy-dla-aplikantow","status":"publish","type":"product","link":"https:\/\/ksiegarnia-akademicka.pl\/index.php\/product\/prawo-karne-materialne-kazusy-dla-aplikantow\/","title":{"rendered":"Prawo karne materialne Kazusy dla aplikant\u00f3w"},"content":{"rendered":"<p>Nale\u017cy do serii:<br \/>\nAPLIKACJE PRAWNICZE<br \/>\nAutor:<br \/>\nMicha\u0142 B\u0142o\u0144ski<br \/>\nWydawca: Wolters Kluwer<br \/>\nOprawa: Mi\u0119kka<br \/>\nFormat: 14.5&#215;20.5cm<br \/>\nLiczba stron: 426<br \/>\nWydanie: 2<br \/>\nRok wydania: 2017<\/p>\n<p>Dzi\u0119ki kazusom dowiesz si\u0119, kiedy i jak mo\u017cna zastosowa\u0107 nowe instytucje wprowadzone do<br \/>\nprzepis\u00f3w karnych:<br \/>\n&#8211; zakaz zbli\u017cania si\u0119 oskar\u017conego do okre\u015blonych os\u00f3b,<br \/>\n&#8211; zatrzymanie dokumentu stwierdzaj\u0105cego uprawnienie do prowadzenia pojazd\u00f3w mechanicznych,<br \/>\n&#8211; kary za zachowania polegaj\u0105ce na fa\u0142szowaniu faktur i podawanie w nich informacji niezgodnych z prawd\u0105.<\/p>\n<p>Stan prawny na 20 kwietnia 2017 roku<\/p>\n","protected":false},"excerpt":{"rendered":"<p>Nale\u017cy do serii: APLIKACJE PRAWNICZE Autor: Micha\u0142 B\u0142o\u0144ski Wydawca: Wolters [&hellip;]<\/p>\n","protected":false},"featured_media":9476,"template":"","meta":[],"product_brand":[],"product_cat":[7490,18],"product_tag":[696,3995,5120],"class_list":{"0":"post-7134","1":"product","2":"type-product","3":"status-publish","4":"has-post-thumbnail","6":"product_cat-karne","7":"product_cat-prawo","8":"product_tag-kazusy","9":"product_tag-prawo-karne-materialne","10":"product_tag-seria-aplikacje-prawnicze","12":"first","13":"instock","14":"sale","15":"shipping-taxable","16":"purchasable","17":"product-type-simple"},"_links":{"self":[{"href":"https:\/\/ksiegarnia-akademicka.pl\/index.php\/wp-json\/wp\/v2\/product\/7134","targetHints":{"allow":["GET"]}}],"collection":[{"href":"https:\/\/ksiegarnia-akademicka.pl\/index.php\/wp-json\/wp\/v2\/product"}],"about":[{"href":"https:\/\/ksiegarnia-akademicka.pl\/index.php\/wp-json\/wp\/v2\/types\/product"}],"wp:featuredmedia":[{"embeddable":true,"href":"https:\/\/ksiegarnia-akademicka.pl\/index.php\/wp-json\/wp\/v2\/media\/9476"}],"wp:attachment":[{"href":"https:\/\/ksiegarnia-akademicka.pl\/index.php\/wp-json\/wp\/v2\/media?parent=7134"}],"wp:term":[{"taxonomy":"product_brand","embeddable":true,"href":"https:\/\/ksiegarnia-akademicka.pl\/index.php\/wp-json\/wp\/v2\/product_brand?post=7134"},{"taxonomy":"product_cat","embeddable":true,"href":"https:\/\/ksiegarnia-akademicka.pl\/index.php\/wp-json\/wp\/v2\/product_cat?post=7134"},{"taxonomy":"product_tag","embeddable":true,"href":"https:\/\/ksiegarnia-akademicka.pl\/index.php\/wp-json\/wp\/v2\/product_tag?post=7134"}],"curies":[{"name":"wp","href":"https:\/\/api.w.org\/{rel}","templated":true}]}}