{"id":7108,"date":"2018-05-22T12:58:24","date_gmt":"2018-05-22T10:58:24","guid":{"rendered":"http:\/\/ksiegarnia-akademicka.pl\/index.php\/product\/praca-przedszkola-wybrane-zagadnienia-teoretyczne-praktyczne-i-organizacyjne\/"},"modified":"2018-07-07T13:55:31","modified_gmt":"2018-07-07T11:55:31","slug":"praca-przedszkola-wybrane-zagadnienia-teoretyczne-praktyczne-i-organizacyjne","status":"publish","type":"product","link":"https:\/\/ksiegarnia-akademicka.pl\/index.php\/product\/praca-przedszkola-wybrane-zagadnienia-teoretyczne-praktyczne-i-organizacyjne\/","title":{"rendered":"Praca przedszkola Wybrane zagadnienia teoretyczne, praktyczne i organizacyjne"},"content":{"rendered":"<p>Redakcja: Ostrach Zbigniew<br \/>\nWydawca: Impuls<br \/>\nOprawa: Mi\u0119kka<br \/>\nFormat: 15.9&#215;23.4<br \/>\nLiczba stron: 144<br \/>\nWydanie: 1<br \/>\nRok wydania: 2016<\/p>\n<p>Przedszkole jest takim miejscem, gdzie dziecko zdobywa wiedz\u0119 i r\u00f3\u017cne umiej\u0119tno\u015bci w ramach systematycznych, zamierzonych oddzia\u0142ywa\u0144 pedagogicznych, jak r\u00f3wnie\u017c niezamierzonych wp\u0142yw\u00f3w \u015brodowiska. Jest to pierwsza w \u017cyciu dziecka instytucja o\u015bwiatowa, kulturowa i spo\u0142eczna, do kt\u00f3rej ono nale\u017cy. Si\u0142a tej przynale\u017cno\u015bci ma znacz\u0105cy wp\u0142yw na jego rozw\u00f3j i p\u00f3\u017aniejsze funkcjonowanie psychospo\u0142eczne, gdy\u017c do\u015bwiadczenia z okresu dzieci\u0144stwa s\u0105 wa\u017cnym sk\u0142adnikiem wyposa\u017cania jednostki.<br \/>\nDyskusje, rozmowy i spotkania prowadzone w gronie student\u00f3w, nauczycieli, rodzic\u00f3w oraz pracownik\u00f3w naukowych zaowocowa\u0142y pomys\u0142em przygotowania wsp\u00f3lnej publikacji, ukazuj\u0105cej edukacj\u0119 przedszkoln\u0105 zar\u00f3wno od strony pedagogicznej, jak i formalno-prawnej i organizacyjnej. Jej celem jest prezentacja instytucji przedszkolnej, obejmuj\u0105ca: uwarunkowania historyczne rozwoju form opieki nad dzieckiem, zagadnienia zwi\u0105zane z planowaniem i organizacj\u0105 pracy w przedszkolu, wybrane sposoby stymulowania rozwoju dziecka przez biblioterapi\u0119 i \u015bwiadomy dob\u00f3r zabaw z dzieckiem oraz informacje istotne dla os\u00f3b planuj\u0105cych uruchomi\u0107 przedszkole niepubliczne. Na publikacj\u0119 sk\u0142ada si\u0119 7 artyku\u0142\u00f3w, kt\u00f3rych autorzy analizuj\u0105 wspomniane zagadnienia.<br \/>\nMamy nadziej\u0119, \u017ce zawarte w ksi\u0105\u017cce informacje, przemy\u015blenia i osobiste refleksje pomog\u0105 w poznaniu specyfiki pracy przedszkola w r\u00f3\u017cnych obszarach jego dzia\u0142alno\u015bci, zrozumieniu ich celowo\u015bci oraz b\u0119d\u0105 przydatne zar\u00f3wno dla rodzica, jak i os\u00f3b zainteresowanych uruchomieniem niepublicznej plac\u00f3wki przedszkolnej.<br \/>\nZbigniew Ostrach<\/p>\n","protected":false},"excerpt":{"rendered":"<p>Redakcja: Ostrach Zbigniew Wydawca: Impuls Oprawa: Mi\u0119kka Format: 15.9&#215;23.4 Liczba [&hellip;]<\/p>\n","protected":false},"featured_media":7602,"template":"","meta":[],"product_brand":[],"product_cat":[28],"product_tag":[46,1902,242,51,7409],"class_list":{"0":"post-7108","1":"product","2":"type-product","3":"status-publish","4":"has-post-thumbnail","6":"product_cat-pedagogika","7":"product_tag-dydaktyka","8":"product_tag-organizacja-i-zarzadzanie","9":"product_tag-oswiata","10":"product_tag-pedagogika","11":"product_tag-przedszkole","13":"first","14":"instock","15":"sale","16":"shipping-taxable","17":"purchasable","18":"product-type-simple"},"_links":{"self":[{"href":"https:\/\/ksiegarnia-akademicka.pl\/index.php\/wp-json\/wp\/v2\/product\/7108","targetHints":{"allow":["GET"]}}],"collection":[{"href":"https:\/\/ksiegarnia-akademicka.pl\/index.php\/wp-json\/wp\/v2\/product"}],"about":[{"href":"https:\/\/ksiegarnia-akademicka.pl\/index.php\/wp-json\/wp\/v2\/types\/product"}],"wp:featuredmedia":[{"embeddable":true,"href":"https:\/\/ksiegarnia-akademicka.pl\/index.php\/wp-json\/wp\/v2\/media\/7602"}],"wp:attachment":[{"href":"https:\/\/ksiegarnia-akademicka.pl\/index.php\/wp-json\/wp\/v2\/media?parent=7108"}],"wp:term":[{"taxonomy":"product_brand","embeddable":true,"href":"https:\/\/ksiegarnia-akademicka.pl\/index.php\/wp-json\/wp\/v2\/product_brand?post=7108"},{"taxonomy":"product_cat","embeddable":true,"href":"https:\/\/ksiegarnia-akademicka.pl\/index.php\/wp-json\/wp\/v2\/product_cat?post=7108"},{"taxonomy":"product_tag","embeddable":true,"href":"https:\/\/ksiegarnia-akademicka.pl\/index.php\/wp-json\/wp\/v2\/product_tag?post=7108"}],"curies":[{"name":"wp","href":"https:\/\/api.w.org\/{rel}","templated":true}]}}