{"id":7087,"date":"2018-05-22T12:58:20","date_gmt":"2018-05-22T10:58:20","guid":{"rendered":"http:\/\/ksiegarnia-akademicka.pl\/index.php\/product\/zandarmeria-wojskowa\/"},"modified":"2018-12-12T09:27:57","modified_gmt":"2018-12-12T08:27:57","slug":"zandarmeria-wojskowa","status":"publish","type":"product","link":"https:\/\/ksiegarnia-akademicka.pl\/index.php\/product\/zandarmeria-wojskowa\/","title":{"rendered":"\u017bandarmeria wojskowa"},"content":{"rendered":"<p>Autor:<br \/>\nBogus\u0142aw Pacek<br \/>\nWydawca: Adam Marsza\u0142ek<br \/>\nOprawa: Mi\u0119kka<br \/>\nFormat: 16.0&#215;22.0cm<br \/>\nLiczba stron: 198<br \/>\nRok wydania: 2016<\/p>\n<p>Ksi\u0105\u017cka \u017bandarmeria Wojskowa jest podsumowaniem prac na temat formacji podejmowanych w ci\u0105gu wielu lat przez jej by\u0142ego komendanta g\u0142\u00f3wnego i oficera, kt\u00f3ry przeszed\u0142 wszystkie mo\u017cliwe stanowiska w polskiej policji wojskowej: od dow\u00f3dcy patrolu i plutonu przez oficera dochodzeniowego, operacyjnego i komendanta trzech jednostek terenowych a\u017c po szefa ca\u0142ej formacji.<br \/>\nPublikacja uaktualnia stan wiedzy o uprawnieniach \u017candarmerii, zakresie jej dzia\u0142ania, wprowadzonych zmianach prawnych oraz rozszerza tre\u015bci zawarte w poprzedniej ksi\u0105\u017cce genera\u0142a Bogus\u0142awa Packa dzia\u0142ania \u017bandarmerii Wojskowej o histori\u0119 formacji. Przedstawia te\u017c sylwetki komendant\u00f3w \u017bandarmerii II i III RP.<br \/>\n\u017bandarmeria Wojskowa zawiera tre\u015bci, kt\u00f3re opowiadaj\u0105 o formacji zar\u00f3wno w przesz\u0142o\u015bci, jak i wsp\u00f3\u0142cze\u015bnie, To unikalna ksi\u0105\u017cka, skierowana zar\u00f3wno do profesjonalist\u00f3w zajmuj\u0105cych si\u0119 bezpiecze\u0144stwem i obronno\u015bci\u0105 Polski, jak i do wszystkich, kt\u00f3rym bliska jest s\u0142u\u017cba w szkar\u0142atnych beretach.<\/p>\n","protected":false},"excerpt":{"rendered":"<p>Autor: Bogus\u0142aw Pacek Wydawca: Adam Marsza\u0142ek Oprawa: Mi\u0119kka Format: 16.0&#215;22.0cm [&hellip;]<\/p>\n","protected":false},"featured_media":9475,"template":"","meta":[],"product_brand":[],"product_cat":[7490,7497,18],"product_tag":[296,7401,6879,7402],"class_list":{"0":"post-7087","1":"product","2":"type-product","3":"status-publish","4":"has-post-thumbnail","6":"product_cat-karne","7":"product_cat-ogolne-zagadnienia-prawa","8":"product_cat-prawo","9":"product_tag-prawo-karne","10":"product_tag-sily-porzadkowe","11":"product_tag-wojskowosc","12":"product_tag-zandarmeria","14":"first","15":"instock","16":"sale","17":"shipping-taxable","18":"purchasable","19":"product-type-simple"},"_links":{"self":[{"href":"https:\/\/ksiegarnia-akademicka.pl\/index.php\/wp-json\/wp\/v2\/product\/7087","targetHints":{"allow":["GET"]}}],"collection":[{"href":"https:\/\/ksiegarnia-akademicka.pl\/index.php\/wp-json\/wp\/v2\/product"}],"about":[{"href":"https:\/\/ksiegarnia-akademicka.pl\/index.php\/wp-json\/wp\/v2\/types\/product"}],"wp:featuredmedia":[{"embeddable":true,"href":"https:\/\/ksiegarnia-akademicka.pl\/index.php\/wp-json\/wp\/v2\/media\/9475"}],"wp:attachment":[{"href":"https:\/\/ksiegarnia-akademicka.pl\/index.php\/wp-json\/wp\/v2\/media?parent=7087"}],"wp:term":[{"taxonomy":"product_brand","embeddable":true,"href":"https:\/\/ksiegarnia-akademicka.pl\/index.php\/wp-json\/wp\/v2\/product_brand?post=7087"},{"taxonomy":"product_cat","embeddable":true,"href":"https:\/\/ksiegarnia-akademicka.pl\/index.php\/wp-json\/wp\/v2\/product_cat?post=7087"},{"taxonomy":"product_tag","embeddable":true,"href":"https:\/\/ksiegarnia-akademicka.pl\/index.php\/wp-json\/wp\/v2\/product_tag?post=7087"}],"curies":[{"name":"wp","href":"https:\/\/api.w.org\/{rel}","templated":true}]}}

Żandarmeria wojskowa

<p>Autor:<br />
Bogusław Pacek<br />
Wydawca: Adam Marszałek<br />
Oprawa: Miękka<br />
Format: 16.0&#215;22.0cm<br />
Liczba stron: 198<br />
Rok wydania: 2016</p>
<p>Książka Żandarmeria Wojskowa jest podsumowaniem prac na temat formacji podejmowanych w ciągu wielu lat przez jej byłego komendanta głównego i oficera, który przeszedł wszystkie możliwe stanowiska w polskiej policji wojskowej: od dowódcy patrolu i plutonu przez oficera dochodzeniowego, operacyjnego i komendanta trzech jednostek terenowych aż po szefa całej formacji.<br />
Publikacja uaktualnia stan wiedzy o uprawnieniach żandarmerii, zakresie jej działania, wprowadzonych zmianach prawnych oraz rozszerza treści zawarte w poprzedniej książce generała Bogusława Packa działania Żandarmerii Wojskowej o historię formacji. Przedstawia też sylwetki komendantów Żandarmerii II i III RP.<br />
Żandarmeria Wojskowa zawiera treści, które opowiadają o formacji zarówno w przeszłości, jak i współcześnie, To unikalna książka, skierowana zarówno do profesjonalistów zajmujących się bezpieczeństwem i obronnością Polski, jak i do wszystkich, którym bliska jest służba w szkarłatnych beretach.</p>

<p>Autor: Bogusław Pacek Wydawca: Adam Marszałek Oprawa: Miękka Format: 16.0&#215;22.0cm [&hellip;]</p>
