{"id":6998,"date":"2018-05-22T12:58:01","date_gmt":"2018-05-22T10:58:01","guid":{"rendered":"http:\/\/ksiegarnia-akademicka.pl\/index.php\/product\/zagadnienia-prawa-konstytucyjnego-polskie-i-zagraniczne-rozwiazania-ustrojowe-ksiega-jubileuszowa-dedykowana-prof-dariuszowi-goreckiemu\/"},"modified":"2018-05-22T12:58:01","modified_gmt":"2018-05-22T10:58:01","slug":"zagadnienia-prawa-konstytucyjnego-polskie-i-zagraniczne-rozwiazania-ustrojowe-ksiega-jubileuszowa-dedykowana-prof-dariuszowi-goreckiemu","status":"publish","type":"product","link":"https:\/\/ksiegarnia-akademicka.pl\/index.php\/product\/zagadnienia-prawa-konstytucyjnego-polskie-i-zagraniczne-rozwiazania-ustrojowe-ksiega-jubileuszowa-dedykowana-prof-dariuszowi-goreckiemu\/","title":{"rendered":"Zagadnienia prawa konstytucyjnego Polskie i zagraniczne rozwi\u0105zania ustrojowe Ksi\u0119ga jubileuszowa dedykowana Prof. Dariuszowi G\u00f3reckiemu"},"content":{"rendered":"","protected":false},"excerpt":{"rendered":"","protected":false},"featured_media":0,"template":"","meta":[],"product_brand":[],"product_cat":[16],"product_tag":[4993,873],"class_list":{"0":"post-6998","1":"product","2":"type-product","3":"status-publish","5":"product_cat-ksiegarnia-akademicka-radom","6":"product_tag-komentarze-i-opracowania-prawne","7":"product_tag-prawo-konstytucyjne","9":"first","10":"instock","11":"shipping-taxable","12":"purchasable","13":"product-type-simple"},"_links":{"self":[{"href":"https:\/\/ksiegarnia-akademicka.pl\/index.php\/wp-json\/wp\/v2\/product\/6998","targetHints":{"allow":["GET"]}}],"collection":[{"href":"https:\/\/ksiegarnia-akademicka.pl\/index.php\/wp-json\/wp\/v2\/product"}],"about":[{"href":"https:\/\/ksiegarnia-akademicka.pl\/index.php\/wp-json\/wp\/v2\/types\/product"}],"wp:attachment":[{"href":"https:\/\/ksiegarnia-akademicka.pl\/index.php\/wp-json\/wp\/v2\/media?parent=6998"}],"wp:term":[{"taxonomy":"product_brand","embeddable":true,"href":"https:\/\/ksiegarnia-akademicka.pl\/index.php\/wp-json\/wp\/v2\/product_brand?post=6998"},{"taxonomy":"product_cat","embeddable":true,"href":"https:\/\/ksiegarnia-akademicka.pl\/index.php\/wp-json\/wp\/v2\/product_cat?post=6998"},{"taxonomy":"product_tag","embeddable":true,"href":"https:\/\/ksiegarnia-akademicka.pl\/index.php\/wp-json\/wp\/v2\/product_tag?post=6998"}],"curies":[{"name":"wp","href":"https:\/\/api.w.org\/{rel}","templated":true}]}}

Zagadnienia prawa konstytucyjnego Polskie i zagraniczne rozwiązania ustrojowe Księga jubileuszowa dedykowana Prof. Dariuszowi Góreckiemu
