{"id":6992,"date":"2018-05-22T12:58:00","date_gmt":"2018-05-22T10:58:00","guid":{"rendered":"http:\/\/ksiegarnia-akademicka.pl\/index.php\/product\/sad-najwyzszy-izraela-jako-sad-konstytucyjny-przyczynek-do-badan-nad-aktywizmem-sedziowskim\/"},"modified":"2018-05-22T12:58:00","modified_gmt":"2018-05-22T10:58:00","slug":"sad-najwyzszy-izraela-jako-sad-konstytucyjny-przyczynek-do-badan-nad-aktywizmem-sedziowskim","status":"publish","type":"product","link":"https:\/\/ksiegarnia-akademicka.pl\/index.php\/product\/sad-najwyzszy-izraela-jako-sad-konstytucyjny-przyczynek-do-badan-nad-aktywizmem-sedziowskim\/","title":{"rendered":"S\u0105d Najwy\u017cszy Izraela jako s\u0105d konstytucyjny Przyczynek do bada\u0144 nad aktywizmem s\u0119dziowskim"},"content":{"rendered":"","protected":false},"excerpt":{"rendered":"","protected":false},"featured_media":0,"template":"","meta":[],"product_brand":[],"product_cat":[16],"product_tag":[3529,873,7370],"class_list":{"0":"post-6992","1":"product","2":"type-product","3":"status-publish","5":"product_cat-ksiegarnia-akademicka-radom","6":"product_tag-izrael","7":"product_tag-prawo-konstytucyjne","8":"product_tag-sad-najwyzszy","10":"first","11":"instock","12":"shipping-taxable","13":"purchasable","14":"product-type-simple"},"_links":{"self":[{"href":"https:\/\/ksiegarnia-akademicka.pl\/index.php\/wp-json\/wp\/v2\/product\/6992","targetHints":{"allow":["GET"]}}],"collection":[{"href":"https:\/\/ksiegarnia-akademicka.pl\/index.php\/wp-json\/wp\/v2\/product"}],"about":[{"href":"https:\/\/ksiegarnia-akademicka.pl\/index.php\/wp-json\/wp\/v2\/types\/product"}],"wp:attachment":[{"href":"https:\/\/ksiegarnia-akademicka.pl\/index.php\/wp-json\/wp\/v2\/media?parent=6992"}],"wp:term":[{"taxonomy":"product_brand","embeddable":true,"href":"https:\/\/ksiegarnia-akademicka.pl\/index.php\/wp-json\/wp\/v2\/product_brand?post=6992"},{"taxonomy":"product_cat","embeddable":true,"href":"https:\/\/ksiegarnia-akademicka.pl\/index.php\/wp-json\/wp\/v2\/product_cat?post=6992"},{"taxonomy":"product_tag","embeddable":true,"href":"https:\/\/ksiegarnia-akademicka.pl\/index.php\/wp-json\/wp\/v2\/product_tag?post=6992"}],"curies":[{"name":"wp","href":"https:\/\/api.w.org\/{rel}","templated":true}]}}

Sąd Najwyższy Izraela jako sąd konstytucyjny Przyczynek do badań nad aktywizmem sędziowskim
