{"id":6693,"date":"2018-05-22T12:57:04","date_gmt":"2018-05-22T10:57:04","guid":{"rendered":"http:\/\/ksiegarnia-akademicka.pl\/index.php\/product\/co-z-ta-szkola-siedem-perspektyw-dla-uczniow-nauczycieli-i-rodzicow\/"},"modified":"2018-05-22T12:57:04","modified_gmt":"2018-05-22T10:57:04","slug":"co-z-ta-szkola-siedem-perspektyw-dla-uczniow-nauczycieli-i-rodzicow","status":"publish","type":"product","link":"https:\/\/ksiegarnia-akademicka.pl\/index.php\/product\/co-z-ta-szkola-siedem-perspektyw-dla-uczniow-nauczycieli-i-rodzicow\/","title":{"rendered":"Co z t\u0105 szko\u0142\u0105? Siedem perspektyw dla uczni\u00f3w, nauczycieli i rodzic\u00f3w"},"content":{"rendered":"","protected":false},"excerpt":{"rendered":"","protected":false},"featured_media":0,"template":"","meta":[],"product_brand":[],"product_cat":[16],"product_tag":[51],"class_list":{"0":"post-6693","1":"product","2":"type-product","3":"status-publish","5":"product_cat-ksiegarnia-akademicka-radom","6":"product_tag-pedagogika","8":"first","9":"instock","10":"shipping-taxable","11":"purchasable","12":"product-type-simple"},"_links":{"self":[{"href":"https:\/\/ksiegarnia-akademicka.pl\/index.php\/wp-json\/wp\/v2\/product\/6693","targetHints":{"allow":["GET"]}}],"collection":[{"href":"https:\/\/ksiegarnia-akademicka.pl\/index.php\/wp-json\/wp\/v2\/product"}],"about":[{"href":"https:\/\/ksiegarnia-akademicka.pl\/index.php\/wp-json\/wp\/v2\/types\/product"}],"wp:attachment":[{"href":"https:\/\/ksiegarnia-akademicka.pl\/index.php\/wp-json\/wp\/v2\/media?parent=6693"}],"wp:term":[{"taxonomy":"product_brand","embeddable":true,"href":"https:\/\/ksiegarnia-akademicka.pl\/index.php\/wp-json\/wp\/v2\/product_brand?post=6693"},{"taxonomy":"product_cat","embeddable":true,"href":"https:\/\/ksiegarnia-akademicka.pl\/index.php\/wp-json\/wp\/v2\/product_cat?post=6693"},{"taxonomy":"product_tag","embeddable":true,"href":"https:\/\/ksiegarnia-akademicka.pl\/index.php\/wp-json\/wp\/v2\/product_tag?post=6693"}],"curies":[{"name":"wp","href":"https:\/\/api.w.org\/{rel}","templated":true}]}}

Co z tą szkołą? Siedem perspektyw dla uczniów, nauczycieli i rodziców
