{"id":6566,"date":"2018-05-22T12:56:41","date_gmt":"2018-05-22T10:56:41","guid":{"rendered":"http:\/\/ksiegarnia-akademicka.pl\/index.php\/product\/prawo-karne-wyklad-czesci-ogolnej-2\/"},"modified":"2019-01-03T15:53:17","modified_gmt":"2019-01-03T14:53:17","slug":"prawo-karne-wyklad-czesci-ogolnej-2","status":"publish","type":"product","link":"https:\/\/ksiegarnia-akademicka.pl\/index.php\/product\/prawo-karne-wyklad-czesci-ogolnej-2\/","title":{"rendered":"Prawo karne Wyk\u0142ad cz\u0119\u015bci og\u00f3lnej"},"content":{"rendered":"<p>Autor:<br \/>\n\u0141ukasz Pohl<br \/>\nWydawca: Wolters Kluwer<br \/>\nOprawa: Mi\u0119kka<br \/>\nLiczba stron: 588<br \/>\nWydanie: 4<br \/>\nRok wydania: 2018<\/p>\n<p>Podr\u0119cznik w spos\u00f3b pog\u0142\u0119biony i usystematyzowany przedstawia i obja\u015bnia najwa\u017cniejsze zagadnienia cz\u0119\u015bci og\u00f3lnej obecnie obowi\u0105zuj\u0105cego polskiego prawa karnego.<br \/>\nW opracowaniu om\u00f3wiono:<br \/>\n\u2013 zagadnienie wyr\u00f3\u017cnianych w literaturze przedmiotu podzia\u0142\u00f3w prawa karnego oraz przypisywanych mu funkcji;<br \/>\n\u2013 problematyk\u0119 \u017ar\u00f3d\u0142a prawa karnego oraz kwesti\u0119 struktury i zawarto\u015bci normatywnej jego przepis\u00f3w;<br \/>\n\u2013 wyk\u0142adni\u0119 przepis\u00f3w prawa karnego oraz czasowego i miejscowego zakresu ich zastosowania;<br \/>\n\u2013 najwa\u017cniejsze zagadnienia dotycz\u0105ce struktury przest\u0119pstwa;<br \/>\n\u2013 przepisy dotycz\u0105ce kary i innych \u015brodk\u00f3w prawnokarnej reakcji na pope\u0142nienie przest\u0119pstwa.<br \/>\nCzwarte wydanie publikacji zawiera istotne zmiany legislacyjne w zakresie kodeksowego uj\u0119cia kary ograniczenia wolno\u015bci, niekt\u00f3rych \u015brodk\u00f3w karnych, odst\u0105pienia od wymierzenia kary, przedawnienia oraz zatarcia skazania.<br \/>\nPublikacja jest przeznaczona przede wszystkim dla student\u00f3w prawa i administracji. Mo\u017ce te\u017c by\u0107 przydatna aplikantom s\u0105dowym, prokuratorskim, adwokackim oraz pracownikom naukowym.<\/p>\n","protected":false},"excerpt":{"rendered":"<p>Autor: \u0141ukasz Pohl Wydawca: Wolters Kluwer Oprawa: Mi\u0119kka Liczba stron: [&hellip;]<\/p>\n","protected":false},"featured_media":10011,"template":"","meta":[],"product_brand":[],"product_cat":[7490,18],"product_tag":[296,330],"class_list":{"0":"post-6566","1":"product","2":"type-product","3":"status-publish","4":"has-post-thumbnail","6":"product_cat-karne","7":"product_cat-prawo","8":"product_tag-prawo-karne","9":"product_tag-seria-akademicka","11":"first","12":"instock","13":"sale","14":"shipping-taxable","15":"purchasable","16":"product-type-simple"},"_links":{"self":[{"href":"https:\/\/ksiegarnia-akademicka.pl\/index.php\/wp-json\/wp\/v2\/product\/6566","targetHints":{"allow":["GET"]}}],"collection":[{"href":"https:\/\/ksiegarnia-akademicka.pl\/index.php\/wp-json\/wp\/v2\/product"}],"about":[{"href":"https:\/\/ksiegarnia-akademicka.pl\/index.php\/wp-json\/wp\/v2\/types\/product"}],"wp:featuredmedia":[{"embeddable":true,"href":"https:\/\/ksiegarnia-akademicka.pl\/index.php\/wp-json\/wp\/v2\/media\/10011"}],"wp:attachment":[{"href":"https:\/\/ksiegarnia-akademicka.pl\/index.php\/wp-json\/wp\/v2\/media?parent=6566"}],"wp:term":[{"taxonomy":"product_brand","embeddable":true,"href":"https:\/\/ksiegarnia-akademicka.pl\/index.php\/wp-json\/wp\/v2\/product_brand?post=6566"},{"taxonomy":"product_cat","embeddable":true,"href":"https:\/\/ksiegarnia-akademicka.pl\/index.php\/wp-json\/wp\/v2\/product_cat?post=6566"},{"taxonomy":"product_tag","embeddable":true,"href":"https:\/\/ksiegarnia-akademicka.pl\/index.php\/wp-json\/wp\/v2\/product_tag?post=6566"}],"curies":[{"name":"wp","href":"https:\/\/api.w.org\/{rel}","templated":true}]}}