{"id":6547,"date":"2018-05-22T12:56:38","date_gmt":"2018-05-22T10:56:38","guid":{"rendered":"http:\/\/ksiegarnia-akademicka.pl\/index.php\/product\/prawo-wlasnosci-intelektualnej\/"},"modified":"2018-12-12T14:33:19","modified_gmt":"2018-12-12T13:33:19","slug":"prawo-wlasnosci-intelektualnej","status":"publish","type":"product","link":"https:\/\/ksiegarnia-akademicka.pl\/index.php\/product\/prawo-wlasnosci-intelektualnej\/","title":{"rendered":"Prawo w\u0142asno\u015bci intelektualnej"},"content":{"rendered":"<p>Nale\u017cy do serii:<br \/>\nSERIA AKADEMICKA<br \/>\nAutor:<br \/>\nJoanna Sie\u0144czy\u0142o-Chlabicz<br \/>\nZofia Zawadzka<br \/>\nMonika Nowikowska<br \/>\nRedakcja: Sie\u0144czy\u0142o-Chlabicz Joanna<br \/>\nWydawca: Wolters Kluwer<br \/>\nOprawa: Mi\u0119kka<br \/>\nFormat: 17.0&#215;24.0cm<br \/>\nLiczba stron: 756<br \/>\nWydanie: 1<br \/>\nRok wydania: 2018<\/p>\n<p>Prawo w\u0142asno\u015bci intelektualnej to ca\u0142kowicie nowe wydanie podr\u0119cznika akademickiego od wielu lat funkcjonuj\u0105cego na rynku wydawniczym, obejmuj\u0105cego w jednym tomie zagadnienia z zakresu prawa autorskiego i praw pokrewnych oraz prawa w\u0142asno\u015bci przemys\u0142owej. W przyst\u0119pnej i komunikatywnej formie zosta\u0142y w nim uwzgl\u0119dnione najnowsze zmiany dotycz\u0105ce zar\u00f3wno polskiego, jak i europejskiego prawa w\u0142asno\u015bci intelektualnej.<br \/>\nKsi\u0105\u017cka &#8211; opr\u00f3cz wskazania dorobku doktryny &#8211; zawiera liczne wskaz\u00f3wki o charakterze praktycznym, poczynione na podstawie przyk\u0142ad\u00f3w z orzecznictwa s\u0105d\u00f3w polskich oraz europejskich, co pomaga w rozwi\u0105zywaniu problem\u00f3w dotycz\u0105cych stosowania prawa w\u0142asno\u015bci intelektualnej. Zrozumienie skomplikowanych zagadnie\u0144 u\u0142atwi bogata szata graficzna: schematy, tabele, rysunki oraz przyk\u0142ady zarejestrowanych d\u00f3br w\u0142asno\u015bci przemys\u0142owej.<\/p>\n","protected":false},"excerpt":{"rendered":"<p>Nale\u017cy do serii: SERIA AKADEMICKA Autor: Joanna Sie\u0144czy\u0142o-Chlabicz Zofia Zawadzka [&hellip;]<\/p>\n","protected":false},"featured_media":9536,"template":"","meta":[],"product_brand":[],"product_cat":[7491,18],"product_tag":[1016,4307,330],"class_list":{"0":"post-6547","1":"product","2":"type-product","3":"status-publish","4":"has-post-thumbnail","6":"product_cat-cywilne","7":"product_cat-prawo","8":"product_tag-prawo-autorskie","9":"product_tag-prawo-wlasnosci-intelektualnej","10":"product_tag-seria-akademicka","12":"first","13":"instock","14":"sale","15":"shipping-taxable","16":"purchasable","17":"product-type-simple"},"_links":{"self":[{"href":"https:\/\/ksiegarnia-akademicka.pl\/index.php\/wp-json\/wp\/v2\/product\/6547","targetHints":{"allow":["GET"]}}],"collection":[{"href":"https:\/\/ksiegarnia-akademicka.pl\/index.php\/wp-json\/wp\/v2\/product"}],"about":[{"href":"https:\/\/ksiegarnia-akademicka.pl\/index.php\/wp-json\/wp\/v2\/types\/product"}],"wp:featuredmedia":[{"embeddable":true,"href":"https:\/\/ksiegarnia-akademicka.pl\/index.php\/wp-json\/wp\/v2\/media\/9536"}],"wp:attachment":[{"href":"https:\/\/ksiegarnia-akademicka.pl\/index.php\/wp-json\/wp\/v2\/media?parent=6547"}],"wp:term":[{"taxonomy":"product_brand","embeddable":true,"href":"https:\/\/ksiegarnia-akademicka.pl\/index.php\/wp-json\/wp\/v2\/product_brand?post=6547"},{"taxonomy":"product_cat","embeddable":true,"href":"https:\/\/ksiegarnia-akademicka.pl\/index.php\/wp-json\/wp\/v2\/product_cat?post=6547"},{"taxonomy":"product_tag","embeddable":true,"href":"https:\/\/ksiegarnia-akademicka.pl\/index.php\/wp-json\/wp\/v2\/product_tag?post=6547"}],"curies":[{"name":"wp","href":"https:\/\/api.w.org\/{rel}","templated":true}]}}

Prawo własności intelektualnej

<p>Należy do serii:<br />
SERIA AKADEMICKA<br />
Autor:<br />
Joanna Sieńczyło-Chlabicz<br />
Zofia Zawadzka<br />
Monika Nowikowska<br />
Redakcja: Sieńczyło-Chlabicz Joanna<br />
Wydawca: Wolters Kluwer<br />
Oprawa: Miękka<br />
Format: 17.0&#215;24.0cm<br />
Liczba stron: 756<br />
Wydanie: 1<br />
Rok wydania: 2018</p>
<p>Prawo własności intelektualnej to całkowicie nowe wydanie podręcznika akademickiego od wielu lat funkcjonującego na rynku wydawniczym, obejmującego w jednym tomie zagadnienia z zakresu prawa autorskiego i praw pokrewnych oraz prawa własności przemysłowej. W przystępnej i komunikatywnej formie zostały w nim uwzględnione najnowsze zmiany dotyczące zarówno polskiego, jak i europejskiego prawa własności intelektualnej.<br />
Książka &#8211; oprócz wskazania dorobku doktryny &#8211; zawiera liczne wskazówki o charakterze praktycznym, poczynione na podstawie przykładów z orzecznictwa sądów polskich oraz europejskich, co pomaga w rozwiązywaniu problemów dotyczących stosowania prawa własności intelektualnej. Zrozumienie skomplikowanych zagadnień ułatwi bogata szata graficzna: schematy, tabele, rysunki oraz przykłady zarejestrowanych dóbr własności przemysłowej.</p>

<p>Należy do serii: SERIA AKADEMICKA Autor: Joanna Sieńczyło-Chlabicz Zofia Zawadzka [&hellip;]</p>
