{"id":6517,"date":"2018-05-22T12:56:32","date_gmt":"2018-05-22T10:56:32","guid":{"rendered":"http:\/\/ksiegarnia-akademicka.pl\/index.php\/product\/laboratorium-automatyki-i-mechatroniki-mechatronika\/"},"modified":"2025-10-07T11:17:21","modified_gmt":"2025-10-07T09:17:21","slug":"laboratorium-automatyki-i-mechatroniki-mechatronika","status":"publish","type":"product","link":"https:\/\/ksiegarnia-akademicka.pl\/index.php\/product\/laboratorium-automatyki-i-mechatroniki-mechatronika\/","title":{"rendered":"Laboratorium automatyki i mechatroniki"},"content":{"rendered":"<p>Autor: Miros\u0142aw Luft, Zbigniew \u0141ukasik, Konrad Krzysztoszek, Daniel Pietruszczak, Dariusz Podsiad\u0142y<\/p>\n<p>Seria: skrypty Uniwersytetu Radomskiego<br \/>\nWydawca: Wydawnictwo Uniwersytetu Radomskiego<br \/>\nRok wydania: 2025<br \/>\nwyd.4 zmienione i poprawione<br \/>\nIlo\u015b\u0107 stron: 327<\/p>\n<p>ISBN 978-83-68172-11-9<\/p>\n<p>&nbsp;<\/p>\n<p>Podr\u0119cznik jest przeznaczony dla student\u00f3w kierunk\u00f3w: Elektrotechnika, Transport, Elektronika i telekomunikacja. Ksi\u0105\u017cka zosta\u0142a podzielona na dwie cz\u0119\u015bci. Cz\u0119\u015b\u0107 pierwsza \u2013 Automatyka zawiera 12 instrukcji do \u0107wicze\u0144 laboratoryjnych z zakresu teorii sterowania, obejmuj\u0105cego liniowe uk\u0142ady jedno- i wielowymiarowe, nieliniowe uk\u0142ady sterowania oraz analogowe i cyfrowe modelowanie uk\u0142ad\u00f3w dynamicznych. Cz\u0119\u015b\u0107 druga \u2013 Mechatronika obejmuje \u0107wiczenia z zakresu robotyki, symulacji i realizacji system\u00f3w sterowania na elementach pneumatycznych, realizacji uk\u0142ad\u00f3w logicznych kombinacyjnych i sekwencyjnych oraz uk\u0142ad\u00f3w elektropneumatycznych.<\/p>\n<p>&nbsp;<\/p>\n<p>&nbsp;<\/p>\n","protected":false},"excerpt":{"rendered":"<p>Autor: Miros\u0142aw Luft, Zbigniew \u0141ukasik, Konrad Krzysztoszek, Daniel Pietruszczak, Dariusz [&hellip;]<\/p>\n","protected":false},"featured_media":20741,"template":"","meta":[],"product_brand":[],"product_cat":[7526,7530,43],"product_tag":[121,6255,8582],"class_list":{"0":"post-6517","1":"product","2":"type-product","3":"status-publish","4":"has-post-thumbnail","6":"product_cat-automatyka-elektronika-telekomunikacja","7":"product_cat-nowosci","8":"product_cat-wydawnictwo-uth","9":"product_tag-automatyka","10":"product_tag-mechatronika","11":"product_tag-seria-skrypty-uniwersytetu-radomskiego","13":"first","14":"instock","15":"sale","16":"shipping-taxable","17":"purchasable","18":"product-type-simple"},"_links":{"self":[{"href":"https:\/\/ksiegarnia-akademicka.pl\/index.php\/wp-json\/wp\/v2\/product\/6517","targetHints":{"allow":["GET"]}}],"collection":[{"href":"https:\/\/ksiegarnia-akademicka.pl\/index.php\/wp-json\/wp\/v2\/product"}],"about":[{"href":"https:\/\/ksiegarnia-akademicka.pl\/index.php\/wp-json\/wp\/v2\/types\/product"}],"wp:featuredmedia":[{"embeddable":true,"href":"https:\/\/ksiegarnia-akademicka.pl\/index.php\/wp-json\/wp\/v2\/media\/20741"}],"wp:attachment":[{"href":"https:\/\/ksiegarnia-akademicka.pl\/index.php\/wp-json\/wp\/v2\/media?parent=6517"}],"wp:term":[{"taxonomy":"product_brand","embeddable":true,"href":"https:\/\/ksiegarnia-akademicka.pl\/index.php\/wp-json\/wp\/v2\/product_brand?post=6517"},{"taxonomy":"product_cat","embeddable":true,"href":"https:\/\/ksiegarnia-akademicka.pl\/index.php\/wp-json\/wp\/v2\/product_cat?post=6517"},{"taxonomy":"product_tag","embeddable":true,"href":"https:\/\/ksiegarnia-akademicka.pl\/index.php\/wp-json\/wp\/v2\/product_tag?post=6517"}],"curies":[{"name":"wp","href":"https:\/\/api.w.org\/{rel}","templated":true}]}}