{"id":6497,"date":"2018-05-22T12:56:29","date_gmt":"2018-05-22T10:56:29","guid":{"rendered":"http:\/\/ksiegarnia-akademicka.pl\/index.php\/product\/regulae-iuris-lacinskie-inskrypcje-na-kolumnach-sadu-najwyzszego-rzeczypospolitej-polskiej\/"},"modified":"2018-05-22T12:56:29","modified_gmt":"2018-05-22T10:56:29","slug":"regulae-iuris-lacinskie-inskrypcje-na-kolumnach-sadu-najwyzszego-rzeczypospolitej-polskiej","status":"publish","type":"product","link":"https:\/\/ksiegarnia-akademicka.pl\/index.php\/product\/regulae-iuris-lacinskie-inskrypcje-na-kolumnach-sadu-najwyzszego-rzeczypospolitej-polskiej\/","title":{"rendered":"Regulae iuris. \u0141aci\u0144skie inskrypcje na kolumnach S\u0105du Najwy\u017cszego Rzeczypospolitej Polskiej"},"content":{"rendered":"","protected":false},"excerpt":{"rendered":"","protected":false},"featured_media":0,"template":"","meta":[],"product_brand":[],"product_cat":[16],"product_tag":[7208],"class_list":{"0":"post-6497","1":"product","2":"type-product","3":"status-publish","5":"product_cat-ksiegarnia-akademicka-radom","6":"product_tag-aforyzmy-mysli-przyslowia-historia-i-teoria-prawa-prawo-rzymskie-prawnicy-wydawnictwa-naukowe","8":"first","9":"instock","10":"shipping-taxable","11":"purchasable","12":"product-type-simple"},"_links":{"self":[{"href":"https:\/\/ksiegarnia-akademicka.pl\/index.php\/wp-json\/wp\/v2\/product\/6497","targetHints":{"allow":["GET"]}}],"collection":[{"href":"https:\/\/ksiegarnia-akademicka.pl\/index.php\/wp-json\/wp\/v2\/product"}],"about":[{"href":"https:\/\/ksiegarnia-akademicka.pl\/index.php\/wp-json\/wp\/v2\/types\/product"}],"wp:attachment":[{"href":"https:\/\/ksiegarnia-akademicka.pl\/index.php\/wp-json\/wp\/v2\/media?parent=6497"}],"wp:term":[{"taxonomy":"product_brand","embeddable":true,"href":"https:\/\/ksiegarnia-akademicka.pl\/index.php\/wp-json\/wp\/v2\/product_brand?post=6497"},{"taxonomy":"product_cat","embeddable":true,"href":"https:\/\/ksiegarnia-akademicka.pl\/index.php\/wp-json\/wp\/v2\/product_cat?post=6497"},{"taxonomy":"product_tag","embeddable":true,"href":"https:\/\/ksiegarnia-akademicka.pl\/index.php\/wp-json\/wp\/v2\/product_tag?post=6497"}],"curies":[{"name":"wp","href":"https:\/\/api.w.org\/{rel}","templated":true}]}}

Regulae iuris. Łacińskie inskrypcje na kolumnach Sądu Najwyższego Rzeczypospolitej Polskiej
