{"id":64,"date":"2018-05-22T12:40:43","date_gmt":"2018-05-22T10:40:43","guid":{"rendered":"http:\/\/ksiegarnia-akademicka.pl\/index.php\/product\/systemy-sterowania-ruchem-kolejowym\/"},"modified":"2019-07-22T09:13:25","modified_gmt":"2019-07-22T07:13:25","slug":"systemy-sterowania-ruchem-kolejowym","status":"publish","type":"product","link":"https:\/\/ksiegarnia-akademicka.pl\/index.php\/product\/systemy-sterowania-ruchem-kolejowym\/","title":{"rendered":"Systemy sterowania ruchem kolejowym"},"content":{"rendered":"<p>Dyduch Janusz, Kornaszewski Mieczys\u0142aw Wydawnictwo Uniwersytu Technologiczno-Humanistycznego 2018<\/p>\n<p>Niniejszy skrypt jest przeznaczony dla student\u00f3w Wydzia\u0142u Transportu i Elektrotechniki Uniwersytetu Technologiczno-Humanistycznego studi\u00f3w stacjonarnych i niestacjonarnych o specjalno\u015bciach zwi\u0105zanych z transportem kolejowym.<\/p>\n<p>Tre\u015b\u0107 skryptu ma na celu zapoznanie student\u00f3w z konstrukcj\u0105 i dzia\u0142aniem element\u00f3w, urz\u0105dze\u0144 a przede wszystkim system\u00f3w sterowania ruchem kolejowym. (&#8230;)<\/p>\n<p>W skrypcie przedstawione s\u0105 zagadnienia, uj\u0119te tematycznie, uzupe\u0142niaj\u0105ce wyk\u0142ady z przedmiot\u00f3w: Elementy i uk\u0142ady SRK, Sterowanie ruchem kolejowym, Elektroniczne urz\u0105dzenia SRK, Systemy SRK oraz Nowoczesne systemy prowadzenia ruchu &#8211; prowadzonych w Zak\u0142adzie System\u00f3w Sterowania w Transporcie Wydzia\u0142u Transportu i Elektrotechniki UTH.<\/p>\n<p><span style=\"font-size: small\"><span style=\"font-size: 11px\"><span style=\"font-size: 10pt;font-family: Arial\">\u00a0\u00a0 Ksi\u0105\u017cka<br \/>\nzawiera podstawowe informacje przydatne w wyk\u0142adach i laboratoriach z<br \/>\nprzedmiot\u00f3w obejmuj\u0105cych tematyk\u0119 sterowania ruchem kolejowym. Opisane<br \/>\nzagadnienia maj\u0105 na celu zapoznanie z konstrukcj\u0105 i dzia\u0142aniem<br \/>\npodstawowych element\u00f3w srk (m.in. przeka\u017aniki, d\u0142awiki torowe, d\u0142awiki<br \/>\nwyr\u00f3wnawcze, itp.), urz\u0105dze\u0144 ( czujniki szynowe, nap\u0119dy zwrotnicowe,<br \/>\nsygnalizatory torowe, przetwornice, pulpity nastawcze, itp.) oraz<br \/>\nsystem\u00f3w srk (liniowe, stacyjne, oddzia\u0142ywanie tor- pojazd,<br \/>\nsygnalizacji przejazdowej). Przedstawiono systemy sterowania ruchem<br \/>\nkolejowym stosowane przez koleje europejskie i wprowadzane w Polsce,<br \/>\ntakie jak: nastawcze- ESTW L 90 PL, EBILOCK 850, SIMIS-W, liniowe- Eap,<br \/>\nEa, Eac, FELB, SHL-1, sterowania i kierowania ruchem- BUSZ-16, SKR.-2,<br \/>\noddzia\u0142ywania w relacji tor- pojazd- EBICAB-900, ETCS, sygnalizacji<br \/>\nprzejazdowej-SPA-4, NE BUE 90E, BUES 2000,a tak\u017ce systemy sterowania<br \/>\ndla linii ma\u0142oobci\u0105\u017conych.<\/span><\/span><\/span><\/p>\n<p>&nbsp;<\/p>\n","protected":false},"excerpt":{"rendered":"<p>Dyduch Janusz, Kornaszewski Mieczys\u0142aw Wydawnictwo Uniwersytu Technologiczno-Humanistycznego 2018 Niniejszy skrypt [&hellip;]<\/p>\n","protected":false},"featured_media":7659,"template":"","meta":[],"product_brand":[],"product_cat":[7526,7525,43],"product_tag":[79,151,150],"class_list":{"0":"post-64","1":"product","2":"type-product","3":"status-publish","4":"has-post-thumbnail","6":"product_cat-automatyka-elektronika-telekomunikacja","7":"product_cat-transport","8":"product_cat-wydawnictwo-uth","9":"product_tag-skrypty-uth","10":"product_tag-sterowanie-ruchem-kolejowym","11":"product_tag-transport-kolejowy","13":"first","14":"outofstock","15":"shipping-taxable","16":"purchasable","17":"product-type-simple"},"_links":{"self":[{"href":"https:\/\/ksiegarnia-akademicka.pl\/index.php\/wp-json\/wp\/v2\/product\/64","targetHints":{"allow":["GET"]}}],"collection":[{"href":"https:\/\/ksiegarnia-akademicka.pl\/index.php\/wp-json\/wp\/v2\/product"}],"about":[{"href":"https:\/\/ksiegarnia-akademicka.pl\/index.php\/wp-json\/wp\/v2\/types\/product"}],"wp:featuredmedia":[{"embeddable":true,"href":"https:\/\/ksiegarnia-akademicka.pl\/index.php\/wp-json\/wp\/v2\/media\/7659"}],"wp:attachment":[{"href":"https:\/\/ksiegarnia-akademicka.pl\/index.php\/wp-json\/wp\/v2\/media?parent=64"}],"wp:term":[{"taxonomy":"product_brand","embeddable":true,"href":"https:\/\/ksiegarnia-akademicka.pl\/index.php\/wp-json\/wp\/v2\/product_brand?post=64"},{"taxonomy":"product_cat","embeddable":true,"href":"https:\/\/ksiegarnia-akademicka.pl\/index.php\/wp-json\/wp\/v2\/product_cat?post=64"},{"taxonomy":"product_tag","embeddable":true,"href":"https:\/\/ksiegarnia-akademicka.pl\/index.php\/wp-json\/wp\/v2\/product_tag?post=64"}],"curies":[{"name":"wp","href":"https:\/\/api.w.org\/{rel}","templated":true}]}}