{"id":602,"date":"2018-05-22T12:41:47","date_gmt":"2018-05-22T10:41:47","guid":{"rendered":"http:\/\/ksiegarnia-akademicka.pl\/index.php\/product\/opisowa-metodologia-badan-psychologicznych-studia-i-przyklady\/"},"modified":"2024-09-23T14:25:22","modified_gmt":"2024-09-23T12:25:22","slug":"opisowa-metodologia-badan-psychologicznych-studia-i-przyklady","status":"publish","type":"product","link":"https:\/\/ksiegarnia-akademicka.pl\/index.php\/product\/opisowa-metodologia-badan-psychologicznych-studia-i-przyklady\/","title":{"rendered":"Opisowa metodologia bada\u0144 psychologicznych. Studia i przyk\u0142ady"},"content":{"rendered":"<p>Redakcja: Stachowski Ryszard, Zeidler W\u0142odzis\u0142aw<br \/>\nWydawca: Vizja Press&amp;IT<br \/>\nOprawa: Mi\u0119kka<br \/>\nFormat: 16.0&#215;23.0cm<br \/>\nLiczba stron: 274<br \/>\nRok wydania: 2008<br \/>\nJ\u0119zyk wydania: polski<\/p>\n<p>Zebrane w tym opracowaniu teksty traktujemy jako uzupe\u0142nienie obecnych na polskim rynku wydawniczym podr\u0119cznik\u00f3w z zakresu metodologii bada\u0144 psychologicznych. Nie stanowi\u0105 one systematycznego wyk\u0142adu, lecz pog\u0142\u0119bione studia skoncentrowane na wybranych problemach zwi\u0105zanych z genez\u0105 oraz zastosowaniem metodologii: w badaniach i psychologicznej praktyce. (&#8230;) Jeste\u015bmy przekonani, \u017ce znajomo\u015b\u0107 metodologii jest niezb\u0119dna wsz\u0119dzie tam, gdzie zamierzamy nauk\u0119 tworzy\u0107, jak r\u00f3wnie\u017c tam, gdzie chcemy nauk\u0119 zastosowa\u0107 i wykorzysta\u0107 do rozwi\u0105zania praktycznych problem\u00f3w, poprawienia jako\u015bci ludzkiego \u017cycia.\u201d<br \/>\nZe wst\u0119pu<\/p>\n<p>Spis tre\u015bci:<br \/>\nRyszard Stachowski, W\u0142odzis\u0142aw Zeidler: Wst\u0119p<br \/>\nJurgen Rost: Analiza danych empirycznych \u2013 aktualne pytania i rozwa\u017cania<br \/>\nRyszard Stachowski: O niekt\u00f3rych problemach metodologicznych pomiaru w psychologii<br \/>\nW\u0142odzis\u0142aw Zeidler: Opisowa metodologia bada\u0144 psychologicznych: g\u0142\u00f3wne problemy i antynomie<br \/>\nJan Cieciuch: Przydatno\u015b\u0107 falsyfikacjonizmu K. R. Poppera w badaniach psychologicznych<br \/>\nW\u0142odzis\u0142aw Zeidler: Najwa\u017cniejsze spory o przedmiot i metod\u0119<br \/>\nWaldemar Klinkosz: Metodologiczne problemy badania motywacji osi\u0105gni\u0119\u0107 na r\u00f3\u017cnych kierunkach studi\u00f3w<br \/>\nKrzysztof Fronczyk: Spos\u00f3b formu\u0142owania problem\u00f3w w diagnozie indywidualnej oraz w badaniach naukowych \u2013 podobie\u0144stwa i r\u00f3\u017cnice<br \/>\nPiotr Zieli\u0144ski: Mi\u0119dzy wiedz\u0105 potoczn\u0105 a wiedz\u0105 naukow\u0105 \u2013 metodologiczne wyzwania w obr\u0119bie psychologii barw<br \/>\nW\u0142odzis\u0142aw Zeidler: Kierunki i dynamika przemian w zapisie i nauczaniu metodologii bada\u0144 psychologicznych<\/p>\n","protected":false},"excerpt":{"rendered":"<p>Redakcja: Stachowski Ryszard, Zeidler W\u0142odzis\u0142aw Wydawca: Vizja Press&amp;IT Oprawa: Mi\u0119kka [&hellip;]<\/p>\n","protected":false},"featured_media":15744,"template":"","meta":[],"product_brand":[],"product_cat":[27,7509],"product_tag":[1186],"class_list":{"0":"post-602","1":"product","2":"type-product","3":"status-publish","4":"has-post-thumbnail","6":"product_cat-nauki-spoleczne","7":"product_cat-psychologia","8":"product_tag-psychologia","10":"first","11":"outofstock","12":"sale","13":"shipping-taxable","14":"purchasable","15":"product-type-simple"},"_links":{"self":[{"href":"https:\/\/ksiegarnia-akademicka.pl\/index.php\/wp-json\/wp\/v2\/product\/602","targetHints":{"allow":["GET"]}}],"collection":[{"href":"https:\/\/ksiegarnia-akademicka.pl\/index.php\/wp-json\/wp\/v2\/product"}],"about":[{"href":"https:\/\/ksiegarnia-akademicka.pl\/index.php\/wp-json\/wp\/v2\/types\/product"}],"wp:featuredmedia":[{"embeddable":true,"href":"https:\/\/ksiegarnia-akademicka.pl\/index.php\/wp-json\/wp\/v2\/media\/15744"}],"wp:attachment":[{"href":"https:\/\/ksiegarnia-akademicka.pl\/index.php\/wp-json\/wp\/v2\/media?parent=602"}],"wp:term":[{"taxonomy":"product_brand","embeddable":true,"href":"https:\/\/ksiegarnia-akademicka.pl\/index.php\/wp-json\/wp\/v2\/product_brand?post=602"},{"taxonomy":"product_cat","embeddable":true,"href":"https:\/\/ksiegarnia-akademicka.pl\/index.php\/wp-json\/wp\/v2\/product_cat?post=602"},{"taxonomy":"product_tag","embeddable":true,"href":"https:\/\/ksiegarnia-akademicka.pl\/index.php\/wp-json\/wp\/v2\/product_tag?post=602"}],"curies":[{"name":"wp","href":"https:\/\/api.w.org\/{rel}","templated":true}]}}