{"id":5948,"date":"2018-05-22T12:54:52","date_gmt":"2018-05-22T10:54:52","guid":{"rendered":"http:\/\/ksiegarnia-akademicka.pl\/index.php\/product\/prawo-pracy-i-ubezpieczen-spolecznych-3\/"},"modified":"2019-05-07T09:19:35","modified_gmt":"2019-05-07T07:19:35","slug":"prawo-pracy-i-ubezpieczen-spolecznych-3","status":"publish","type":"product","link":"https:\/\/ksiegarnia-akademicka.pl\/index.php\/product\/prawo-pracy-i-ubezpieczen-spolecznych-3\/","title":{"rendered":"Prawo pracy i ubezpiecze\u0144 spo\u0142ecznych"},"content":{"rendered":"<p>Nale\u017cy do serii:<br \/>\nSERIA AKADEMICKA<br \/>\nRedakcja: Baran Krzysztof Wojciech<br \/>\nWydawca: Wolters Kluwer<br \/>\nOprawa: Mi\u0119kka<br \/>\nFormat: 17.0&#215;24.5cm<br \/>\nLiczba stron: 968<br \/>\nWydanie: 3<br \/>\nRok wydania: 2019<br \/>\nJ\u0119zyk wydania: polski<\/p>\n<p>Prezentowany podr\u0119cznik w za\u0142o\u017ceniu stanowi kompleksowy obraz dw\u00f3ch dyscyplin prawa zwi\u0105zanych z zatrudnieniem. Om\u00f3wiono w nim w przyst\u0119pny spos\u00f3b wszystkie istotne instytucje i zagadnienia prawa pracy oraz ubezpiecze\u0144 spo\u0142ecznych.<br \/>\nOpracowanie uwzgl\u0119dnia zmiany w prawie pracy i ubezpiecze\u0144 spo\u0142ecznych dokonane w ci\u0105gu ostatnich dw\u00f3ch lat.<br \/>\nDotycz\u0105 one w szczeg\u00f3lno\u015bci:<br \/>\n&#8211; monitoringu pracowniczego,<br \/>\n&#8211; zrzeszania si\u0119 w zwi\u0105zkach zawodowych,<br \/>\n&#8211; nowych uprawnie\u0144 zwi\u0105zk\u00f3w zawodowych.<br \/>\nPublikacja sk\u0142ada si\u0119 z pi\u0119ciu zasadniczych dzia\u0142\u00f3w:<br \/>\n&#8211; cz\u0119\u015bci og\u00f3lnej,<br \/>\n&#8211; indywidualnego prawa pracy,<br \/>\n&#8211; zbiorowego prawa pracy,<br \/>\n&#8211; procesowego prawa pracy,<br \/>\n&#8211; prawa ubezpiecze\u0144 spo\u0142ecznych.<br \/>\nKsi\u0105\u017cka zawiera informacje zar\u00f3wno o prawie obowi\u0105zuj\u0105cym (de lege lata), jak i o jego g\u0142\u00f3wnych tendencjach rozwojowych (de lege ferenda). Wywody w niej zaprezentowane odnosz\u0105 si\u0119 do krajowego oraz mi\u0119dzynarodowego prawa pracy i ubezpiecze\u0144 spo\u0142ecznych. W znacznym zakresie przedstawiono zw\u0142aszcza regulacje unijne. Szczeg\u00f3ln\u0105 uwag\u0119 autorzy po\u015bwi\u0119cili funkcjonowaniu praktyki, st\u0105d liczne odwo\u0142ania do judykatury, w tym S\u0105du Najwy\u017cszego.<\/p>\n","protected":false},"excerpt":{"rendered":"<p>Nale\u017cy do serii: SERIA AKADEMICKA Redakcja: Baran Krzysztof Wojciech Wydawca: [&hellip;]<\/p>\n","protected":false},"featured_media":11064,"template":"","meta":[],"product_brand":[],"product_cat":[18,7550,21],"product_tag":[269,793,330,643],"class_list":{"0":"post-5948","1":"product","2":"type-product","3":"status-publish","4":"has-post-thumbnail","6":"product_cat-prawo","7":"product_cat-prawo-pracy","8":"product_cat-ubezpieczenia","9":"product_tag-podrecznik-akademicki","10":"product_tag-prawo-pracy","11":"product_tag-seria-akademicka","12":"product_tag-ubezpieczenia-spoleczne","14":"first","15":"instock","16":"sale","17":"shipping-taxable","18":"purchasable","19":"product-type-simple"},"_links":{"self":[{"href":"https:\/\/ksiegarnia-akademicka.pl\/index.php\/wp-json\/wp\/v2\/product\/5948","targetHints":{"allow":["GET"]}}],"collection":[{"href":"https:\/\/ksiegarnia-akademicka.pl\/index.php\/wp-json\/wp\/v2\/product"}],"about":[{"href":"https:\/\/ksiegarnia-akademicka.pl\/index.php\/wp-json\/wp\/v2\/types\/product"}],"wp:featuredmedia":[{"embeddable":true,"href":"https:\/\/ksiegarnia-akademicka.pl\/index.php\/wp-json\/wp\/v2\/media\/11064"}],"wp:attachment":[{"href":"https:\/\/ksiegarnia-akademicka.pl\/index.php\/wp-json\/wp\/v2\/media?parent=5948"}],"wp:term":[{"taxonomy":"product_brand","embeddable":true,"href":"https:\/\/ksiegarnia-akademicka.pl\/index.php\/wp-json\/wp\/v2\/product_brand?post=5948"},{"taxonomy":"product_cat","embeddable":true,"href":"https:\/\/ksiegarnia-akademicka.pl\/index.php\/wp-json\/wp\/v2\/product_cat?post=5948"},{"taxonomy":"product_tag","embeddable":true,"href":"https:\/\/ksiegarnia-akademicka.pl\/index.php\/wp-json\/wp\/v2\/product_tag?post=5948"}],"curies":[{"name":"wp","href":"https:\/\/api.w.org\/{rel}","templated":true}]}}