{"id":5731,"date":"2018-05-22T12:54:13","date_gmt":"2018-05-22T10:54:13","guid":{"rendered":"http:\/\/ksiegarnia-akademicka.pl\/index.php\/product\/praktyczna-kosmetologia-krok-po-kroku-kosmetologia-twarzy\/"},"modified":"2021-12-06T13:26:23","modified_gmt":"2021-12-06T12:26:23","slug":"praktyczna-kosmetologia-krok-po-kroku-kosmetologia-twarzy","status":"publish","type":"product","link":"https:\/\/ksiegarnia-akademicka.pl\/index.php\/product\/praktyczna-kosmetologia-krok-po-kroku-kosmetologia-twarzy\/","title":{"rendered":"Praktyczna kosmetologia krok po kroku Kosmetologia twarzy"},"content":{"rendered":"<p>Autor:<br \/>\nAnna Kami\u0144ska<br \/>\nKatarzyna Jab\u0142o\u0144ska<br \/>\nWydawca: PZWL<br \/>\nOprawa: Mi\u0119kka<br \/>\nFormat: 16.5&#215;23.5cm<br \/>\nLiczba stron: 168<br \/>\nWydanie: 1<br \/>\nRok wydania: 2021<br \/>\nJ\u0119zyk wydania: polski<\/p>\n<p>Ksi\u0105\u017cka wype\u0142nia luk\u0119 na rynku wydawniczym publikacji z dziedziny kosmetologii praktycznej. Stanowi udan\u0105, nowoczesn\u0105 i praktycznie uj\u0119t\u0105 pr\u00f3b\u0119 holistycznego podej\u015bcia do tematyki zdrowia i urody.<br \/>\nAutorki omawiaj\u0105 powszechnie spotykane wady i nieprawid\u0142owo\u015bci sk\u00f3ry, najnowocze\u015bniejsze technologie stosowane do ich zwalczania przez profesjonalnych kosmetolog\u00f3w i kosmetyczki, metody zapobiegania objawom.<br \/>\nOdbiorcami tej publikacji s\u0105 zar\u00f3wno lekarze i kosmetyczki, jak te\u017c wszyscy, kt\u00f3rzy zdaj\u0105 sobie spraw\u0119, \u017ce poprzez w\u0142a\u015bciwe piel\u0119gnowanie i upi\u0119kszanie sk\u00f3ry prowadzi droga do zdrowia, urody i powodzenia w \u017cyciu.<\/p>\n","protected":false},"excerpt":{"rendered":"<p>Autor: Anna Kami\u0144ska Katarzyna Jab\u0142o\u0144ska Wydawca: PZWL Oprawa: Mi\u0119kka Format: [&hellip;]<\/p>\n","protected":false},"featured_media":14963,"template":"","meta":[],"product_brand":[],"product_cat":[8138,7493,7625],"product_tag":[1323,4934,6801],"class_list":{"0":"post-5731","1":"product","2":"type-product","3":"status-publish","4":"has-post-thumbnail","6":"product_cat-dermatologia","7":"product_cat-medycyna","8":"product_cat-nauki-o-zdrowiu","9":"product_tag-chemia","10":"product_tag-kosmetologia","11":"product_tag-pielegnacja-ciala","13":"first","14":"instock","15":"sale","16":"shipping-taxable","17":"purchasable","18":"product-type-simple"},"_links":{"self":[{"href":"https:\/\/ksiegarnia-akademicka.pl\/index.php\/wp-json\/wp\/v2\/product\/5731","targetHints":{"allow":["GET"]}}],"collection":[{"href":"https:\/\/ksiegarnia-akademicka.pl\/index.php\/wp-json\/wp\/v2\/product"}],"about":[{"href":"https:\/\/ksiegarnia-akademicka.pl\/index.php\/wp-json\/wp\/v2\/types\/product"}],"wp:featuredmedia":[{"embeddable":true,"href":"https:\/\/ksiegarnia-akademicka.pl\/index.php\/wp-json\/wp\/v2\/media\/14963"}],"wp:attachment":[{"href":"https:\/\/ksiegarnia-akademicka.pl\/index.php\/wp-json\/wp\/v2\/media?parent=5731"}],"wp:term":[{"taxonomy":"product_brand","embeddable":true,"href":"https:\/\/ksiegarnia-akademicka.pl\/index.php\/wp-json\/wp\/v2\/product_brand?post=5731"},{"taxonomy":"product_cat","embeddable":true,"href":"https:\/\/ksiegarnia-akademicka.pl\/index.php\/wp-json\/wp\/v2\/product_cat?post=5731"},{"taxonomy":"product_tag","embeddable":true,"href":"https:\/\/ksiegarnia-akademicka.pl\/index.php\/wp-json\/wp\/v2\/product_tag?post=5731"}],"curies":[{"name":"wp","href":"https:\/\/api.w.org\/{rel}","templated":true}]}}