{"id":5694,"date":"2018-05-22T12:54:07","date_gmt":"2018-05-22T10:54:07","guid":{"rendered":"http:\/\/ksiegarnia-akademicka.pl\/index.php\/product\/wsparcie-spoleczne-i-wspolpraca-jako-instrument-walki-z-wykluczeniem-spolecznym\/"},"modified":"2018-07-20T13:41:55","modified_gmt":"2018-07-20T11:41:55","slug":"wsparcie-spoleczne-i-wspolpraca-jako-instrument-walki-z-wykluczeniem-spolecznym","status":"publish","type":"product","link":"https:\/\/ksiegarnia-akademicka.pl\/index.php\/product\/wsparcie-spoleczne-i-wspolpraca-jako-instrument-walki-z-wykluczeniem-spolecznym\/","title":{"rendered":"Wsparcie spo\u0142eczne i wsp\u00f3\u0142praca jako instrument walki z wykluczeniem spo\u0142ecznym"},"content":{"rendered":"<p>Praca zbiorowa pod redakcj\u0105: Anna Zamkowska<br \/>\nwyd. I, B-5, str. 219 (monografia), 31,50 z\u0142<\/p>\n<p> Zagadnienia wykluczenia spo\u0142ecznego, jego wielorakich uwarunkowa\u0144 i konsekwencji, a tak\u017ce sposob\u00f3w walki z tym zjawiskiem jest przedmiotem dyskusji i dzia\u0142a\u0144 przedstawicieli teorii i praktyki ju\u017c od lat 70 ubieg\u0142ego wieku. Monografia obejmuje swym zakresem tematycznym zar\u00f3wno kwestie wykluczenia spo\u0142ecznego, jak i wsp\u00f3\u0142pracy na rzecz walki z tym zjawiskiem. W pierwszej cz\u0119\u015bci podejmowane s\u0105 z\u0142o\u017cone kwestie wykluczenia spo\u0142ecznego i oferowanego osobom wykluczonym wsparcia. W drugiej cz\u0119\u015bci znajduj\u0105 si\u0119 artyku\u0142y skupione wok\u00f3\u0142 kwestii wsp\u00f3\u0142pracy jako instrumentu walki z wykluczeniem spo\u0142ecznym.<\/p>\n","protected":false},"excerpt":{"rendered":"<p>Praca zbiorowa pod redakcj\u0105: Anna Zamkowska wyd. I, B-5, str. [&hellip;]<\/p>\n","protected":false},"featured_media":8150,"template":"","meta":[],"product_brand":[],"product_cat":[7594,43],"product_tag":[225,6402,6869,1745],"class_list":{"0":"post-5694","1":"product","2":"type-product","3":"status-publish","4":"has-post-thumbnail","6":"product_cat-pedagogika-wydawnictwo-uth","7":"product_cat-wydawnictwo-uth","8":"product_tag-polityka-spoleczna","9":"product_tag-seria-monografie-uth","10":"product_tag-wsparcie-spoleczne","11":"product_tag-wykluczenie-spoleczne","13":"first","14":"instock","15":"shipping-taxable","16":"purchasable","17":"product-type-simple"},"_links":{"self":[{"href":"https:\/\/ksiegarnia-akademicka.pl\/index.php\/wp-json\/wp\/v2\/product\/5694","targetHints":{"allow":["GET"]}}],"collection":[{"href":"https:\/\/ksiegarnia-akademicka.pl\/index.php\/wp-json\/wp\/v2\/product"}],"about":[{"href":"https:\/\/ksiegarnia-akademicka.pl\/index.php\/wp-json\/wp\/v2\/types\/product"}],"wp:featuredmedia":[{"embeddable":true,"href":"https:\/\/ksiegarnia-akademicka.pl\/index.php\/wp-json\/wp\/v2\/media\/8150"}],"wp:attachment":[{"href":"https:\/\/ksiegarnia-akademicka.pl\/index.php\/wp-json\/wp\/v2\/media?parent=5694"}],"wp:term":[{"taxonomy":"product_brand","embeddable":true,"href":"https:\/\/ksiegarnia-akademicka.pl\/index.php\/wp-json\/wp\/v2\/product_brand?post=5694"},{"taxonomy":"product_cat","embeddable":true,"href":"https:\/\/ksiegarnia-akademicka.pl\/index.php\/wp-json\/wp\/v2\/product_cat?post=5694"},{"taxonomy":"product_tag","embeddable":true,"href":"https:\/\/ksiegarnia-akademicka.pl\/index.php\/wp-json\/wp\/v2\/product_tag?post=5694"}],"curies":[{"name":"wp","href":"https:\/\/api.w.org\/{rel}","templated":true}]}}

Wsparcie społeczne i współpraca jako instrument walki z wykluczeniem społecznym

<p>Praca zbiorowa pod redakcją: Anna Zamkowska<br />
wyd. I, B-5, str. 219 (monografia), 31,50 zł</p>
<p> Zagadnienia wykluczenia społecznego, jego wielorakich uwarunkowań i konsekwencji, a także sposobów walki z tym zjawiskiem jest przedmiotem dyskusji i działań przedstawicieli teorii i praktyki już od lat 70 ubiegłego wieku. Monografia obejmuje swym zakresem tematycznym zarówno kwestie wykluczenia społecznego, jak i współpracy na rzecz walki z tym zjawiskiem. W pierwszej części podejmowane są złożone kwestie wykluczenia społecznego i oferowanego osobom wykluczonym wsparcia. W drugiej części znajdują się artykuły skupione wokół kwestii współpracy jako instrumentu walki z wykluczeniem społecznym.</p>

<p>Praca zbiorowa pod redakcją: Anna Zamkowska wyd. I, B-5, str. [&hellip;]</p>
