{"id":53,"date":"2018-05-22T12:40:42","date_gmt":"2018-05-22T10:40:42","guid":{"rendered":"http:\/\/ksiegarnia-akademicka.pl\/index.php\/product\/zadania-projektowe-z-teorii-sterowania-cz-1-uklady-liniowe\/"},"modified":"2023-03-04T13:08:10","modified_gmt":"2023-03-04T12:08:10","slug":"zadania-projektowe-z-teorii-sterowania-cz-1-uklady-liniowe","status":"publish","type":"product","link":"https:\/\/ksiegarnia-akademicka.pl\/index.php\/product\/zadania-projektowe-z-teorii-sterowania-cz-1-uklady-liniowe\/","title":{"rendered":"Zadania projektowe z teorii sterowania cz.1 Uk\u0142ady liniowe"},"content":{"rendered":"<p>Cz\u0119\u015b\u0107 I Uk\u0142ady liniowe<br \/>\nMiros\u0142aw Luft, Konrad Krzysztoszek, Dariusz Podsiad\u0142y<br \/>\n2004, wyd. I, format B5, stron 144,<\/p>\n","protected":false},"excerpt":{"rendered":"<p>Cz\u0119\u015b\u0107 I Uk\u0142ady liniowe Miros\u0142aw Luft, Konrad Krzysztoszek, Dariusz Podsiad\u0142y [&hellip;]<\/p>\n","protected":false},"featured_media":10220,"template":"","meta":[],"product_brand":[],"product_cat":[7526,43],"product_tag":[120,119,87],"class_list":{"0":"post-53","1":"product","2":"type-product","3":"status-publish","4":"has-post-thumbnail","6":"product_cat-automatyka-elektronika-telekomunikacja","7":"product_cat-wydawnictwo-uth","8":"product_tag-elektronika","9":"product_tag-elektrotechnika","10":"product_tag-skrypty-politechniki-radomskiej","12":"first","13":"outofstock","14":"shipping-taxable","15":"purchasable","16":"product-type-simple"},"_links":{"self":[{"href":"https:\/\/ksiegarnia-akademicka.pl\/index.php\/wp-json\/wp\/v2\/product\/53","targetHints":{"allow":["GET"]}}],"collection":[{"href":"https:\/\/ksiegarnia-akademicka.pl\/index.php\/wp-json\/wp\/v2\/product"}],"about":[{"href":"https:\/\/ksiegarnia-akademicka.pl\/index.php\/wp-json\/wp\/v2\/types\/product"}],"wp:featuredmedia":[{"embeddable":true,"href":"https:\/\/ksiegarnia-akademicka.pl\/index.php\/wp-json\/wp\/v2\/media\/10220"}],"wp:attachment":[{"href":"https:\/\/ksiegarnia-akademicka.pl\/index.php\/wp-json\/wp\/v2\/media?parent=53"}],"wp:term":[{"taxonomy":"product_brand","embeddable":true,"href":"https:\/\/ksiegarnia-akademicka.pl\/index.php\/wp-json\/wp\/v2\/product_brand?post=53"},{"taxonomy":"product_cat","embeddable":true,"href":"https:\/\/ksiegarnia-akademicka.pl\/index.php\/wp-json\/wp\/v2\/product_cat?post=53"},{"taxonomy":"product_tag","embeddable":true,"href":"https:\/\/ksiegarnia-akademicka.pl\/index.php\/wp-json\/wp\/v2\/product_tag?post=53"}],"curies":[{"name":"wp","href":"https:\/\/api.w.org\/{rel}","templated":true}]}}