{"id":518,"date":"2018-05-22T12:41:36","date_gmt":"2018-05-22T10:41:36","guid":{"rendered":"http:\/\/ksiegarnia-akademicka.pl\/index.php\/product\/praca-skrywana-obsesja\/"},"modified":"2018-07-12T10:41:41","modified_gmt":"2018-07-12T08:41:41","slug":"praca-skrywana-obsesja","status":"publish","type":"product","link":"https:\/\/ksiegarnia-akademicka.pl\/index.php\/product\/praca-skrywana-obsesja\/","title":{"rendered":"Praca Skrywana obsesja"},"content":{"rendered":"<p>Hornowska El\u017cbieta, Paluchowski W\u0142adys\u0142aw Jacek Bogucki Wydawnictwo Naukowe 2007 <\/br><\/br><\/p>\n<div class=\"opisTowaruRozsz\"><span style=\"font-size: small\">Spis tre\u015bci <br \/>Przedmowa <br \/>Wst\u0119p <br \/>Poj\u0119cie pracoholizmu w literaturze <br \/>Hipotetyczne przyczyny pracoholizmu <br \/>Skutki pracoholizmu <br \/>Specyfika pracoholizmu. Czy pracoholizm podobny jest do alkoholizmu? <br \/>R&oacute;\u017cne miary pracoholizmu. <br \/>W\u0142asny konstrukt <br \/>Zbieranie danych <br \/>Konstrukcja ostatecznej wersji kwestionariusza <br \/>W\u0142a\u015bciwo\u015bci psychometryczne kwestionariusza &#8211; rzetelno\u015b\u0107 <br \/>W\u0142a\u015bciwo\u015bci psychometryczne kwestionariusza &#8211; trafno\u015b\u0107 <br \/>Zako\u0144czenie <br \/>Literatura <\/span><\/div>\n<p><\/br><\/br>pozycja dost\u0119pna<\/p>\n","protected":false},"excerpt":{"rendered":"<p>Hornowska El\u017cbieta, Paluchowski W\u0142adys\u0142aw Jacek Bogucki Wydawnictwo Naukowe 2007 Spis [&hellip;]<\/p>\n","protected":false},"featured_media":7758,"template":"","meta":[],"product_brand":[],"product_cat":[27,7509,7508],"product_tag":[1393,1394,1392,1389,1390,1391],"class_list":{"0":"post-518","1":"product","2":"type-product","3":"status-publish","4":"has-post-thumbnail","6":"product_cat-nauki-spoleczne","7":"product_cat-psychologia","8":"product_cat-socjologia","9":"product_tag-badania-nad-zjawiskiem-pracocholizmu","10":"product_tag-kwestionariusze","11":"product_tag-miary-pracocholizmu","12":"product_tag-pracoholizm-pojecie","13":"product_tag-przyczyny-pracoholizmu","14":"product_tag-skutki-pracocholizmu","16":"first","17":"instock","18":"shipping-taxable","19":"purchasable","20":"product-type-simple"},"_links":{"self":[{"href":"https:\/\/ksiegarnia-akademicka.pl\/index.php\/wp-json\/wp\/v2\/product\/518","targetHints":{"allow":["GET"]}}],"collection":[{"href":"https:\/\/ksiegarnia-akademicka.pl\/index.php\/wp-json\/wp\/v2\/product"}],"about":[{"href":"https:\/\/ksiegarnia-akademicka.pl\/index.php\/wp-json\/wp\/v2\/types\/product"}],"wp:featuredmedia":[{"embeddable":true,"href":"https:\/\/ksiegarnia-akademicka.pl\/index.php\/wp-json\/wp\/v2\/media\/7758"}],"wp:attachment":[{"href":"https:\/\/ksiegarnia-akademicka.pl\/index.php\/wp-json\/wp\/v2\/media?parent=518"}],"wp:term":[{"taxonomy":"product_brand","embeddable":true,"href":"https:\/\/ksiegarnia-akademicka.pl\/index.php\/wp-json\/wp\/v2\/product_brand?post=518"},{"taxonomy":"product_cat","embeddable":true,"href":"https:\/\/ksiegarnia-akademicka.pl\/index.php\/wp-json\/wp\/v2\/product_cat?post=518"},{"taxonomy":"product_tag","embeddable":true,"href":"https:\/\/ksiegarnia-akademicka.pl\/index.php\/wp-json\/wp\/v2\/product_tag?post=518"}],"curies":[{"name":"wp","href":"https:\/\/api.w.org\/{rel}","templated":true}]}}