{"id":5105,"date":"2018-05-22T12:52:22","date_gmt":"2018-05-22T10:52:22","guid":{"rendered":"http:\/\/ksiegarnia-akademicka.pl\/index.php\/product\/jak-najlepiej-zaprezentowac-sie-podczas-rozmowy-kwalifikacyjnej\/"},"modified":"2025-05-21T13:02:11","modified_gmt":"2025-05-21T11:02:11","slug":"jak-najlepiej-zaprezentowac-sie-podczas-rozmowy-kwalifikacyjnej","status":"publish","type":"product","link":"https:\/\/ksiegarnia-akademicka.pl\/index.php\/product\/jak-najlepiej-zaprezentowac-sie-podczas-rozmowy-kwalifikacyjnej\/","title":{"rendered":"Jak najlepiej zaprezentowa\u0107 si\u0119 podczas rozmowy kwalifikacyjnej"},"content":{"rendered":"<p>Autor:<br \/>\nLuiza Kulczycka<br \/>\nWydawca: Wolters Kluwer<br \/>\nOprawa: Mi\u0119kka<br \/>\nFormat: 14.5&#215;20.5cm<br \/>\nLiczba stron: 144<br \/>\nRok wydania: 2013<\/p>\n<p>Rozmowa kwalifikacyjna jest bardzo wa\u017cnym etapem procesu poszukiwania pracy. Wiedza o mechanizmach przeprowadzania rozmowy i odpowiednie przygotowanie si\u0119 do niej to niezb\u0119dne warunki jej w\u0142a\u015bciwego przebiegu i dobrych efekt\u00f3w.<br \/>\nO tym, jak z sukcesem wykorzysta\u0107 szans\u0119 bezpo\u015bredniego spotkania z potencjalnym pracodawc\u0105, traktuje ten poradnik.<br \/>\nSzczeg\u00f3ln\u0105 uwag\u0119 zwr\u00f3cono na nast\u0119puj\u0105ce zagadnienia:<br \/>\n&#8211; przygotowanie si\u0119 do rozmowy kwalifikacyjnej,<br \/>\n&#8211; przebieg standardowego spotkania rekrutacyjnego,<br \/>\n&#8211; rodzaje rozm\u00f3w kwalifikacyjnych,<br \/>\n&#8211; pytania najcz\u0119\u015bciej zadawane przez osoby rekrutuj\u0105ce,<br \/>\n&#8211; pytania, jakie mo\u017ce zada\u0107 kandydat,<br \/>\n&#8211; skuteczne metody autoprezentacji,<br \/>\n&#8211; dzia\u0142ania po rozmowie kwalifikacyjnej.<\/p>\n<p>Ka\u017cdy z temat\u00f3w zosta\u0142 wzbogacony o konkretne przyk\u0142ady oraz praktyczne wskaz\u00f3wki, kt\u00f3re mog\u0105 pom\u00f3c kandydatowi w przygotowaniach do tego wa\u017cnego spotkania.<br \/>\nPoruszona zosta\u0142a tak\u017ce tematyka test\u00f3w psychologicznych oraz innych procedur oceny kandydat\u00f3w w trakcie rozmowy kwalifikacyjnej, takich jak Assessment Center.<\/p>\n","protected":false},"excerpt":{"rendered":"<p>Autor: Luiza Kulczycka Wydawca: Wolters Kluwer Oprawa: Mi\u0119kka Format: 14.5&#215;20.5cm [&hellip;]<\/p>\n","protected":false},"featured_media":9203,"template":"","meta":[],"product_brand":[],"product_cat":[29],"product_tag":[1257,1703,538,1704],"class_list":{"0":"post-5105","1":"product","2":"type-product","3":"status-publish","4":"has-post-thumbnail","6":"product_cat-marketing-i-reklama","7":"product_tag-poradniki","8":"product_tag-rozmowa-kwalifikacyjna","9":"product_tag-zarzadzanie-zasobami-ludzkimi","10":"product_tag-zatrudnianie-pracownikow","12":"first","13":"outofstock","14":"sale","15":"shipping-taxable","16":"purchasable","17":"product-type-simple"},"_links":{"self":[{"href":"https:\/\/ksiegarnia-akademicka.pl\/index.php\/wp-json\/wp\/v2\/product\/5105","targetHints":{"allow":["GET"]}}],"collection":[{"href":"https:\/\/ksiegarnia-akademicka.pl\/index.php\/wp-json\/wp\/v2\/product"}],"about":[{"href":"https:\/\/ksiegarnia-akademicka.pl\/index.php\/wp-json\/wp\/v2\/types\/product"}],"wp:featuredmedia":[{"embeddable":true,"href":"https:\/\/ksiegarnia-akademicka.pl\/index.php\/wp-json\/wp\/v2\/media\/9203"}],"wp:attachment":[{"href":"https:\/\/ksiegarnia-akademicka.pl\/index.php\/wp-json\/wp\/v2\/media?parent=5105"}],"wp:term":[{"taxonomy":"product_brand","embeddable":true,"href":"https:\/\/ksiegarnia-akademicka.pl\/index.php\/wp-json\/wp\/v2\/product_brand?post=5105"},{"taxonomy":"product_cat","embeddable":true,"href":"https:\/\/ksiegarnia-akademicka.pl\/index.php\/wp-json\/wp\/v2\/product_cat?post=5105"},{"taxonomy":"product_tag","embeddable":true,"href":"https:\/\/ksiegarnia-akademicka.pl\/index.php\/wp-json\/wp\/v2\/product_tag?post=5105"}],"curies":[{"name":"wp","href":"https:\/\/api.w.org\/{rel}","templated":true}]}}