{"id":443,"date":"2018-05-22T12:41:28","date_gmt":"2018-05-22T10:41:28","guid":{"rendered":"http:\/\/ksiegarnia-akademicka.pl\/index.php\/product\/finanse-i-prawo-finansowe\/"},"modified":"2019-04-02T15:16:14","modified_gmt":"2019-04-02T13:16:14","slug":"finanse-i-prawo-finansowe","status":"publish","type":"product","link":"https:\/\/ksiegarnia-akademicka.pl\/index.php\/product\/finanse-i-prawo-finansowe\/","title":{"rendered":"Finanse i prawo finansowe"},"content":{"rendered":"<p>Autor:<br \/>\nAlina Majchrzycka-Guzowska<br \/>\nWydawca: Wolters Kluwer<br \/>\nOprawa: Mi\u0119kka<br \/>\nLiczba stron: 616<br \/>\nWydanie: 11<br \/>\nRok wydania: 2019<br \/>\nJ\u0119zyk wydania: polski<\/p>\n<p>Podr\u0119cznik zawiera jasne i zwi\u0119z\u0142e uj\u0119cie najnowszych rozwi\u0105za\u0144 systemu finansowego w Polsce.<br \/>\nWyk\u0142ad obejmuje zagadnienia z zakresu finans\u00f3w i prawa finansowego, m.in.:<br \/>\n&#8211; zasady funkcjonowania publicznej gospodarki finansowej i jej powi\u0105zania z gospodark\u0105 prywatn\u0105;<br \/>\n&#8211; kwestie bud\u017cetu pa\u0144stwa i bud\u017cet\u00f3w jednostek samorz\u0105du terytorialnego,<br \/>\n&#8211; regulacje dotycz\u0105ce systemu podatkowego, systemu finansowego ubezpiecze\u0144, prawa walutowego i dewizowego, prawa bankowego oraz finans\u00f3w i prawa finansowego przedsi\u0119biorc\u00f3w.<br \/>\nJedenaste wydanie ksi\u0105\u017cki zosta\u0142o rozszerzone i zaktualizowane, a tak\u017ce wzbogacone o nowe zagadnienia prawa finansowego oraz najnowsz\u0105 literatur\u0119. Uwzgl\u0119dniono m.in. zmiany wprowadzone w systemie opodatkowania przedsi\u0119biorc\u00f3w poprzez obni\u017cenie stawki CIT czy rozwini\u0119cie ulg o charakterze innowacyjnym w celu zwi\u0119kszenia roli inwestycji w PKB, regulacje w zakresie split payment czy jednolitego pliku kontrolnego, a tak\u017ce uregulowania dotycz\u0105ce daniny solidarno\u015bciowej obejmuj\u0105cej podatnik\u00f3w, kt\u00f3rych dochody przekraczaj\u0105 1 mln z\u0142.<\/p>\n","protected":false},"excerpt":{"rendered":"<p>Autor: Alina Majchrzycka-Guzowska Wydawca: Wolters Kluwer Oprawa: Mi\u0119kka Liczba stron: [&hellip;]<\/p>\n","protected":false},"featured_media":10745,"template":"","meta":[],"product_brand":[],"product_cat":[19,7500,7501],"product_tag":[1161,251,472,1136,1160,330,1158,1159],"class_list":{"0":"post-443","1":"product","2":"type-product","3":"status-publish","4":"has-post-thumbnail","6":"product_cat-finanse-i-prawo-finansowe","7":"product_cat-finanse-publiczne","8":"product_cat-prawo-finansowe","9":"product_tag-banki-i-prawo-bankowe","10":"product_tag-finanse","11":"product_tag-finanse-publiczne","12":"product_tag-prawo-finansowe","13":"product_tag-prawo-walutowe","14":"product_tag-seria-akademicka","15":"product_tag-system-podatkowy","16":"product_tag-system-ubezpieczen","18":"first","19":"instock","20":"sale","21":"shipping-taxable","22":"purchasable","23":"product-type-simple"},"_links":{"self":[{"href":"https:\/\/ksiegarnia-akademicka.pl\/index.php\/wp-json\/wp\/v2\/product\/443","targetHints":{"allow":["GET"]}}],"collection":[{"href":"https:\/\/ksiegarnia-akademicka.pl\/index.php\/wp-json\/wp\/v2\/product"}],"about":[{"href":"https:\/\/ksiegarnia-akademicka.pl\/index.php\/wp-json\/wp\/v2\/types\/product"}],"wp:featuredmedia":[{"embeddable":true,"href":"https:\/\/ksiegarnia-akademicka.pl\/index.php\/wp-json\/wp\/v2\/media\/10745"}],"wp:attachment":[{"href":"https:\/\/ksiegarnia-akademicka.pl\/index.php\/wp-json\/wp\/v2\/media?parent=443"}],"wp:term":[{"taxonomy":"product_brand","embeddable":true,"href":"https:\/\/ksiegarnia-akademicka.pl\/index.php\/wp-json\/wp\/v2\/product_brand?post=443"},{"taxonomy":"product_cat","embeddable":true,"href":"https:\/\/ksiegarnia-akademicka.pl\/index.php\/wp-json\/wp\/v2\/product_cat?post=443"},{"taxonomy":"product_tag","embeddable":true,"href":"https:\/\/ksiegarnia-akademicka.pl\/index.php\/wp-json\/wp\/v2\/product_tag?post=443"}],"curies":[{"name":"wp","href":"https:\/\/api.w.org\/{rel}","templated":true}]}}