{"id":4324,"date":"2018-05-22T12:50:14","date_gmt":"2018-05-22T10:50:14","guid":{"rendered":"http:\/\/ksiegarnia-akademicka.pl\/index.php\/product\/informatyka-europejczyka-ipodrecznik-dla-szkol-ponadgimnazjalnych-z-plyta-cd\/"},"modified":"2019-01-02T09:09:11","modified_gmt":"2019-01-02T08:09:11","slug":"informatyka-europejczyka-ipodrecznik-dla-szkol-ponadgimnazjalnych-z-plyta-cd","status":"publish","type":"product","link":"https:\/\/ksiegarnia-akademicka.pl\/index.php\/product\/informatyka-europejczyka-ipodrecznik-dla-szkol-ponadgimnazjalnych-z-plyta-cd\/","title":{"rendered":"Informatyka cz\u0119\u015b\u0107 2 Podr\u0119cznik z p\u0142yt\u0105 CD Liceum og\u00f3lnokszta\u0142c\u0105ce"},"content":{"rendered":"<p>Nale\u017cy do serii:<br \/>\nSZKO\u0141A XXI<br \/>\nAutor:<br \/>\nPiotr Broda<br \/>\nDanuta Smo\u0142ucha<br \/>\nWydawca: Operon<br \/>\nOprawa: Mi\u0119kka<br \/>\nFormat: 16.5&#215;23.5cm<br \/>\nLiczba stron: 200<br \/>\nRok wydania: 2009<\/p>\n<p>Podr\u0119cznik przeznaczony do kszta\u0142cenia og\u00f3lnego do nauczania informatyki na poziomie liceum og\u00f3lnokszta\u0142c\u0105cego.<br \/>\nNumer dopuszczenia: 97\/06<\/p>\n","protected":false},"excerpt":{"rendered":"<p>Nale\u017cy do serii: SZKO\u0141A XXI Autor: Piotr Broda Danuta Smo\u0142ucha [&hellip;]<\/p>\n","protected":false},"featured_media":9940,"template":"","meta":[],"product_brand":[],"product_cat":[36],"product_tag":[103,1933],"class_list":{"0":"post-4324","1":"product","2":"type-product","3":"status-publish","4":"has-post-thumbnail","6":"product_cat-informatyka","7":"product_tag-informatyka","8":"product_tag-liceum-ogolnoksztalcace","10":"first","11":"instock","12":"sale","13":"shipping-taxable","14":"purchasable","15":"product-type-simple"},"_links":{"self":[{"href":"https:\/\/ksiegarnia-akademicka.pl\/index.php\/wp-json\/wp\/v2\/product\/4324","targetHints":{"allow":["GET"]}}],"collection":[{"href":"https:\/\/ksiegarnia-akademicka.pl\/index.php\/wp-json\/wp\/v2\/product"}],"about":[{"href":"https:\/\/ksiegarnia-akademicka.pl\/index.php\/wp-json\/wp\/v2\/types\/product"}],"wp:featuredmedia":[{"embeddable":true,"href":"https:\/\/ksiegarnia-akademicka.pl\/index.php\/wp-json\/wp\/v2\/media\/9940"}],"wp:attachment":[{"href":"https:\/\/ksiegarnia-akademicka.pl\/index.php\/wp-json\/wp\/v2\/media?parent=4324"}],"wp:term":[{"taxonomy":"product_brand","embeddable":true,"href":"https:\/\/ksiegarnia-akademicka.pl\/index.php\/wp-json\/wp\/v2\/product_brand?post=4324"},{"taxonomy":"product_cat","embeddable":true,"href":"https:\/\/ksiegarnia-akademicka.pl\/index.php\/wp-json\/wp\/v2\/product_cat?post=4324"},{"taxonomy":"product_tag","embeddable":true,"href":"https:\/\/ksiegarnia-akademicka.pl\/index.php\/wp-json\/wp\/v2\/product_tag?post=4324"}],"curies":[{"name":"wp","href":"https:\/\/api.w.org\/{rel}","templated":true}]}}