{"id":4172,"date":"2018-05-22T12:49:51","date_gmt":"2018-05-22T10:49:51","guid":{"rendered":"http:\/\/ksiegarnia-akademicka.pl\/index.php\/product\/words-in-contexts-from-linguistic-forms-to-literary-functions\/"},"modified":"2018-07-11T10:46:58","modified_gmt":"2018-07-11T08:46:58","slug":"words-in-contexts-from-linguistic-forms-to-literary-functions","status":"publish","type":"product","link":"https:\/\/ksiegarnia-akademicka.pl\/index.php\/product\/words-in-contexts-from-linguistic-forms-to-literary-functions\/","title":{"rendered":"Words in Contexts: from Linguistic Forms to Literary Functions"},"content":{"rendered":"<p>WORDS IN CONTEXT:FROM LINGUISTIC FORMS TO LITERARY FUNCTIONS.<\/p>\n<p>Przemys\u0142aw \u0141ozowski, Anna W\u0142odarczyk- Stachurska<br \/>\n2012, wyd. I, format B5, stron 222,  26.25z\u0142<\/p>\n","protected":false},"excerpt":{"rendered":"<p>WORDS IN CONTEXT:FROM LINGUISTIC FORMS TO LITERARY FUNCTIONS. Przemys\u0142aw \u0141ozowski, [&hellip;]<\/p>\n","protected":false},"featured_media":7643,"template":"","meta":[],"product_brand":[],"product_cat":[7529,43],"product_tag":[6020],"class_list":{"0":"post-4172","1":"product","2":"type-product","3":"status-publish","4":"has-post-thumbnail","6":"product_cat-inne","7":"product_cat-wydawnictwo-uth","8":"product_tag-filologia-angielska","10":"first","11":"instock","12":"shipping-taxable","13":"purchasable","14":"product-type-simple"},"_links":{"self":[{"href":"https:\/\/ksiegarnia-akademicka.pl\/index.php\/wp-json\/wp\/v2\/product\/4172","targetHints":{"allow":["GET"]}}],"collection":[{"href":"https:\/\/ksiegarnia-akademicka.pl\/index.php\/wp-json\/wp\/v2\/product"}],"about":[{"href":"https:\/\/ksiegarnia-akademicka.pl\/index.php\/wp-json\/wp\/v2\/types\/product"}],"wp:featuredmedia":[{"embeddable":true,"href":"https:\/\/ksiegarnia-akademicka.pl\/index.php\/wp-json\/wp\/v2\/media\/7643"}],"wp:attachment":[{"href":"https:\/\/ksiegarnia-akademicka.pl\/index.php\/wp-json\/wp\/v2\/media?parent=4172"}],"wp:term":[{"taxonomy":"product_brand","embeddable":true,"href":"https:\/\/ksiegarnia-akademicka.pl\/index.php\/wp-json\/wp\/v2\/product_brand?post=4172"},{"taxonomy":"product_cat","embeddable":true,"href":"https:\/\/ksiegarnia-akademicka.pl\/index.php\/wp-json\/wp\/v2\/product_cat?post=4172"},{"taxonomy":"product_tag","embeddable":true,"href":"https:\/\/ksiegarnia-akademicka.pl\/index.php\/wp-json\/wp\/v2\/product_tag?post=4172"}],"curies":[{"name":"wp","href":"https:\/\/api.w.org\/{rel}","templated":true}]}}