{"id":4142,"date":"2018-05-22T12:49:47","date_gmt":"2018-05-22T10:49:47","guid":{"rendered":"http:\/\/ksiegarnia-akademicka.pl\/index.php\/product\/ubezpieczenia-spoleczne-repetytorium\/"},"modified":"2023-04-17T10:46:39","modified_gmt":"2023-04-17T08:46:39","slug":"ubezpieczenia-spoleczne-repetytorium","status":"publish","type":"product","link":"https:\/\/ksiegarnia-akademicka.pl\/index.php\/product\/ubezpieczenia-spoleczne-repetytorium\/","title":{"rendered":"Ubezpieczenia spo\u0142eczne Repetytorium"},"content":{"rendered":"<p>Nale\u017cy do serii:<br \/>\nSERIA AKADEMICKA<br \/>\nAutor:<br \/>\nGra\u017cyna Szyburska-Walczak<br \/>\nWydawca: Wolters Kluwer<br \/>\nOprawa: Mi\u0119kka<br \/>\nFormat: 17.6&#215;25.0cm<br \/>\nLiczba stron: 444<br \/>\nWydanie: 4<br \/>\nRok wydania: 2023<br \/>\nJ\u0119zyk wydania: polski<\/p>\n<p>W publikacji w zwi\u0119z\u0142y i przyst\u0119pny spos\u00f3b om\u00f3wiono zagadnienia systemu ubezpiecze\u0144 spo\u0142ecznych i \u015bwiadcze\u0144 z niego przys\u0142uguj\u0105cych, a tak\u017ce tych o charakterze zaopatrzeniowym wyp\u0142acanych przez ZUS. Czytelnik znajdzie informacje o zasadach podlegania ubezpieczeniom, wymiarze sk\u0142adek, obowi\u0105zkach p\u0142atnika i ubezpieczonego, warunkach wymaganych do przyznania i wyp\u0142aty \u015bwiadcze\u0144, obowi\u0105zku zwrotu \u015bwiadcze\u0144 nienale\u017cnie pobranych, ubezpieczeniu rolniczym, post\u0119powaniu przed organami rentowymi i s\u0105dami powszechnymi.<\/p>\n<p>Ksi\u0105\u017cka zawiera tak\u017ce informacje o ustawodawstwie i orzecznictwie unijnym w zakresie koordynacji system\u00f3w ubezpiecze\u0144. Autorka przytacza orzecznictwo s\u0105d\u00f3w krajowych i trybuna\u0142\u00f3w mi\u0119dzynarodowych dotycz\u0105ce wszystkich istotnych dla ubezpiecze\u0144 kwestii.<br \/>\nW bie\u017c\u0105cym wydaniu uwzgl\u0119dnione s\u0105 zmiany w katalogu podmiot\u00f3w podlegaj\u0105cych obowi\u0105zkowo ubezpieczeniom, dotycz\u0105ce obowi\u0105zk\u00f3w p\u0142atnik\u00f3w, wysoko\u015bci i wyp\u0142aty \u015bwiadcze\u0144, nowe rozwi\u0105zania w kwestii zbiegu tytu\u0142\u00f3w do ubezpiecze\u0144 i wyp\u0142aty \u015bwiadcze\u0144 w ubezpieczeniach rolniczych, a tak\u017ce dotycz\u0105ce \u015bwiadcze\u0144 z ubezpieczenia chorobowego, renty socjalnej.<\/p>\n<p>W skondensowanej formie publikacji Czytelnik szybko odnajdzie najwa\u017cniejsze informacje oraz rozwi\u0105zania konkretnych problem\u00f3w z zakresu ubezpiecze\u0144, znajduj\u0105ce si\u0119 nie tylko w podstawowych i powszechnie znanych aktach prawnych, lecz tak\u017ce rozproszone w innych przepisach. Seria pyta\u0144 ko\u0144cz\u0105cych rozdzia\u0142y pozwala na sprawdzenie nabytej wiedzy.<\/p>\n","protected":false},"excerpt":{"rendered":"<p>Nale\u017cy do serii: SERIA AKADEMICKA Autor: Gra\u017cyna Szyburska-Walczak Wydawca: Wolters [&hellip;]<\/p>\n","protected":false},"featured_media":16544,"template":"","meta":[],"product_brand":[],"product_cat":[18,7550,21],"product_tag":[330,644,643],"class_list":{"0":"post-4142","1":"product","2":"type-product","3":"status-publish","4":"has-post-thumbnail","6":"product_cat-prawo","7":"product_cat-prawo-pracy","8":"product_cat-ubezpieczenia","9":"product_tag-seria-akademicka","10":"product_tag-system-emerytalny","11":"product_tag-ubezpieczenia-spoleczne","13":"first","14":"instock","15":"sale","16":"shipping-taxable","17":"purchasable","18":"product-type-simple"},"_links":{"self":[{"href":"https:\/\/ksiegarnia-akademicka.pl\/index.php\/wp-json\/wp\/v2\/product\/4142","targetHints":{"allow":["GET"]}}],"collection":[{"href":"https:\/\/ksiegarnia-akademicka.pl\/index.php\/wp-json\/wp\/v2\/product"}],"about":[{"href":"https:\/\/ksiegarnia-akademicka.pl\/index.php\/wp-json\/wp\/v2\/types\/product"}],"wp:featuredmedia":[{"embeddable":true,"href":"https:\/\/ksiegarnia-akademicka.pl\/index.php\/wp-json\/wp\/v2\/media\/16544"}],"wp:attachment":[{"href":"https:\/\/ksiegarnia-akademicka.pl\/index.php\/wp-json\/wp\/v2\/media?parent=4142"}],"wp:term":[{"taxonomy":"product_brand","embeddable":true,"href":"https:\/\/ksiegarnia-akademicka.pl\/index.php\/wp-json\/wp\/v2\/product_brand?post=4142"},{"taxonomy":"product_cat","embeddable":true,"href":"https:\/\/ksiegarnia-akademicka.pl\/index.php\/wp-json\/wp\/v2\/product_cat?post=4142"},{"taxonomy":"product_tag","embeddable":true,"href":"https:\/\/ksiegarnia-akademicka.pl\/index.php\/wp-json\/wp\/v2\/product_tag?post=4142"}],"curies":[{"name":"wp","href":"https:\/\/api.w.org\/{rel}","templated":true}]}}