{"id":3550,"date":"2018-05-22T12:48:20","date_gmt":"2018-05-22T10:48:20","guid":{"rendered":"http:\/\/ksiegarnia-akademicka.pl\/index.php\/product\/postepowanie-administracyjne\/"},"modified":"2019-01-16T14:20:04","modified_gmt":"2019-01-16T13:20:04","slug":"postepowanie-administracyjne","status":"publish","type":"product","link":"https:\/\/ksiegarnia-akademicka.pl\/index.php\/product\/postepowanie-administracyjne\/","title":{"rendered":"Post\u0119powanie administracyjne"},"content":{"rendered":"<p>Nale\u017cy do serii:<br \/>\nPODR\u0118CZNIKI PRAWNICZE<br \/>\nAutor:<br \/>\nBartosz Majchrzak<br \/>\nWojciech Federczyk<br \/>\nMicha\u0142 Klimaszewski<br \/>\nWydawca: C.H. Beck<br \/>\nOprawa: Mi\u0119kka<br \/>\nFormat: 14.5&#215;20.5cm<br \/>\nLiczba stron: 378<br \/>\nWydanie: 5<br \/>\nRok wydania: 2018<\/p>\n<p>Pi\u0105te wydanie podr\u0119cznika obejmuje stan prawny na 1.1.2018 r. W szczeg\u00f3lno\u015bci uwzgl\u0119dnia ono istotne zmiany Kodeksu post\u0119powania administracyjnego oraz Prawa o post\u0119powaniu przed s\u0105dami administracyjnymi dokonane ustaw\u0105 z 7.4.2017 r. o zmianie ustawy \u2013 Kodeks post\u0119powania administracyjnego oraz niekt\u00f3rych innych ustaw (Dz.U. z 2017 r. poz. 935), kt\u00f3ra wesz\u0142a w \u017cycie 1.6.2017 r.<\/p>\n","protected":false},"excerpt":{"rendered":"<p>Nale\u017cy do serii: PODR\u0118CZNIKI PRAWNICZE Autor: Bartosz Majchrzak Wojciech Federczyk [&hellip;]<\/p>\n","protected":false},"featured_media":10170,"template":"","meta":[],"product_brand":[],"product_cat":[7492,18],"product_tag":[564,485,701],"class_list":{"0":"post-3550","1":"product","2":"type-product","3":"status-publish","4":"has-post-thumbnail","6":"product_cat-administracyjne","7":"product_cat-prawo","8":"product_tag-postepowanie-administracyjne","9":"product_tag-prawo-administracyjne","10":"product_tag-seria-podreczniki-prawnicze","12":"first","13":"instock","14":"sale","15":"shipping-taxable","16":"purchasable","17":"product-type-simple"},"_links":{"self":[{"href":"https:\/\/ksiegarnia-akademicka.pl\/index.php\/wp-json\/wp\/v2\/product\/3550","targetHints":{"allow":["GET"]}}],"collection":[{"href":"https:\/\/ksiegarnia-akademicka.pl\/index.php\/wp-json\/wp\/v2\/product"}],"about":[{"href":"https:\/\/ksiegarnia-akademicka.pl\/index.php\/wp-json\/wp\/v2\/types\/product"}],"wp:featuredmedia":[{"embeddable":true,"href":"https:\/\/ksiegarnia-akademicka.pl\/index.php\/wp-json\/wp\/v2\/media\/10170"}],"wp:attachment":[{"href":"https:\/\/ksiegarnia-akademicka.pl\/index.php\/wp-json\/wp\/v2\/media?parent=3550"}],"wp:term":[{"taxonomy":"product_brand","embeddable":true,"href":"https:\/\/ksiegarnia-akademicka.pl\/index.php\/wp-json\/wp\/v2\/product_brand?post=3550"},{"taxonomy":"product_cat","embeddable":true,"href":"https:\/\/ksiegarnia-akademicka.pl\/index.php\/wp-json\/wp\/v2\/product_cat?post=3550"},{"taxonomy":"product_tag","embeddable":true,"href":"https:\/\/ksiegarnia-akademicka.pl\/index.php\/wp-json\/wp\/v2\/product_tag?post=3550"}],"curies":[{"name":"wp","href":"https:\/\/api.w.org\/{rel}","templated":true}]}}