{"id":3489,"date":"2018-05-22T12:48:12","date_gmt":"2018-05-22T10:48:12","guid":{"rendered":"http:\/\/ksiegarnia-akademicka.pl\/index.php\/product\/anatomia-czlowieka-z-elementami-fizjologii-podrecznik-dla-studentow-i-lekarzy\/"},"modified":"2023-10-17T12:20:53","modified_gmt":"2023-10-17T10:20:53","slug":"anatomia-czlowieka-z-elementami-fizjologii-podrecznik-dla-studentow-i-lekarzy","status":"publish","type":"product","link":"https:\/\/ksiegarnia-akademicka.pl\/index.php\/product\/anatomia-czlowieka-z-elementami-fizjologii-podrecznik-dla-studentow-i-lekarzy\/","title":{"rendered":"Anatomia cz\u0142owieka z elementami fizjologii Podr\u0119cznik dla student\u00f3w i lekarzy"},"content":{"rendered":"<p>Redakcja: Skrzat Janusz, Walocha Jerzy<br \/>\nWydawca: Wydawnictwo Uniwersytetu Jagiello\u0144skiego<br \/>\nOprawa: Mi\u0119kka<br \/>\nFormat: 17.0&#215;24.0cm<br \/>\nLiczba stron: 200<br \/>\nWydanie: 1<br \/>\nRok wydania: 2010<br \/>\nJ\u0119zyk wydania: polski<\/p>\n<p>Ksi\u0105\u017cka jest nowoczesnym podr\u0119cznikiem do anatomii, opracowanym przez wielu specjalist\u00f3w, pracownik\u00f3w zar\u00f3wno Katedry Anatomii, jak i Katedry Fizjologii UJ CM oraz kilku zaprzyja\u017anionych klinik.<\/p>\n<p>Redaktorzy postawili sobie ambitne zadanie przygotowania nowatorskiego podr\u0119cznika odpowiadaj\u0105cego wymogom nauczania przedmiotu w obecnej dobie, przeznaczonego dla student\u00f3w kierunk\u00f3w medycznych, przede wszystkim Wydzia\u0142u Farmacji i kierunku Analityki Medycznej, ale tak\u017ce innych kierunk\u00f3w: piel\u0119gniarstwa, ratownictwa medycznego, dietetyki, in\u017cynierii biomedycznej, tak studi\u00f3w licencjackich, jak i jednolitych studi\u00f3w magisterskich.<\/p>\n<p>Niniejsze opracowanie, o charakterze kompendium, powsta\u0142o na podstawie wieloletniego do\u015bwiadczenia dydaktycznego pracownik\u00f3w Katedry Anatomii UJ CM i uwzgl\u0119dnia aktualne mianownictwo anatomiczne. W\u0142a\u015bciwie dobrane i starannie wykonane ryciny stanowi\u0105 dodatkowy atut podr\u0119cznika. Szczeg\u00f3lnym novum s\u0105 rozdzia\u0142y z zakresu fizjologii uk\u0142adu sercowo-naczyniowego, pokarmowego i moczowo-p\u0142ciowego. Studentom Wydzia\u0142u Farmacji dedykowany jest zw\u0142aszcza rozdzia\u0142 dotycz\u0105cy lek\u00f3w stosowanych w schorzeniach uk\u0142adu sercowo-naczyniowego. Materia\u0142 ten zosta\u0142 opracowany przez specjalist\u00f3w klinicyst\u00f3w.<\/p>\n<p>Ksi\u0105\u017cka jest skierowana przede wszystkich do studiuj\u0105cych na wydzia\u0142ach medycznych, a tak\u017ce na studiach przyrodniczych.<\/p>\n","protected":false},"excerpt":{"rendered":"<p>Redakcja: Skrzat Janusz, Walocha Jerzy Wydawca: Wydawnictwo Uniwersytetu Jagiello\u0144skiego Oprawa: [&hellip;]<\/p>\n","protected":false},"featured_media":13310,"template":"","meta":[],"product_brand":[],"product_cat":[7963,7493],"product_tag":[4943,4819,259],"class_list":{"0":"post-3489","1":"product","2":"type-product","3":"status-publish","4":"has-post-thumbnail","6":"product_cat-anatomia","7":"product_cat-medycyna","8":"product_tag-anatomia-czlowieka","9":"product_tag-fizjologia-czlowieka","10":"product_tag-podreczniki-akademickie","12":"first","13":"instock","14":"sale","15":"shipping-taxable","16":"purchasable","17":"product-type-simple"},"_links":{"self":[{"href":"https:\/\/ksiegarnia-akademicka.pl\/index.php\/wp-json\/wp\/v2\/product\/3489","targetHints":{"allow":["GET"]}}],"collection":[{"href":"https:\/\/ksiegarnia-akademicka.pl\/index.php\/wp-json\/wp\/v2\/product"}],"about":[{"href":"https:\/\/ksiegarnia-akademicka.pl\/index.php\/wp-json\/wp\/v2\/types\/product"}],"wp:featuredmedia":[{"embeddable":true,"href":"https:\/\/ksiegarnia-akademicka.pl\/index.php\/wp-json\/wp\/v2\/media\/13310"}],"wp:attachment":[{"href":"https:\/\/ksiegarnia-akademicka.pl\/index.php\/wp-json\/wp\/v2\/media?parent=3489"}],"wp:term":[{"taxonomy":"product_brand","embeddable":true,"href":"https:\/\/ksiegarnia-akademicka.pl\/index.php\/wp-json\/wp\/v2\/product_brand?post=3489"},{"taxonomy":"product_cat","embeddable":true,"href":"https:\/\/ksiegarnia-akademicka.pl\/index.php\/wp-json\/wp\/v2\/product_cat?post=3489"},{"taxonomy":"product_tag","embeddable":true,"href":"https:\/\/ksiegarnia-akademicka.pl\/index.php\/wp-json\/wp\/v2\/product_tag?post=3489"}],"curies":[{"name":"wp","href":"https:\/\/api.w.org\/{rel}","templated":true}]}}