{"id":330,"date":"2018-05-22T12:41:14","date_gmt":"2018-05-22T10:41:14","guid":{"rendered":"http:\/\/ksiegarnia-akademicka.pl\/index.php\/product\/europejskie-prawo-pracy\/"},"modified":"2022-12-03T09:23:36","modified_gmt":"2022-12-03T08:23:36","slug":"europejskie-prawo-pracy","status":"publish","type":"product","link":"https:\/\/ksiegarnia-akademicka.pl\/index.php\/product\/europejskie-prawo-pracy\/","title":{"rendered":"Angielski w t\u0142umaczeniach Prawniczy"},"content":{"rendered":"<p>Autor:<br \/>\nAndrzej D\u0105browski<br \/>\nRoman G\u0105szczyk<br \/>\nWydawca: Preston Publishing<br \/>\nOprawa: Mi\u0119kka ze skrzyde\u0142kami<br \/>\nFormat: 17.5&#215;24.0cm<br \/>\nLiczba stron: 240<br \/>\nWydanie: 2<br \/>\nRok wydania: 2022<br \/>\nJ\u0119zyk wydania: polski, angielski<\/p>\n<p>Jak opanowa\u0107 najwa\u017cniejsze s\u0142ownictwo z dziedziny prawa? Jak skutecznie porozumie\u0107 si\u0119 z zagranicznymi kancelariami i kolegami po fachu? Jak radzi\u0107 sobie z nie do ko\u0144ca przet\u0142umaczalnymi terminami? Odpowiedzi na te i inne pytania znajdziesz w\u0142a\u015bnie w tej ksi\u0105\u017cce.<\/p>\n<p>B\u0119dzie ona dla Ciebie doskona\u0142ym treningiem w zakresie s\u0142ownictwa specjalistycznego i typowych dla j\u0119zyka prawnego i prawniczego konstrukcji. Liczne wskaz\u00f3wki i ciekawostki pomog\u0105 Ci natomiast wzbogaci\u0107 wiedz\u0119 na temat terminologii, kt\u00f3r\u0105 pos\u0142uguj\u0105 si\u0119 prawnicy komunikuj\u0105cy si\u0119 w j\u0119zyku angielskim.<\/p>\n<p>Dzi\u0119ki naszej ksi\u0105\u017cce:<\/p>\n<p>poznasz setki przydatnych s\u0142\u00f3wek i wyra\u017ce\u0144 z r\u00f3\u017cnych dziedzin prawa,<br \/>\ndowiesz si\u0119, jakich sformu\u0142owa\u0144 u\u017cywa\u0107, \u017ceby zosta\u0107 zrozumianym,<br \/>\nprze\u0107wiczysz poznane zwroty, rozwi\u0105zuj\u0105c praktyczne zadania powt\u00f3rkowe,<\/p>\n","protected":false},"excerpt":{"rendered":"<p>Autor: Andrzej D\u0105browski Roman G\u0105szczyk Wydawca: Preston Publishing Oprawa: Mi\u0119kka [&hellip;]<\/p>\n","protected":false},"featured_media":15920,"template":"","meta":[],"product_brand":[],"product_cat":[37,7497,18],"product_tag":[8177,336],"class_list":{"0":"post-330","1":"product","2":"type-product","3":"status-publish","4":"has-post-thumbnail","6":"product_cat-jezyki-obce","7":"product_cat-ogolne-zagadnienia-prawa","8":"product_cat-prawo","9":"product_tag-angielski-prawniczy","10":"product_tag-jezyk-angielski","12":"first","13":"instock","14":"sale","15":"shipping-taxable","16":"purchasable","17":"product-type-simple"},"_links":{"self":[{"href":"https:\/\/ksiegarnia-akademicka.pl\/index.php\/wp-json\/wp\/v2\/product\/330","targetHints":{"allow":["GET"]}}],"collection":[{"href":"https:\/\/ksiegarnia-akademicka.pl\/index.php\/wp-json\/wp\/v2\/product"}],"about":[{"href":"https:\/\/ksiegarnia-akademicka.pl\/index.php\/wp-json\/wp\/v2\/types\/product"}],"wp:featuredmedia":[{"embeddable":true,"href":"https:\/\/ksiegarnia-akademicka.pl\/index.php\/wp-json\/wp\/v2\/media\/15920"}],"wp:attachment":[{"href":"https:\/\/ksiegarnia-akademicka.pl\/index.php\/wp-json\/wp\/v2\/media?parent=330"}],"wp:term":[{"taxonomy":"product_brand","embeddable":true,"href":"https:\/\/ksiegarnia-akademicka.pl\/index.php\/wp-json\/wp\/v2\/product_brand?post=330"},{"taxonomy":"product_cat","embeddable":true,"href":"https:\/\/ksiegarnia-akademicka.pl\/index.php\/wp-json\/wp\/v2\/product_cat?post=330"},{"taxonomy":"product_tag","embeddable":true,"href":"https:\/\/ksiegarnia-akademicka.pl\/index.php\/wp-json\/wp\/v2\/product_tag?post=330"}],"curies":[{"name":"wp","href":"https:\/\/api.w.org\/{rel}","templated":true}]}}