{"id":2869,"date":"2018-05-22T12:46:46","date_gmt":"2018-05-22T10:46:46","guid":{"rendered":"http:\/\/ksiegarnia-akademicka.pl\/index.php\/product\/wprowadzenie-do-psychologii-3\/"},"modified":"2021-03-26T10:58:43","modified_gmt":"2021-03-26T09:58:43","slug":"wprowadzenie-do-psychologii-3","status":"publish","type":"product","link":"https:\/\/ksiegarnia-akademicka.pl\/index.php\/product\/wprowadzenie-do-psychologii-3\/","title":{"rendered":"Wprowadzenie do psychologii"},"content":{"rendered":"<p>Nale\u017cy do serii:<br \/>\nKR\u00d3TKIE WYK\u0141ADY<br \/>\nAutor:<br \/>\nAnn Birch, Alison Wadeley, Tony Malim<br \/>\nT\u0142umacze: Bobryk Jerzy, Suchecki Jacek<br \/>\nWydawca: Wydawnictwo Naukowe PWN<br \/>\nOprawa: Mi\u0119kka<br \/>\nFormat: 14.0&#215;20.0cm<br \/>\nLiczba stron: 254<br \/>\nWydanie: 7<br \/>\nRok wydania: 2021<br \/>\nJ\u0119zyk wydania: polski<\/p>\n<p>Je\u017celi nie jeste\u015b psychologiem, a interesujesz si\u0119 psychologi\u0105, zw\u0142aszcza za\u015b, je\u015bli zaczynasz studiowa\u0107 t\u0119 dziedzin\u0119 nauki, przeczytaj niniejsz\u0105 ksi\u0105\u017ck\u0119. Zapozna Ci\u0119 ona og\u00f3lnie z ca\u0142o\u015bci\u0105 tej dziedziny wiedzy, przedstawi Ci wszystkie najwa\u017cniejsze zagadnienia, kt\u00f3rymi zajmuje si\u0119 wsp\u00f3\u0142czesna psychologia i nauczy my\u015blenia o psychice cz\u0142owieka. U\u0142atwi Ci to nast\u0119pnie szczeg\u00f3\u0142owe zg\u0142\u0119bianie poszczeg\u00f3lnych dzia\u0142\u00f3w psychologii.<\/p>\n<p>Kolejne ju\u017c wydanie cenionego podr\u0119cznika dla student\u00f3w rozpoczynaj\u0105cych studia psychologiczne oraz dla os\u00f3b zainteresowanych psychologi\u0105.<\/p>\n<p>Ksi\u0105\u017cka:<br \/>\nzapoznaje og\u00f3lnie z ca\u0142o\u015bci\u0105 tej dziedziny wiedzy: pocz\u0105wszy od jej pocz\u0105tk\u00f3w a\u017c do wsp\u00f3\u0142czesnych kierunk\u00f3w;<br \/>\nprzedstawia najwa\u017cniejsze i sporne zagadnienia, kt\u00f3rymi zajmuje si\u0119 wsp\u00f3\u0142czesna psychologia (redukcjonizm, wolna wola i determinizm, dziedziczno\u015b\u0107 czy \u015brodowisko), problemy etyczne w badaniach psychologicznych oraz kontrowersyjne zastosowania bada\u0144 psychologicznych w reklamie, propagandzie i w sztukach wojennych;<br \/>\nuczy my\u015blenia o psychice cz\u0142owieka poprzez patrzenie na jego problemy z r\u00f3\u017cnorakich perspektyw.<\/p>\n<p>Autorzy, troje brytyjskich psycholog\u00f3w, wykorzystali przy pisaniu tego podr\u0119cznika swoje wieloletnie do\u015bwiadczenie w nauczaniu psychologii.<\/p>\n","protected":false},"excerpt":{"rendered":"<p>Nale\u017cy do serii: KR\u00d3TKIE WYK\u0141ADY Autor: Ann Birch, Alison Wadeley, [&hellip;]<\/p>\n","protected":false},"featured_media":14148,"template":"","meta":[],"product_brand":[],"product_cat":[27,7509],"product_tag":[259,1186,5190],"class_list":{"0":"post-2869","1":"product","2":"type-product","3":"status-publish","4":"has-post-thumbnail","6":"product_cat-nauki-spoleczne","7":"product_cat-psychologia","8":"product_tag-podreczniki-akademickie","9":"product_tag-psychologia","10":"product_tag-wprowadzenie-do-psychologii","12":"first","13":"instock","14":"sale","15":"shipping-taxable","16":"purchasable","17":"product-type-simple"},"_links":{"self":[{"href":"https:\/\/ksiegarnia-akademicka.pl\/index.php\/wp-json\/wp\/v2\/product\/2869","targetHints":{"allow":["GET"]}}],"collection":[{"href":"https:\/\/ksiegarnia-akademicka.pl\/index.php\/wp-json\/wp\/v2\/product"}],"about":[{"href":"https:\/\/ksiegarnia-akademicka.pl\/index.php\/wp-json\/wp\/v2\/types\/product"}],"wp:featuredmedia":[{"embeddable":true,"href":"https:\/\/ksiegarnia-akademicka.pl\/index.php\/wp-json\/wp\/v2\/media\/14148"}],"wp:attachment":[{"href":"https:\/\/ksiegarnia-akademicka.pl\/index.php\/wp-json\/wp\/v2\/media?parent=2869"}],"wp:term":[{"taxonomy":"product_brand","embeddable":true,"href":"https:\/\/ksiegarnia-akademicka.pl\/index.php\/wp-json\/wp\/v2\/product_brand?post=2869"},{"taxonomy":"product_cat","embeddable":true,"href":"https:\/\/ksiegarnia-akademicka.pl\/index.php\/wp-json\/wp\/v2\/product_cat?post=2869"},{"taxonomy":"product_tag","embeddable":true,"href":"https:\/\/ksiegarnia-akademicka.pl\/index.php\/wp-json\/wp\/v2\/product_tag?post=2869"}],"curies":[{"name":"wp","href":"https:\/\/api.w.org\/{rel}","templated":true}]}}