{"id":2846,"date":"2018-05-22T12:46:43","date_gmt":"2018-05-22T10:46:43","guid":{"rendered":"http:\/\/ksiegarnia-akademicka.pl\/index.php\/product\/podatek-dochodowy-od-osob-fizycznych\/"},"modified":"2025-01-25T12:11:47","modified_gmt":"2025-01-25T11:11:47","slug":"podatek-dochodowy-od-osob-fizycznych","status":"publish","type":"product","link":"https:\/\/ksiegarnia-akademicka.pl\/index.php\/product\/podatek-dochodowy-od-osob-fizycznych\/","title":{"rendered":"Podatek dochodowy od os\u00f3b fizycznych"},"content":{"rendered":"<p>Nale\u017cy do serii:<br \/>\nTWOJE PRAWO<br \/>\nRedakcja: \u017belazowska Wioletta<br \/>\nWydawca: C.H. Beck<br \/>\nOprawa: Mi\u0119kka<br \/>\nFormat: 12.0&#215;17.5cm<br \/>\nLiczba stron: 412<br \/>\nWydanie: 23<br \/>\nRok wydania: 2025<br \/>\nJ\u0119zyk wydania: polski<\/p>\n<p><strong>Stan prawny: 3 stycznia 2025 r.<\/strong><\/p>\n<p>Ksi\u0105\u017cka uwzgl\u0119dnia zmiany wchodz\u0105ce w \u017cycie:<\/p>\n<ul>\n<li><strong>Nowy tekst jednolity z dnia 9 lutego 2024 r.<\/strong>\u00a0(Dz.U. z 2024 r. poz. 226)<\/li>\n<li><strong>22.2.2024 r.<\/strong>\u00a0\u2013 Ustawa o zmianie ustawy o pomocy obywatelom Ukrainy w zwi\u0105zku z konfliktem zbrojnym na terytorium tego pa\u0144stwa, ustawy o podatku dochodowym od os\u00f3b fizycznych oraz ustawy o podatku dochodowym od os\u00f3b prawnych z dnia 9 lutego 2024 r. (Dz.U. z 2024 r. poz. 232),<\/li>\n<li><strong>13.6.2024 r.<\/strong>\u00a0\u2013 Ustawa o bonie energetycznym oraz o zmianie niekt\u00f3rych ustaw w celu ograniczenia cen energii elektrycznej, gazu ziemnego i ciep\u0142a systemowego z dnia 23 maja 2024 r. (Dz.U. z 2024 r. poz. 859),<\/li>\n<li><strong>1.7.2024 r.<\/strong>\u00a0\u2013 Ustawa o zmianie ustawy o pomocy obywatelom Ukrainy w zwi\u0105zku z konfliktem zbrojnym na terytorium tego pa\u0144stwa oraz niekt\u00f3rych innych ustaw z dnia 15 maja 2024 r. (Dz.U. z 2024 r. poz. 854),<\/li>\n<li><strong>1.10.2024 r.<\/strong>\u00a0\u2013 Ustawa o wspieraniu rodzic\u00f3w w aktywno\u015bci zawodowej oraz w wychowaniu dziecka \u2013 \u201eAktywny rodzic&#8221; z dnia 15 maja 2024 r. (Dz.U. z 2024 r. poz. 858),<\/li>\n<li><strong>30.10.2024 r.<\/strong>\u00a0\u2013 Ustawa o zmianie ustawy o podatku dochodowym od os\u00f3b fizycznych oraz niekt\u00f3rych innych ustaw z dnia 27 wrze\u015bnia 2024 r. (Dz.U. z 2024 r. poz. 1593),<\/li>\n<li><strong>1.11.2024 r.<\/strong>\u00a0\u2013 Ustawa o zmianie ustawy o systemie ubezpiecze\u0144 spo\u0142ecznych oraz niekt\u00f3rych innych ustaw z dnia 9 maja 2024 r. (Dz.U. z 2024 r. poz. 863),<\/li>\n<li><strong>9.11.2024 r.<\/strong>\u00a0\u2013 Ustawa o zmianie niekt\u00f3rych ustaw zwi\u0105zanych z udzielaniem pomocy de minimis z dnia 18 pa\u017adziernika 2024 r. (Dz.U. z 2024 r. poz. 1635),<\/li>\n<li><strong>12.11.2024 r.<\/strong>\u00a0\u2013 Ustawa o zmianie niekt\u00f3rych ustaw w celu wsparcia przedsi\u0119biorc\u00f3w zatrudniaj\u0105cych \u017co\u0142nierzy Obrony Terytorialnej lub \u017co\u0142nierzy Aktywnej Rezerwy z dnia 1 pa\u017adziernika 2024 r. (Dz.U. z 2024 r. poz. 1585),<\/li>\n<li><strong>1.1.2025 r.<\/strong>\u00a0\u2013 Ustawa o dochodach jednostek samorz\u0105du terytorialnego z dnia 1 pa\u017adziernika 2024 r. (Dz.U. z 2024 r. poz. 1572),<\/li>\n<li><strong>1.1.2025 r.<\/strong>\u00a0\u2013 Ustawa o zmianie ustawy o podatku dochodowym od os\u00f3b fizycznych oraz niekt\u00f3rych innych ustaw z dnia 27 wrze\u015bnia 2024 r. (Dz.U. z 2024 r. poz. 1593),<\/li>\n<li><strong>1.1.2025 r.<\/strong>\u00a0\u2013 Ustawa o zmianie ustawy o rencie socjalnej oraz niekt\u00f3rych innych ustaw z dnia 27 wrze\u015bnia 2024 r. (Dz.U. z 2024 r. poz. 1615),<\/li>\n<li><strong>1.1.2026 r.<\/strong>\u00a0\u2013 Ustawa o zmianie ustawy o podatku dochodowym od os\u00f3b fizycznych, ustawy o podatku dochodowym od os\u00f3b prawnych oraz niekt\u00f3rych innych ustaw z dnia 29 pa\u017adziernika 2021 r. (Dz.U. z 2021 r. poz. 2105),<\/li>\n<li><strong>1.1.2026 r.<\/strong>\u00a0\u2013 Ustawa o zmianie ustawy o elektromobilno\u015bci i paliwach alternatywnych oraz niekt\u00f3rych innych ustaw z dnia 2 grudnia 2021 r. (Dz.U. z 2021 r. poz. 2269).<\/li>\n<\/ul>\n<p>Ksi\u0105\u017cka zawiera:<\/p>\n<ul>\n<li>Tekst ustawy Podatek dochodowy od os\u00f3b fizycznych,<\/li>\n<li>Indeks rzeczowy.<\/li>\n<\/ul>\n<hr class=\"dotted\" \/>\n<p>Seria &#8222;Twoje Prawo&#8221; zawiera:<\/p>\n<ul>\n<li>Boldowanie najnowszych zmian<\/li>\n<li>Przypisy od Redakcji<\/li>\n<li>Czytelne has\u0142a i teksty<\/li>\n<li>Indeks rzeczowy<\/li>\n<\/ul>\n","protected":false},"excerpt":{"rendered":"<p>Nale\u017cy do serii: TWOJE PRAWO Redakcja: \u017belazowska Wioletta Wydawca: C.H. [&hellip;]<\/p>\n","protected":false},"featured_media":19944,"template":"","meta":[],"product_brand":[],"product_cat":[7530,22],"product_tag":[5931,1547,2240],"class_list":{"0":"post-2846","1":"product","2":"type-product","3":"status-publish","4":"has-post-thumbnail","6":"product_cat-nowosci","7":"product_cat-podatki-i-prawo-podatkowe","8":"product_tag-podatek-dochodowy-od-osob-fizycznych","9":"product_tag-podatki-i-prawo-podatkowe","10":"product_tag-seria-twoje-prawo","12":"first","13":"instock","14":"sale","15":"shipping-taxable","16":"purchasable","17":"product-type-simple"},"_links":{"self":[{"href":"https:\/\/ksiegarnia-akademicka.pl\/index.php\/wp-json\/wp\/v2\/product\/2846","targetHints":{"allow":["GET"]}}],"collection":[{"href":"https:\/\/ksiegarnia-akademicka.pl\/index.php\/wp-json\/wp\/v2\/product"}],"about":[{"href":"https:\/\/ksiegarnia-akademicka.pl\/index.php\/wp-json\/wp\/v2\/types\/product"}],"wp:featuredmedia":[{"embeddable":true,"href":"https:\/\/ksiegarnia-akademicka.pl\/index.php\/wp-json\/wp\/v2\/media\/19944"}],"wp:attachment":[{"href":"https:\/\/ksiegarnia-akademicka.pl\/index.php\/wp-json\/wp\/v2\/media?parent=2846"}],"wp:term":[{"taxonomy":"product_brand","embeddable":true,"href":"https:\/\/ksiegarnia-akademicka.pl\/index.php\/wp-json\/wp\/v2\/product_brand?post=2846"},{"taxonomy":"product_cat","embeddable":true,"href":"https:\/\/ksiegarnia-akademicka.pl\/index.php\/wp-json\/wp\/v2\/product_cat?post=2846"},{"taxonomy":"product_tag","embeddable":true,"href":"https:\/\/ksiegarnia-akademicka.pl\/index.php\/wp-json\/wp\/v2\/product_tag?post=2846"}],"curies":[{"name":"wp","href":"https:\/\/api.w.org\/{rel}","templated":true}]}}