{"id":2719,"date":"2018-05-22T12:46:26","date_gmt":"2018-05-22T10:46:26","guid":{"rendered":"http:\/\/ksiegarnia-akademicka.pl\/index.php\/product\/wybrane-problemy-oceny-jakosci-zywnosci\/"},"modified":"2019-01-02T11:20:42","modified_gmt":"2019-01-02T10:20:42","slug":"wybrane-problemy-oceny-jakosci-zywnosci","status":"publish","type":"product","link":"https:\/\/ksiegarnia-akademicka.pl\/index.php\/product\/wybrane-problemy-oceny-jakosci-zywnosci\/","title":{"rendered":"Wybrane problemy oceny jako\u015bci \u017cywno\u015bci"},"content":{"rendered":"<p>Jerzy \u017buchowski (red.), Ryszard Zieli\u0144ski (red.)<br \/>\nWydawnictwo UTH<br \/>\nRadom 2010<\/p>\n","protected":false},"excerpt":{"rendered":"<p>Jerzy \u017buchowski (red.), Ryszard Zieli\u0144ski (red.) Wydawnictwo UTH Radom 2010<\/p>\n","protected":false},"featured_media":9647,"template":"","meta":[],"product_brand":[],"product_cat":[30,7512],"product_tag":[5091,5099],"class_list":{"0":"post-2719","1":"product","2":"type-product","3":"status-publish","4":"has-post-thumbnail","6":"product_cat-zarzadzanie","7":"product_cat-zarzadzanie-jakoscia","8":"product_tag-materialy-konferencyjne","9":"product_tag-towaroznawstwo-w-nauce-i-praktyce","11":"first","12":"instock","13":"sale","14":"shipping-taxable","15":"purchasable","16":"product-type-simple"},"_links":{"self":[{"href":"https:\/\/ksiegarnia-akademicka.pl\/index.php\/wp-json\/wp\/v2\/product\/2719","targetHints":{"allow":["GET"]}}],"collection":[{"href":"https:\/\/ksiegarnia-akademicka.pl\/index.php\/wp-json\/wp\/v2\/product"}],"about":[{"href":"https:\/\/ksiegarnia-akademicka.pl\/index.php\/wp-json\/wp\/v2\/types\/product"}],"wp:featuredmedia":[{"embeddable":true,"href":"https:\/\/ksiegarnia-akademicka.pl\/index.php\/wp-json\/wp\/v2\/media\/9647"}],"wp:attachment":[{"href":"https:\/\/ksiegarnia-akademicka.pl\/index.php\/wp-json\/wp\/v2\/media?parent=2719"}],"wp:term":[{"taxonomy":"product_brand","embeddable":true,"href":"https:\/\/ksiegarnia-akademicka.pl\/index.php\/wp-json\/wp\/v2\/product_brand?post=2719"},{"taxonomy":"product_cat","embeddable":true,"href":"https:\/\/ksiegarnia-akademicka.pl\/index.php\/wp-json\/wp\/v2\/product_cat?post=2719"},{"taxonomy":"product_tag","embeddable":true,"href":"https:\/\/ksiegarnia-akademicka.pl\/index.php\/wp-json\/wp\/v2\/product_tag?post=2719"}],"curies":[{"name":"wp","href":"https:\/\/api.w.org\/{rel}","templated":true}]}}