{"id":2526,"date":"2018-05-22T12:45:59","date_gmt":"2018-05-22T10:45:59","guid":{"rendered":"http:\/\/ksiegarnia-akademicka.pl\/index.php\/product\/postepowanie-administracyjne-i-postepowanie-przed-sadami-administracyjnymi\/"},"modified":"2020-09-07T13:25:20","modified_gmt":"2020-09-07T11:25:20","slug":"postepowanie-administracyjne-i-postepowanie-przed-sadami-administracyjnymi","status":"publish","type":"product","link":"https:\/\/ksiegarnia-akademicka.pl\/index.php\/product\/postepowanie-administracyjne-i-postepowanie-przed-sadami-administracyjnymi\/","title":{"rendered":"Post\u0119powanie administracyjne i post\u0119powanie przed s\u0105dami administracyjnymi"},"content":{"rendered":"<p>Autor:<br \/>\nWojciech Chr\u00f3\u015bcielewski, Jan Pawe\u0142 Tarno, Jan Tarno, Pawe\u0142 Da\u0144czak<br \/>\nWydawca: Wolters Kluwer<br \/>\nSeria Akademicka<br \/>\nOprawa: Mi\u0119kka<br \/>\nFormat: 16.5&#215;24.0cm<br \/>\nLiczba stron: 717<br \/>\nWydanie: 7<br \/>\nRok wydania: 2020<br \/>\nJ\u0119zyk wydania: polski<br \/>\nISBN:\t978-83-8124-428-2<\/p>\n<p>W podr\u0119czniku autorzy wnikliwie, klarownie, u\u017cywaj\u0105c jasnych sformu\u0142owa\u0144, analizuj\u0105 kluczowe zagadnienia:<br \/>\n&#8211; og\u00f3lnego post\u0119powania administracyjnego,<br \/>\n&#8211; post\u0119powania podatkowego,<br \/>\n&#8211; administracyjnych post\u0119powa\u0144 odr\u0119bnych (dawniej zwanych uproszczonymi),<br \/>\n&#8211; post\u0119powania egzekucyjnego w administracji oraz<br \/>\n&#8211; post\u0119powania s\u0105dowoadministracyjnego.<br \/>\nIstotnym elementem wywodu jest ukazanie obowi\u0105zk\u00f3w organ\u00f3w administracji publicznej w toku poszczeg\u00f3lnych post\u0119powa\u0144, z uwzgl\u0119dnieniem standard\u00f3w wynikaj\u0105cych z prawa europejskiego. Prezentowane zagadnienia zosta\u0142y szeroko zilustrowane orzecznictwem Naczelnego S\u0105du Administracyjnego oraz wojew\u00f3dzkich s\u0105d\u00f3w administracyjnych.<br \/>\nKolejne wydanie podr\u0119cznika uwzgl\u0119dnia zmiany w instytucjach post\u0119powania administracyjnego oraz post\u0119powania przed s\u0105dami administracyjnymi wprowadzone ustaw\u0105 z 7.04.2017 r. o zmianie ustawy &#8211; Kodeks post\u0119powania administracyjnego oraz niekt\u00f3rych innych ustaw, moc\u0105 kt\u00f3rej do og\u00f3lnego post\u0119powania administracyjnego wprowadzono instytucje: mediacji, milcz\u0105cego za\u0142atwienia sprawy, zrzeczenia si\u0119 prawa do odwo\u0142ania, sprzeciwu od decyzji kasacyjnej organu odwo\u0142awczego, post\u0119powania uproszczonego czy europejskiej wsp\u00f3\u0142pracy administracyjnej.<br \/>\nPodr\u0119cznik jest przeznaczony dla student\u00f3w studi\u00f3w prawniczych i administracyjnych wszelkich typ\u00f3w szk\u00f3\u0142 wy\u017cszych, a tak\u017ce pracownik\u00f3w administracji publicznej. B\u0119dzie u\u017cyteczny tak\u017ce dla aplikant\u00f3w, praktyk\u00f3w &#8211; zw\u0142aszcza s\u0119dzi\u00f3w, adwokat\u00f3w, radc\u00f3w prawnych, oraz wszystkich innych os\u00f3b, dla kt\u00f3rych wiedza z zakresu post\u0119powa\u0144 administracyjnych oraz post\u0119powania przed s\u0105dami administracyjnymi mo\u017ce by\u0107 przydatna w toku wykonywanej pracy zawodowej.<\/p>\n","protected":false},"excerpt":{"rendered":"<p>Autor: Wojciech Chr\u00f3\u015bcielewski, Jan Pawe\u0142 Tarno, Jan Tarno, Pawe\u0142 Da\u0144czak [&hellip;]<\/p>\n","protected":false},"featured_media":13213,"template":"","meta":[],"product_brand":[],"product_cat":[7492,18],"product_tag":[564,2867,485,330],"class_list":{"0":"post-2526","1":"product","2":"type-product","3":"status-publish","4":"has-post-thumbnail","6":"product_cat-administracyjne","7":"product_cat-prawo","8":"product_tag-postepowanie-administracyjne","9":"product_tag-postepowanie-przed-sadami-administracyjnymi","10":"product_tag-prawo-administracyjne","11":"product_tag-seria-akademicka","13":"first","14":"instock","15":"sale","16":"shipping-taxable","17":"purchasable","18":"product-type-simple"},"_links":{"self":[{"href":"https:\/\/ksiegarnia-akademicka.pl\/index.php\/wp-json\/wp\/v2\/product\/2526","targetHints":{"allow":["GET"]}}],"collection":[{"href":"https:\/\/ksiegarnia-akademicka.pl\/index.php\/wp-json\/wp\/v2\/product"}],"about":[{"href":"https:\/\/ksiegarnia-akademicka.pl\/index.php\/wp-json\/wp\/v2\/types\/product"}],"wp:featuredmedia":[{"embeddable":true,"href":"https:\/\/ksiegarnia-akademicka.pl\/index.php\/wp-json\/wp\/v2\/media\/13213"}],"wp:attachment":[{"href":"https:\/\/ksiegarnia-akademicka.pl\/index.php\/wp-json\/wp\/v2\/media?parent=2526"}],"wp:term":[{"taxonomy":"product_brand","embeddable":true,"href":"https:\/\/ksiegarnia-akademicka.pl\/index.php\/wp-json\/wp\/v2\/product_brand?post=2526"},{"taxonomy":"product_cat","embeddable":true,"href":"https:\/\/ksiegarnia-akademicka.pl\/index.php\/wp-json\/wp\/v2\/product_cat?post=2526"},{"taxonomy":"product_tag","embeddable":true,"href":"https:\/\/ksiegarnia-akademicka.pl\/index.php\/wp-json\/wp\/v2\/product_tag?post=2526"}],"curies":[{"name":"wp","href":"https:\/\/api.w.org\/{rel}","templated":true}]}}

Postępowanie administracyjne i postępowanie przed sądami administracyjnymi

<p>Autor:<br />
Wojciech Chróścielewski, Jan Paweł Tarno, Jan Tarno, Paweł Dańczak<br />
Wydawca: Wolters Kluwer<br />
Seria Akademicka<br />
Oprawa: Miękka<br />
Format: 16.5&#215;24.0cm<br />
Liczba stron: 717<br />
Wydanie: 7<br />
Rok wydania: 2020<br />
Język wydania: polski<br />
ISBN:	978-83-8124-428-2</p>
<p>W podręczniku autorzy wnikliwie, klarownie, używając jasnych sformułowań, analizują kluczowe zagadnienia:<br />
&#8211; ogólnego postępowania administracyjnego,<br />
&#8211; postępowania podatkowego,<br />
&#8211; administracyjnych postępowań odrębnych (dawniej zwanych uproszczonymi),<br />
&#8211; postępowania egzekucyjnego w administracji oraz<br />
&#8211; postępowania sądowoadministracyjnego.<br />
Istotnym elementem wywodu jest ukazanie obowiązków organów administracji publicznej w toku poszczególnych postępowań, z uwzględnieniem standardów wynikających z prawa europejskiego. Prezentowane zagadnienia zostały szeroko zilustrowane orzecznictwem Naczelnego Sądu Administracyjnego oraz wojewódzkich sądów administracyjnych.<br />
Kolejne wydanie podręcznika uwzględnia zmiany w instytucjach postępowania administracyjnego oraz postępowania przed sądami administracyjnymi wprowadzone ustawą z 7.04.2017 r. o zmianie ustawy &#8211; Kodeks postępowania administracyjnego oraz niektórych innych ustaw, mocą której do ogólnego postępowania administracyjnego wprowadzono instytucje: mediacji, milczącego załatwienia sprawy, zrzeczenia się prawa do odwołania, sprzeciwu od decyzji kasacyjnej organu odwoławczego, postępowania uproszczonego czy europejskiej współpracy administracyjnej.<br />
Podręcznik jest przeznaczony dla studentów studiów prawniczych i administracyjnych wszelkich typów szkół wyższych, a także pracowników administracji publicznej. Będzie użyteczny także dla aplikantów, praktyków &#8211; zwłaszcza sędziów, adwokatów, radców prawnych, oraz wszystkich innych osób, dla których wiedza z zakresu postępowań administracyjnych oraz postępowania przed sądami administracyjnymi może być przydatna w toku wykonywanej pracy zawodowej.</p>

<p>Autor: Wojciech Chróścielewski, Jan Paweł Tarno, Jan Tarno, Paweł Dańczak [&hellip;]</p>
